{"id":19419,"date":"2023-06-14T19:37:00","date_gmt":"2023-06-14T19:37:00","guid":{"rendered":"https:\/\/muzeumwspolczesne.pl\/?post_type=edukacja&#038;p=19419"},"modified":"2024-01-09T06:33:10","modified_gmt":"2024-01-09T06:33:10","slug":"symbole-w-przestrzeni-barwy-dotkliwosc-zolcieni","status":"publish","type":"edukacja","link":"https:\/\/muzeumwspolczesne.pl\/en\/zapowiedzi\/symbole-w-przestrzeni-barwy-dotkliwosc-zolcieni\/","title":{"rendered":"SYMBOLE W PRZESTRZENI BARWY. DOTKLIWO\u015a\u0106 \u017b\u00d3\u0141CIENI"},"content":{"rendered":"\t\t<div data-elementor-type=\"wp-post\" data-elementor-id=\"19419\" class=\"elementor elementor-19419\" data-elementor-post-type=\"edukacja\">\n\t\t\t\t\t\t<section class=\"elementor-section elementor-top-section elementor-element elementor-element-5f0fc296 elementor-section-full_width elementor-section-stretched elementor-section-height-default elementor-section-height-default\" data-id=\"5f0fc296\" data-element_type=\"section\" data-settings=\"{&quot;stretch_section&quot;:&quot;section-stretched&quot;}\">\n\t\t\t\t\t\t<div class=\"elementor-container elementor-column-gap-wide\">\n\t\t\t\t\t<div class=\"elementor-column elementor-col-33 elementor-top-column elementor-element elementor-element-6419e6c\" data-id=\"6419e6c\" data-element_type=\"column\">\n\t\t\t<div class=\"elementor-widget-wrap\">\n\t\t\t\t\t\t\t<\/div>\n\t\t<\/div>\n\t\t\t\t<div class=\"elementor-column elementor-col-66 elementor-top-column elementor-element elementor-element-31166937\" data-id=\"31166937\" data-element_type=\"column\">\n\t\t\t<div class=\"elementor-widget-wrap elementor-element-populated\">\n\t\t\t\t\t\t<div class=\"elementor-element elementor-element-2d0d85c9 elementor-widget elementor-widget-text-editor\" data-id=\"2d0d85c9\" data-element_type=\"widget\" data-widget_type=\"text-editor.default\">\n\t\t\t\t<div class=\"elementor-widget-container\">\n\t\t\t\t\t\t\t\t\t<p>Mi\u0119kkie, twarde, szorstkie, g\u0142adkie\u2026 Okre\u015blone wra\u017cenia dotykowe mog\u0105 budowa\u0107 narracj\u0119 kolorystyczn\u0105 przedmiot\u00f3w. Czy rozpoznamy barw\u0119 wy\u0142\u0105cznie za pomoc\u0105 ich w\u0142a\u015bciwo\u015bci haptycznych? Na spotkanie artystyczne zapraszamy wszystkich: osoby z niepe\u0142nosprawno\u015bci\u0105 wzroku i osoby widz\u0105ce. Ci ostatni otrzymaj\u0105 przepaski na oczy, kt\u00f3re pozwol\u0105 skupi\u0107 si\u0119 na zmy\u015ble dotyku i wyobra\u017ceniach koloru \u017c\u00f3\u0142tego, a nie jego widzialnym nasyceniu.<\/p><p>Opr\u00f3cz analizowania r\u00f3\u017cnych przedmiot\u00f3w i ich faktur porozmawiamy o marketingowych zabiegach, kt\u00f3re maj\u0105 na celu sprzeda\u0107 kolor. Z szerokiej palety RAL wybierzemy najbardziej \u201eapetyczne\u201d \u017c\u00f3\u0142cienie, a nast\u0119pnie \u0142\u0105cz\u0105c je z form\u0105, stworzymy abstrakcyjne rze\u017aby.<\/p>\t\t\t\t\t\t\t\t<\/div>\n\t\t\t\t<\/div>\n\t\t\t\t<div class=\"elementor-element elementor-element-64dccee2 elementor-widget elementor-widget-gallery\" data-id=\"64dccee2\" data-element_type=\"widget\" data-settings=\"{&quot;gallery_layout&quot;:&quot;justified&quot;,&quot;ideal_row_height&quot;:{&quot;unit&quot;:&quot;px&quot;,&quot;size&quot;:284,&quot;sizes&quot;:[]},&quot;lazyload&quot;:&quot;yes&quot;,&quot;ideal_row_height_tablet&quot;:{&quot;unit&quot;:&quot;px&quot;,&quot;size&quot;:150,&quot;sizes&quot;:[]},&quot;ideal_row_height_mobile&quot;:{&quot;unit&quot;:&quot;px&quot;,&quot;size&quot;:150,&quot;sizes&quot;:[]},&quot;gap&quot;:{&quot;unit&quot;:&quot;px&quot;,&quot;size&quot;:10,&quot;sizes&quot;:[]},&quot;gap_tablet&quot;:{&quot;unit&quot;:&quot;px&quot;,&quot;size&quot;:10,&quot;sizes&quot;:[]},&quot;gap_mobile&quot;:{&quot;unit&quot;:&quot;px&quot;,&quot;size&quot;:10,&quot;sizes&quot;:[]},&quot;link_to&quot;:&quot;file&quot;,&quot;overlay_background&quot;:&quot;yes&quot;,&quot;content_hover_animation&quot;:&quot;fade-in&quot;}\" data-widget_type=\"gallery.default\">\n\t\t\t\t<div class=\"elementor-widget-container\">\n\t\t\t\t\t\t\t<div class=\"elementor-gallery__container\">\n\t\t\t\t\t\t\t<a class=\"e-gallery-item elementor-gallery-item elementor-animated-content\" href=\"https:\/\/muzeumwspolczesne.pl\/wp-content\/uploads\/2024\/01\/image-222.jpeg\" data-elementor-open-lightbox=\"yes\" data-elementor-lightbox-slideshow=\"64dccee2\" data-elementor-lightbox-title=\"image\" data-e-action-hash=\"#elementor-action%3Aaction%3Dlightbox%26settings%3DeyJpZCI6MTk0MjIsInVybCI6Imh0dHBzOlwvXC9tdXpldW13c3BvbGN6ZXNuZS5wbFwvd3AtY29udGVudFwvdXBsb2Fkc1wvMjAyNFwvMDFcL2ltYWdlLTIyMi5qcGVnIiwic2xpZGVzaG93IjoiNjRkY2NlZTIifQ%3D%3D\">\n\t\t\t\t\t<div class=\"e-gallery-image elementor-gallery-item__image\" data-thumbnail=\"https:\/\/muzeumwspolczesne.pl\/wp-content\/uploads\/2024\/01\/image-222-768x432.jpeg\" data-width=\"768\" data-height=\"432\" aria-label=\"\" role=\"img\" ><\/div>\n\t\t\t\t\t\t\t\t\t\t\t<div class=\"elementor-gallery-item__overlay\"><\/div>\n\t\t\t\t\t\t\t\t\t\t\t\t\t\t<\/a>\n\t\t\t\t\t\t\t<a class=\"e-gallery-item elementor-gallery-item elementor-animated-content\" href=\"https:\/\/muzeumwspolczesne.pl\/wp-content\/uploads\/2024\/01\/image-223.jpeg\" data-elementor-open-lightbox=\"yes\" data-elementor-lightbox-slideshow=\"64dccee2\" data-elementor-lightbox-title=\"image\" data-e-action-hash=\"#elementor-action%3Aaction%3Dlightbox%26settings%3DeyJpZCI6MTk0MjMsInVybCI6Imh0dHBzOlwvXC9tdXpldW13c3BvbGN6ZXNuZS5wbFwvd3AtY29udGVudFwvdXBsb2Fkc1wvMjAyNFwvMDFcL2ltYWdlLTIyMy5qcGVnIiwic2xpZGVzaG93IjoiNjRkY2NlZTIifQ%3D%3D\">\n\t\t\t\t\t<div class=\"e-gallery-image elementor-gallery-item__image\" data-thumbnail=\"https:\/\/muzeumwspolczesne.pl\/wp-content\/uploads\/2024\/01\/image-223-768x432.jpeg\" data-width=\"768\" data-height=\"432\" aria-label=\"\" role=\"img\" ><\/div>\n\t\t\t\t\t\t\t\t\t\t\t<div class=\"elementor-gallery-item__overlay\"><\/div>\n\t\t\t\t\t\t\t\t\t\t\t\t\t\t<\/a>\n\t\t\t\t\t<\/div>\n\t\t\t\t\t<\/div>\n\t\t\t\t<\/div>\n\t\t\t\t<section class=\"elementor-section elementor-inner-section elementor-element elementor-element-2cf91535 elementor-section-boxed elementor-section-height-default elementor-section-height-default\" data-id=\"2cf91535\" data-element_type=\"section\" data-settings=\"{&quot;background_background&quot;:&quot;classic&quot;}\">\n\t\t\t\t\t\t<div class=\"elementor-container elementor-column-gap-default\">\n\t\t\t\t\t<div class=\"elementor-column elementor-col-100 elementor-inner-column elementor-element elementor-element-5ad30bd1\" data-id=\"5ad30bd1\" data-element_type=\"column\">\n\t\t\t<div class=\"elementor-widget-wrap elementor-element-populated\">\n\t\t\t\t\t\t<div class=\"elementor-element elementor-element-70bcb0c8 elementor-widget elementor-widget-text-editor\" data-id=\"70bcb0c8\" data-element_type=\"widget\" data-widget_type=\"text-editor.default\">\n\t\t\t\t<div class=\"elementor-widget-container\">\n\t\t\t\t\t\t\t\t\t<p>Prowadzenie:<\/p><p><strong>Dr Roland Grabkowski<\/strong> \u2013 rze\u017abiarski proces tw\u00f3rczy traktuje jako poszukiwanie wsp\u00f3lnego j\u0119zyka z materi\u0105. \u017bywy, dotykowy kontakt ze struktur\u0105 przedmiotu stanowi esencj\u0119 tego procesu. Jego dzia\u0142ania tw\u00f3rcze skupiaj\u0105 si\u0119 na tematyce syntetycznej figuracji inspirowanej wsp\u00f3\u0142czesnym, popkulturowym kanonem superbohatera. Uko\u0144czy\u0142 Akademi\u0119 Sztuk Pi\u0119knych im. Eugeniusza Gepperta we Wroc\u0142awiu, na kierunku Rze\u017aba, gdzie pracuje jako asystent w Katedrze Rze\u017aby i Dzia\u0142a\u0144 Przestrzennych.<\/p><p><strong>Agata I\u017cykowska-Uszczyk<\/strong> \u2013 absolwentka kulturoznawstwa oraz antropologii literatury, teatru i filmu na Uniwersytecie Wroc\u0142awskim. Cz\u0142onkini naukowego stowarzyszenia Collegium Invisibile. Wsp\u00f3\u0142za\u0142o\u017cycielka fundacji P\u0142ynne Muzeum, zajmuj\u0105cej si\u0119 promowaniem sztuki wsp\u00f3\u0142czesnej w\u015br\u00f3d najm\u0142odszych. Pedagog kulturalna zwi\u0105zana z muzealnictwem od 2015 roku. Obecnie edukatorka Pawilonu Czterech Kopu\u0142.<\/p>\t\t\t\t\t\t\t\t<\/div>\n\t\t\t\t<\/div>\n\t\t\t\t\t<\/div>\n\t\t<\/div>\n\t\t\t\t\t<\/div>\n\t\t<\/section>\n\t\t\t\t<div class=\"elementor-element elementor-element-e9fd0f5 elementor-widget elementor-widget-spacer\" data-id=\"e9fd0f5\" data-element_type=\"widget\" data-widget_type=\"spacer.default\">\n\t\t\t\t<div class=\"elementor-widget-container\">\n\t\t\t\t\t\t\t<div class=\"elementor-spacer\">\n\t\t\t<div class=\"elementor-spacer-inner\"><\/div>\n\t\t<\/div>\n\t\t\t\t\t\t<\/div>\n\t\t\t\t<\/div>\n\t\t\t\t<section class=\"elementor-section elementor-inner-section elementor-element elementor-element-7058e76b elementor-section-content-middle elementor-section-boxed elementor-section-height-default elementor-section-height-default\" data-id=\"7058e76b\" data-element_type=\"section\">\n\t\t\t\t\t\t<div class=\"elementor-container elementor-column-gap-default\">\n\t\t\t\t\t<div class=\"elementor-column elementor-col-33 elementor-inner-column elementor-element elementor-element-6a5bc9c2\" data-id=\"6a5bc9c2\" data-element_type=\"column\">\n\t\t\t<div class=\"elementor-widget-wrap elementor-element-populated\">\n\t\t\t\t\t\t<div class=\"elementor-element elementor-element-2faadf8d elementor-widget elementor-widget-image\" data-id=\"2faadf8d\" data-element_type=\"widget\" data-widget_type=\"image.default\">\n\t\t\t\t<div class=\"elementor-widget-container\">\n\t\t\t\t\t\t\t\t\t\t\t\t\t\t\t<img decoding=\"async\" width=\"300\" height=\"121\" src=\"https:\/\/muzeumwspolczesne.pl\/wp-content\/uploads\/2023\/12\/logo-mkidn-2022-300x121-1.jpg\" class=\"attachment-full size-full wp-image-17514\" alt=\"\" \/>\t\t\t\t\t\t\t\t\t\t\t\t\t\t\t<\/div>\n\t\t\t\t<\/div>\n\t\t\t\t\t<\/div>\n\t\t<\/div>\n\t\t\t\t<div class=\"elementor-column elementor-col-33 elementor-inner-column elementor-element elementor-element-62994fdd\" data-id=\"62994fdd\" data-element_type=\"column\">\n\t\t\t<div class=\"elementor-widget-wrap elementor-element-populated\">\n\t\t\t\t\t\t<div class=\"elementor-element elementor-element-3c0249b3 elementor-widget elementor-widget-text-editor\" data-id=\"3c0249b3\" data-element_type=\"widget\" data-widget_type=\"text-editor.default\">\n\t\t\t\t<div class=\"elementor-widget-container\">\n\t\t\t\t\t\t\t\t\t<p>Projekt\u00a0<em>Spektrum \u015bwiat\u0142a<\/em>\u00a0dofinansowano ze \u015brodk\u00f3w Ministra Kultury i Dziedzictwa Narodowego pochodz\u0105cych z Funduszu Promocji Kultury \u2013 pa\u0144stwowego funduszu celowego.<\/p>\t\t\t\t\t\t\t\t<\/div>\n\t\t\t\t<\/div>\n\t\t\t\t\t<\/div>\n\t\t<\/div>\n\t\t\t\t<div class=\"elementor-column elementor-col-33 elementor-inner-column elementor-element elementor-element-7b6677f5\" data-id=\"7b6677f5\" data-element_type=\"column\">\n\t\t\t<div class=\"elementor-widget-wrap\">\n\t\t\t\t\t\t\t<\/div>\n\t\t<\/div>\n\t\t\t\t\t<\/div>\n\t\t<\/section>\n\t\t\t\t\t<\/div>\n\t\t<\/div>\n\t\t\t\t\t<\/div>\n\t\t<\/section>\n\t\t\t\t<\/div>\n\t\t","protected":false},"excerpt":{"rendered":"<p>Mi\u0119kkie, twarde, szorstkie, g\u0142adkie\u2026 Okre\u015blone wra\u017cenia dotykowe mog\u0105 budowa\u0107 narracj\u0119 kolorystyczn\u0105 przedmiot\u00f3w. Czy rozpoznamy barw\u0119 wy\u0142\u0105cznie za pomoc\u0105 ich w\u0142a\u015bciwo\u015bci haptycznych? Na spotkanie artystyczne zapraszamy wszystkich: osoby z niepe\u0142nosprawno\u015bci\u0105 wzroku i osoby widz\u0105ce. Ci ostatni otrzymaj\u0105 przepaski na oczy, kt\u00f3re pozwol\u0105 skupi\u0107 si\u0119 na zmy\u015ble dotyku i wyobra\u017ceniach koloru \u017c\u00f3\u0142tego, a nie jego widzialnym nasyceniu. [&hellip;]<\/p>\n","protected":false},"author":6,"featured_media":19420,"parent":0,"template":"","meta":{"footnotes":""},"kategorie-edukacja":[27],"class_list":["post-19419","edukacja","type-edukacja","status-publish","has-post-thumbnail","hentry","kategorie-edukacja-bez-barier"],"_links":{"self":[{"href":"https:\/\/muzeumwspolczesne.pl\/en\/wp-json\/wp\/v2\/edukacja\/19419","targetHints":{"allow":["GET"]}}],"collection":[{"href":"https:\/\/muzeumwspolczesne.pl\/en\/wp-json\/wp\/v2\/edukacja"}],"about":[{"href":"https:\/\/muzeumwspolczesne.pl\/en\/wp-json\/wp\/v2\/types\/edukacja"}],"author":[{"embeddable":true,"href":"https:\/\/muzeumwspolczesne.pl\/en\/wp-json\/wp\/v2\/users\/6"}],"version-history":[{"count":7,"href":"https:\/\/muzeumwspolczesne.pl\/en\/wp-json\/wp\/v2\/edukacja\/19419\/revisions"}],"predecessor-version":[{"id":19429,"href":"https:\/\/muzeumwspolczesne.pl\/en\/wp-json\/wp\/v2\/edukacja\/19419\/revisions\/19429"}],"wp:featuredmedia":[{"embeddable":true,"href":"https:\/\/muzeumwspolczesne.pl\/en\/wp-json\/wp\/v2\/media\/19420"}],"wp:attachment":[{"href":"https:\/\/muzeumwspolczesne.pl\/en\/wp-json\/wp\/v2\/media?parent=19419"}],"wp:term":[{"taxonomy":"kategorie-edukacja","embeddable":true,"href":"https:\/\/muzeumwspolczesne.pl\/en\/wp-json\/wp\/v2\/kategorie-edukacja?post=19419"}],"curies":[{"name":"wp","href":"https:\/\/api.w.org\/{rel}","templated":true}]}}

SYMBOLE W PRZESTRZENI BARWY. DOTKLIWOŚĆ ŻÓŁCIENI

<div data-elementor-type="wp-post" data-elementor-id="19419" class="elementor elementor-19419" data-elementor-post-type="edukacja">
						<section class="elementor-section elementor-top-section elementor-element elementor-element-5f0fc296 elementor-section-full_width elementor-section-stretched elementor-section-height-default elementor-section-height-default" data-id="5f0fc296" data-element_type="section" data-settings="{&quot;stretch_section&quot;:&quot;section-stretched&quot;}">
						<div class="elementor-container elementor-column-gap-wide">
					<div class="elementor-column elementor-col-33 elementor-top-column elementor-element elementor-element-6419e6c" data-id="6419e6c" data-element_type="column">
			<div class="elementor-widget-wrap">
							</div>
		</div>
				<div class="elementor-column elementor-col-66 elementor-top-column elementor-element elementor-element-31166937" data-id="31166937" data-element_type="column">
			<div class="elementor-widget-wrap elementor-element-populated">
						<div class="elementor-element elementor-element-2d0d85c9 elementor-widget elementor-widget-text-editor" data-id="2d0d85c9" data-element_type="widget" data-widget_type="text-editor.default">
				<div class="elementor-widget-container">
									<p>Miękkie, twarde, szorstkie, gładkie… Określone wrażenia dotykowe mogą budować narrację kolorystyczną przedmiotów. Czy rozpoznamy barwę wyłącznie za pomocą ich właściwości haptycznych? Na spotkanie artystyczne zapraszamy wszystkich: osoby z niepełnosprawnością wzroku i osoby widzące. Ci ostatni otrzymają przepaski na oczy, które pozwolą skupić się na zmyśle dotyku i wyobrażeniach koloru żółtego, a nie jego widzialnym nasyceniu.</p><p>Oprócz analizowania różnych przedmiotów i ich faktur porozmawiamy o marketingowych zabiegach, które mają na celu sprzedać kolor. Z szerokiej palety RAL wybierzemy najbardziej „apetyczne” żółcienie, a następnie łącząc je z formą, stworzymy abstrakcyjne rzeźby.</p>								</div>
				</div>
				<div class="elementor-element elementor-element-64dccee2 elementor-widget elementor-widget-gallery" data-id="64dccee2" data-element_type="widget" data-settings="{&quot;gallery_layout&quot;:&quot;justified&quot;,&quot;ideal_row_height&quot;:{&quot;unit&quot;:&quot;px&quot;,&quot;size&quot;:284,&quot;sizes&quot;:[]},&quot;lazyload&quot;:&quot;yes&quot;,&quot;ideal_row_height_tablet&quot;:{&quot;unit&quot;:&quot;px&quot;,&quot;size&quot;:150,&quot;sizes&quot;:[]},&quot;ideal_row_height_mobile&quot;:{&quot;unit&quot;:&quot;px&quot;,&quot;size&quot;:150,&quot;sizes&quot;:[]},&quot;gap&quot;:{&quot;unit&quot;:&quot;px&quot;,&quot;size&quot;:10,&quot;sizes&quot;:[]},&quot;gap_tablet&quot;:{&quot;unit&quot;:&quot;px&quot;,&quot;size&quot;:10,&quot;sizes&quot;:[]},&quot;gap_mobile&quot;:{&quot;unit&quot;:&quot;px&quot;,&quot;size&quot;:10,&quot;sizes&quot;:[]},&quot;link_to&quot;:&quot;file&quot;,&quot;overlay_background&quot;:&quot;yes&quot;,&quot;content_hover_animation&quot;:&quot;fade-in&quot;}" data-widget_type="gallery.default">
				<div class="elementor-widget-container">
							<div class="elementor-gallery__container">
							<a class="e-gallery-item elementor-gallery-item elementor-animated-content" href="https://muzeumwspolczesne.pl/wp-content/uploads/2024/01/image-222.jpeg" data-elementor-open-lightbox="yes" data-elementor-lightbox-slideshow="64dccee2" data-elementor-lightbox-title="image" data-e-action-hash="#elementor-action%3Aaction%3Dlightbox%26settings%3DeyJpZCI6MTk0MjIsInVybCI6Imh0dHBzOlwvXC9tdXpldW13c3BvbGN6ZXNuZS5wbFwvd3AtY29udGVudFwvdXBsb2Fkc1wvMjAyNFwvMDFcL2ltYWdlLTIyMi5qcGVnIiwic2xpZGVzaG93IjoiNjRkY2NlZTIifQ%3D%3D">
					<div class="e-gallery-image elementor-gallery-item__image" data-thumbnail="https://muzeumwspolczesne.pl/wp-content/uploads/2024/01/image-222-768x432.jpeg" data-width="768" data-height="432" aria-label="" role="img" ></div>
											<div class="elementor-gallery-item__overlay"></div>
														</a>
							<a class="e-gallery-item elementor-gallery-item elementor-animated-content" href="https://muzeumwspolczesne.pl/wp-content/uploads/2024/01/image-223.jpeg" data-elementor-open-lightbox="yes" data-elementor-lightbox-slideshow="64dccee2" data-elementor-lightbox-title="image" data-e-action-hash="#elementor-action%3Aaction%3Dlightbox%26settings%3DeyJpZCI6MTk0MjMsInVybCI6Imh0dHBzOlwvXC9tdXpldW13c3BvbGN6ZXNuZS5wbFwvd3AtY29udGVudFwvdXBsb2Fkc1wvMjAyNFwvMDFcL2ltYWdlLTIyMy5qcGVnIiwic2xpZGVzaG93IjoiNjRkY2NlZTIifQ%3D%3D">
					<div class="e-gallery-image elementor-gallery-item__image" data-thumbnail="https://muzeumwspolczesne.pl/wp-content/uploads/2024/01/image-223-768x432.jpeg" data-width="768" data-height="432" aria-label="" role="img" ></div>
											<div class="elementor-gallery-item__overlay"></div>
														</a>
					</div>
					</div>
				</div>
				<section class="elementor-section elementor-inner-section elementor-element elementor-element-2cf91535 elementor-section-boxed elementor-section-height-default elementor-section-height-default" data-id="2cf91535" data-element_type="section" data-settings="{&quot;background_background&quot;:&quot;classic&quot;}">
						<div class="elementor-container elementor-column-gap-default">
					<div class="elementor-column elementor-col-100 elementor-inner-column elementor-element elementor-element-5ad30bd1" data-id="5ad30bd1" data-element_type="column">
			<div class="elementor-widget-wrap elementor-element-populated">
						<div class="elementor-element elementor-element-70bcb0c8 elementor-widget elementor-widget-text-editor" data-id="70bcb0c8" data-element_type="widget" data-widget_type="text-editor.default">
				<div class="elementor-widget-container">
									<p>Prowadzenie:</p><p><strong>Dr Roland Grabkowski</strong> – rzeźbiarski proces twórczy traktuje jako poszukiwanie wspólnego języka z materią. Żywy, dotykowy kontakt ze strukturą przedmiotu stanowi esencję tego procesu. Jego działania twórcze skupiają się na tematyce syntetycznej figuracji inspirowanej współczesnym, popkulturowym kanonem superbohatera. Ukończył Akademię Sztuk Pięknych im. Eugeniusza Gepperta we Wrocławiu, na kierunku Rzeźba, gdzie pracuje jako asystent w Katedrze Rzeźby i Działań Przestrzennych.</p><p><strong>Agata Iżykowska-Uszczyk</strong> – absolwentka kulturoznawstwa oraz antropologii literatury, teatru i filmu na Uniwersytecie Wrocławskim. Członkini naukowego stowarzyszenia Collegium Invisibile. Współzałożycielka fundacji Płynne Muzeum, zajmującej się promowaniem sztuki współczesnej wśród najmłodszych. Pedagog kulturalna związana z muzealnictwem od 2015 roku. Obecnie edukatorka Pawilonu Czterech Kopuł.</p>								</div>
				</div>
					</div>
		</div>
					</div>
		</section>
				<div class="elementor-element elementor-element-e9fd0f5 elementor-widget elementor-widget-spacer" data-id="e9fd0f5" data-element_type="widget" data-widget_type="spacer.default">
				<div class="elementor-widget-container">
							<div class="elementor-spacer">
			<div class="elementor-spacer-inner"></div>
		</div>
						</div>
				</div>
				<section class="elementor-section elementor-inner-section elementor-element elementor-element-7058e76b elementor-section-content-middle elementor-section-boxed elementor-section-height-default elementor-section-height-default" data-id="7058e76b" data-element_type="section">
						<div class="elementor-container elementor-column-gap-default">
					<div class="elementor-column elementor-col-33 elementor-inner-column elementor-element elementor-element-6a5bc9c2" data-id="6a5bc9c2" data-element_type="column">
			<div class="elementor-widget-wrap elementor-element-populated">
						<div class="elementor-element elementor-element-2faadf8d elementor-widget elementor-widget-image" data-id="2faadf8d" data-element_type="widget" data-widget_type="image.default">
				<div class="elementor-widget-container">
															<img decoding="async" width="300" height="121" src="https://muzeumwspolczesne.pl/wp-content/uploads/2023/12/logo-mkidn-2022-300x121-1.jpg" class="attachment-full size-full wp-image-17514" alt="" />															</div>
				</div>
					</div>
		</div>
				<div class="elementor-column elementor-col-33 elementor-inner-column elementor-element elementor-element-62994fdd" data-id="62994fdd" data-element_type="column">
			<div class="elementor-widget-wrap elementor-element-populated">
						<div class="elementor-element elementor-element-3c0249b3 elementor-widget elementor-widget-text-editor" data-id="3c0249b3" data-element_type="widget" data-widget_type="text-editor.default">
				<div class="elementor-widget-container">
									<p>Projekt <em>Spektrum światła</em> dofinansowano ze środków Ministra Kultury i Dziedzictwa Narodowego pochodzących z Funduszu Promocji Kultury – państwowego funduszu celowego.</p>								</div>
				</div>
					</div>
		</div>
				<div class="elementor-column elementor-col-33 elementor-inner-column elementor-element elementor-element-7b6677f5" data-id="7b6677f5" data-element_type="column">
			<div class="elementor-widget-wrap">
							</div>
		</div>
					</div>
		</section>
					</div>
		</div>
					</div>
		</section>
				</div>

<p>Miękkie, twarde, szorstkie, gładkie… Określone wrażenia dotykowe mogą budować narrację kolorystyczną przedmiotów. Czy rozpoznamy barwę wyłącznie za pomocą ich właściwości haptycznych? Na spotkanie artystyczne zapraszamy wszystkich: osoby z niepełnosprawnością wzroku i osoby widzące. Ci ostatni otrzymają przepaski na oczy, które pozwolą skupić się na zmyśle dotyku i wyobrażeniach koloru żółtego, a nie jego widzialnym nasyceniu. [&hellip;]</p>
