{"id":19495,"date":"2023-09-22T20:09:00","date_gmt":"2023-09-22T20:09:00","guid":{"rendered":"https:\/\/muzeumwspolczesne.pl\/?post_type=edukacja&#038;p=19495"},"modified":"2024-01-11T07:36:39","modified_gmt":"2024-01-11T07:36:39","slug":"muzeum-otwarte-oprowadzanie-w-pjm-4","status":"publish","type":"edukacja","link":"https:\/\/muzeumwspolczesne.pl\/en\/zapowiedzi\/muzeum-otwarte-oprowadzanie-w-pjm-4\/","title":{"rendered":"MUZEUM OTWARTE. OPROWADZANIE W PJM"},"content":{"rendered":"\t\t<div data-elementor-type=\"wp-post\" data-elementor-id=\"19495\" class=\"elementor elementor-19495\" data-elementor-post-type=\"edukacja\">\n\t\t\t\t\t\t<section class=\"elementor-section elementor-top-section elementor-element elementor-element-4f784af6 elementor-section-full_width elementor-section-stretched elementor-section-height-default elementor-section-height-default\" data-id=\"4f784af6\" data-element_type=\"section\" data-settings=\"{&quot;stretch_section&quot;:&quot;section-stretched&quot;}\">\n\t\t\t\t\t\t<div class=\"elementor-container elementor-column-gap-wide\">\n\t\t\t\t\t<div class=\"elementor-column elementor-col-33 elementor-top-column elementor-element elementor-element-c719c3e\" data-id=\"c719c3e\" data-element_type=\"column\">\n\t\t\t<div class=\"elementor-widget-wrap\">\n\t\t\t\t\t\t\t<\/div>\n\t\t<\/div>\n\t\t\t\t<div class=\"elementor-column elementor-col-66 elementor-top-column elementor-element elementor-element-6a65cc1d\" data-id=\"6a65cc1d\" data-element_type=\"column\">\n\t\t\t<div class=\"elementor-widget-wrap elementor-element-populated\">\n\t\t\t\t\t\t<div class=\"elementor-element elementor-element-11ee38aa elementor-widget elementor-widget-text-editor\" data-id=\"11ee38aa\" data-element_type=\"widget\" data-widget_type=\"text-editor.default\">\n\t\t\t\t<div class=\"elementor-widget-container\">\n\t\t\t\t\t\t\t\t\t<p>Zapraszamy do Muzeum Wsp\u00f3\u0142czesnego Wroc\u0142aw, na pl. Strzegomskim 2A, na oprowadzanie z t\u0142umaczeniem na Polski J\u0119zyk Migowy.<\/p><p>Na filmie (<a href=\"https:\/\/www.youtube.com\/watch?v=SRo0JSj-69U\">kliknij tutaj, aby przej\u015b\u0107 do filmu<\/a>) t\u0142umaczka El\u017cbieta Resler miga tekst:<\/p><p>W latach 60. Polscy arty\u015bci zacz\u0119li si\u0119 buntowa\u0107 przeciwko klasycznym formom sztuki. Nie chcieli kopiowa\u0107 tw\u00f3rczo\u015bci starych mistrz\u00f3w, ani tworzy\u0107 pod dyktando PRL-owskiej partii.<\/p><p>Zastanawiali si\u0119 nad funkcj\u0105 i form\u0105 dzie\u0142a, nad procesem tw\u00f3rczym, uznaj\u0105c wy\u017cszo\u015b\u0107 intelektualnego charakteru pracy ponad sam obiekt. Wpisali si\u0119 w mi\u0119dzynarodowy, ca\u0142kowicie nowatorski nurt sztuki konceptualnej.<\/p><p>Na tym polu wyr\u00f3\u017cnia\u0142a si\u0119 wroc\u0142awska Galeria pod Mon\u0105 Lis\u0105, kt\u00f3ra zrzesza\u0142a artyst\u00f3w i teoretyk\u00f3w dla kt\u00f3rych wa\u017cna sta\u0142a si\u0119 czysta idea, pozbawiona plastycznej dekoracyjno\u015bci.<\/p><p>\u201eW Archiwum Jerzego Ludwi\u0144skiego\u201d porozmawiamy o tym kultowym miejscu i zastanowimy si\u0119 jak konceptualizm wp\u0142yn\u0105\u0142 na wsp\u00f3\u0142czesnych tw\u00f3rc\u00f3w.<\/p><p>Na wystawie \u201ePlantifictions\u201d (t\u0142um. Ro\u015blinne fikcje), zobaczymy instalacj\u0119 meksyka\u0144skiego artysty Pablo Ram\u00edreza Gonz\u00e1leza. \u0141\u0105czy ona w sobie antyczn\u0105 ceramik\u0119, ro\u015bliny oraz obraz video i d\u017awi\u0119ki odtwarzaj\u0105ce ich impulsy elektryczne. Technologia uka\u017ce nam ukryte \u017cycie, zawarte w ruchu, kt\u00f3rego nasze oko nie mo\u017ce dostrzec.<\/p><p>Artysta zbli\u017ca kultur\u0119 i natur\u0119, zastanawia si\u0119 nad relacjami mi\u0119dzygatunkowymi. Zadaje pytania o dominacj\u0119 cz\u0142owieka oraz o zmian\u0119 jaka si\u0119 dokonuje w my\u015bleniu na temat zwierz\u0105t i ro\u015blin.<\/p><p>Sztuka Ram\u00edreza Gonz\u00e1leza, niew\u0105tpliwie charakteryzuje si\u0119 intelektualn\u0105 analiz\u0105 zjawisk. Jednak inaczej ni\u017c konceptuali\u015bci, artysta nie rezygnuje z wizualnej strony, kt\u00f3ra pozwala fizycznie odczu\u0107 okre\u015blone zagadnienie.<\/p><p>A dla Ciebie, co jest wa\u017cniejsze: tre\u015b\u0107 dzie\u0142a czy pi\u0119kny obraz?<\/p><p>Podczas oprowadzania 22 wrze\u015bnia, o godz. 17:00, kt\u00f3re poprowadzi Sylwia Owczarek b\u0119dziemy si\u0119 porusza\u0107 po parterze muzeum.<\/p><p>Do zobaczenia w Muzeum Wsp\u00f3\u0142czesnym Wroc\u0142aw!<\/p>\t\t\t\t\t\t\t\t<\/div>\n\t\t\t\t<\/div>\n\t\t\t\t<div class=\"elementor-element elementor-element-141c1321 elementor-widget elementor-widget-gallery\" data-id=\"141c1321\" data-element_type=\"widget\" data-settings=\"{&quot;gallery_layout&quot;:&quot;justified&quot;,&quot;ideal_row_height&quot;:{&quot;unit&quot;:&quot;px&quot;,&quot;size&quot;:284,&quot;sizes&quot;:[]},&quot;lazyload&quot;:&quot;yes&quot;,&quot;ideal_row_height_tablet&quot;:{&quot;unit&quot;:&quot;px&quot;,&quot;size&quot;:150,&quot;sizes&quot;:[]},&quot;ideal_row_height_mobile&quot;:{&quot;unit&quot;:&quot;px&quot;,&quot;size&quot;:150,&quot;sizes&quot;:[]},&quot;gap&quot;:{&quot;unit&quot;:&quot;px&quot;,&quot;size&quot;:10,&quot;sizes&quot;:[]},&quot;gap_tablet&quot;:{&quot;unit&quot;:&quot;px&quot;,&quot;size&quot;:10,&quot;sizes&quot;:[]},&quot;gap_mobile&quot;:{&quot;unit&quot;:&quot;px&quot;,&quot;size&quot;:10,&quot;sizes&quot;:[]},&quot;link_to&quot;:&quot;file&quot;,&quot;overlay_background&quot;:&quot;yes&quot;,&quot;content_hover_animation&quot;:&quot;fade-in&quot;}\" data-widget_type=\"gallery.default\">\n\t\t\t\t<div class=\"elementor-widget-container\">\n\t\t\t\t\t\t\t<div class=\"elementor-gallery__container\">\n\t\t\t\t\t\t\t<a class=\"e-gallery-item elementor-gallery-item elementor-animated-content\" href=\"https:\/\/muzeumwspolczesne.pl\/wp-content\/uploads\/2024\/01\/image-247.jpeg\" data-elementor-open-lightbox=\"yes\" data-elementor-lightbox-slideshow=\"141c1321\" data-elementor-lightbox-title=\"image\" data-e-action-hash=\"#elementor-action%3Aaction%3Dlightbox%26settings%3DeyJpZCI6MTk0OTgsInVybCI6Imh0dHBzOlwvXC9tdXpldW13c3BvbGN6ZXNuZS5wbFwvd3AtY29udGVudFwvdXBsb2Fkc1wvMjAyNFwvMDFcL2ltYWdlLTI0Ny5qcGVnIiwic2xpZGVzaG93IjoiMTQxYzEzMjEifQ%3D%3D\">\n\t\t\t\t\t<div class=\"e-gallery-image elementor-gallery-item__image\" data-thumbnail=\"https:\/\/muzeumwspolczesne.pl\/wp-content\/uploads\/2024\/01\/image-247-768x1024.jpeg\" data-width=\"768\" data-height=\"1024\" aria-label=\"\" role=\"img\" ><\/div>\n\t\t\t\t\t\t\t\t\t\t\t<div class=\"elementor-gallery-item__overlay\"><\/div>\n\t\t\t\t\t\t\t\t\t\t\t\t\t\t<\/a>\n\t\t\t\t\t\t\t<a class=\"e-gallery-item elementor-gallery-item elementor-animated-content\" href=\"https:\/\/muzeumwspolczesne.pl\/wp-content\/uploads\/2024\/01\/image-248.jpeg\" data-elementor-open-lightbox=\"yes\" data-elementor-lightbox-slideshow=\"141c1321\" data-elementor-lightbox-title=\"image\" data-e-action-hash=\"#elementor-action%3Aaction%3Dlightbox%26settings%3DeyJpZCI6MTk0OTksInVybCI6Imh0dHBzOlwvXC9tdXpldW13c3BvbGN6ZXNuZS5wbFwvd3AtY29udGVudFwvdXBsb2Fkc1wvMjAyNFwvMDFcL2ltYWdlLTI0OC5qcGVnIiwic2xpZGVzaG93IjoiMTQxYzEzMjEifQ%3D%3D\">\n\t\t\t\t\t<div class=\"e-gallery-image elementor-gallery-item__image\" data-thumbnail=\"https:\/\/muzeumwspolczesne.pl\/wp-content\/uploads\/2024\/01\/image-248-768x1024.jpeg\" data-width=\"768\" data-height=\"1024\" aria-label=\"\" role=\"img\" ><\/div>\n\t\t\t\t\t\t\t\t\t\t\t<div class=\"elementor-gallery-item__overlay\"><\/div>\n\t\t\t\t\t\t\t\t\t\t\t\t\t\t<\/a>\n\t\t\t\t\t<\/div>\n\t\t\t\t\t<\/div>\n\t\t\t\t<\/div>\n\t\t\t\t<section class=\"elementor-section elementor-inner-section elementor-element elementor-element-586cb17c elementor-section-boxed elementor-section-height-default elementor-section-height-default\" data-id=\"586cb17c\" data-element_type=\"section\" data-settings=\"{&quot;background_background&quot;:&quot;classic&quot;}\">\n\t\t\t\t\t\t<div class=\"elementor-container elementor-column-gap-default\">\n\t\t\t\t\t<div class=\"elementor-column elementor-col-100 elementor-inner-column elementor-element elementor-element-a9a16e8\" data-id=\"a9a16e8\" data-element_type=\"column\">\n\t\t\t<div class=\"elementor-widget-wrap elementor-element-populated\">\n\t\t\t\t\t\t<div class=\"elementor-element elementor-element-54ed46ee elementor-widget elementor-widget-text-editor\" data-id=\"54ed46ee\" data-element_type=\"widget\" data-widget_type=\"text-editor.default\">\n\t\t\t\t<div class=\"elementor-widget-container\">\n\t\t\t\t\t\t\t\t\t<p>Prowadz\u0105ca: Sylwia Owczarek<\/p><p>T\u0142umaczka: El\u017cbieta Resler<\/p>\t\t\t\t\t\t\t\t<\/div>\n\t\t\t\t<\/div>\n\t\t\t\t\t<\/div>\n\t\t<\/div>\n\t\t\t\t\t<\/div>\n\t\t<\/section>\n\t\t\t\t<div class=\"elementor-element elementor-element-5aebd362 elementor-widget elementor-widget-spacer\" data-id=\"5aebd362\" data-element_type=\"widget\" data-widget_type=\"spacer.default\">\n\t\t\t\t<div class=\"elementor-widget-container\">\n\t\t\t\t\t\t\t<div class=\"elementor-spacer\">\n\t\t\t<div class=\"elementor-spacer-inner\"><\/div>\n\t\t<\/div>\n\t\t\t\t\t\t<\/div>\n\t\t\t\t<\/div>\n\t\t\t\t\t<\/div>\n\t\t<\/div>\n\t\t\t\t\t<\/div>\n\t\t<\/section>\n\t\t\t\t<\/div>\n\t\t","protected":false},"excerpt":{"rendered":"<p>Zapraszamy do Muzeum Wsp\u00f3\u0142czesnego Wroc\u0142aw, na pl. Strzegomskim 2A, na oprowadzanie z t\u0142umaczeniem na Polski J\u0119zyk Migowy. Na filmie (kliknij tutaj, aby przej\u015b\u0107 do filmu) t\u0142umaczka El\u017cbieta Resler miga tekst: W latach 60. Polscy arty\u015bci zacz\u0119li si\u0119 buntowa\u0107 przeciwko klasycznym formom sztuki. Nie chcieli kopiowa\u0107 tw\u00f3rczo\u015bci starych mistrz\u00f3w, ani tworzy\u0107 pod dyktando PRL-owskiej partii. Zastanawiali [&hellip;]<\/p>\n","protected":false},"author":6,"featured_media":19496,"parent":0,"template":"","meta":{"footnotes":""},"kategorie-edukacja":[27],"class_list":["post-19495","edukacja","type-edukacja","status-publish","has-post-thumbnail","hentry","kategorie-edukacja-bez-barier"],"_links":{"self":[{"href":"https:\/\/muzeumwspolczesne.pl\/en\/wp-json\/wp\/v2\/edukacja\/19495","targetHints":{"allow":["GET"]}}],"collection":[{"href":"https:\/\/muzeumwspolczesne.pl\/en\/wp-json\/wp\/v2\/edukacja"}],"about":[{"href":"https:\/\/muzeumwspolczesne.pl\/en\/wp-json\/wp\/v2\/types\/edukacja"}],"author":[{"embeddable":true,"href":"https:\/\/muzeumwspolczesne.pl\/en\/wp-json\/wp\/v2\/users\/6"}],"version-history":[{"count":5,"href":"https:\/\/muzeumwspolczesne.pl\/en\/wp-json\/wp\/v2\/edukacja\/19495\/revisions"}],"predecessor-version":[{"id":20055,"href":"https:\/\/muzeumwspolczesne.pl\/en\/wp-json\/wp\/v2\/edukacja\/19495\/revisions\/20055"}],"wp:featuredmedia":[{"embeddable":true,"href":"https:\/\/muzeumwspolczesne.pl\/en\/wp-json\/wp\/v2\/media\/19496"}],"wp:attachment":[{"href":"https:\/\/muzeumwspolczesne.pl\/en\/wp-json\/wp\/v2\/media?parent=19495"}],"wp:term":[{"taxonomy":"kategorie-edukacja","embeddable":true,"href":"https:\/\/muzeumwspolczesne.pl\/en\/wp-json\/wp\/v2\/kategorie-edukacja?post=19495"}],"curies":[{"name":"wp","href":"https:\/\/api.w.org\/{rel}","templated":true}]}}

<div data-elementor-type="wp-post" data-elementor-id="19495" class="elementor elementor-19495" data-elementor-post-type="edukacja">
						<section class="elementor-section elementor-top-section elementor-element elementor-element-4f784af6 elementor-section-full_width elementor-section-stretched elementor-section-height-default elementor-section-height-default" data-id="4f784af6" data-element_type="section" data-settings="{&quot;stretch_section&quot;:&quot;section-stretched&quot;}">
						<div class="elementor-container elementor-column-gap-wide">
					<div class="elementor-column elementor-col-33 elementor-top-column elementor-element elementor-element-c719c3e" data-id="c719c3e" data-element_type="column">
			<div class="elementor-widget-wrap">
							</div>
		</div>
				<div class="elementor-column elementor-col-66 elementor-top-column elementor-element elementor-element-6a65cc1d" data-id="6a65cc1d" data-element_type="column">
			<div class="elementor-widget-wrap elementor-element-populated">
						<div class="elementor-element elementor-element-11ee38aa elementor-widget elementor-widget-text-editor" data-id="11ee38aa" data-element_type="widget" data-widget_type="text-editor.default">
				<div class="elementor-widget-container">
									<p>Zapraszamy do Muzeum Współczesnego Wrocław, na pl. Strzegomskim 2A, na oprowadzanie z tłumaczeniem na Polski Język Migowy.</p><p>Na filmie (<a href="https://www.youtube.com/watch?v=SRo0JSj-69U">kliknij tutaj, aby przejść do filmu</a>) tłumaczka Elżbieta Resler miga tekst:</p><p>W latach 60. Polscy artyści zaczęli się buntować przeciwko klasycznym formom sztuki. Nie chcieli kopiować twórczości starych mistrzów, ani tworzyć pod dyktando PRL-owskiej partii.</p><p>Zastanawiali się nad funkcją i formą dzieła, nad procesem twórczym, uznając wyższość intelektualnego charakteru pracy ponad sam obiekt. Wpisali się w międzynarodowy, całkowicie nowatorski nurt sztuki konceptualnej.</p><p>Na tym polu wyróżniała się wrocławska Galeria pod Moną Lisą, która zrzeszała artystów i teoretyków dla których ważna stała się czysta idea, pozbawiona plastycznej dekoracyjności.</p><p>„W Archiwum Jerzego Ludwińskiego” porozmawiamy o tym kultowym miejscu i zastanowimy się jak konceptualizm wpłynął na współczesnych twórców.</p><p>Na wystawie „Plantifictions” (tłum. Roślinne fikcje), zobaczymy instalację meksykańskiego artysty Pablo Ramíreza Gonzáleza. Łączy ona w sobie antyczną ceramikę, rośliny oraz obraz video i dźwięki odtwarzające ich impulsy elektryczne. Technologia ukaże nam ukryte życie, zawarte w ruchu, którego nasze oko nie może dostrzec.</p><p>Artysta zbliża kulturę i naturę, zastanawia się nad relacjami międzygatunkowymi. Zadaje pytania o dominację człowieka oraz o zmianę jaka się dokonuje w myśleniu na temat zwierząt i roślin.</p><p>Sztuka Ramíreza Gonzáleza, niewątpliwie charakteryzuje się intelektualną analizą zjawisk. Jednak inaczej niż konceptualiści, artysta nie rezygnuje z wizualnej strony, która pozwala fizycznie odczuć określone zagadnienie.</p><p>A dla Ciebie, co jest ważniejsze: treść dzieła czy piękny obraz?</p><p>Podczas oprowadzania 22 września, o godz. 17:00, które poprowadzi Sylwia Owczarek będziemy się poruszać po parterze muzeum.</p><p>Do zobaczenia w Muzeum Współczesnym Wrocław!</p>								</div>
				</div>
				<div class="elementor-element elementor-element-141c1321 elementor-widget elementor-widget-gallery" data-id="141c1321" data-element_type="widget" data-settings="{&quot;gallery_layout&quot;:&quot;justified&quot;,&quot;ideal_row_height&quot;:{&quot;unit&quot;:&quot;px&quot;,&quot;size&quot;:284,&quot;sizes&quot;:[]},&quot;lazyload&quot;:&quot;yes&quot;,&quot;ideal_row_height_tablet&quot;:{&quot;unit&quot;:&quot;px&quot;,&quot;size&quot;:150,&quot;sizes&quot;:[]},&quot;ideal_row_height_mobile&quot;:{&quot;unit&quot;:&quot;px&quot;,&quot;size&quot;:150,&quot;sizes&quot;:[]},&quot;gap&quot;:{&quot;unit&quot;:&quot;px&quot;,&quot;size&quot;:10,&quot;sizes&quot;:[]},&quot;gap_tablet&quot;:{&quot;unit&quot;:&quot;px&quot;,&quot;size&quot;:10,&quot;sizes&quot;:[]},&quot;gap_mobile&quot;:{&quot;unit&quot;:&quot;px&quot;,&quot;size&quot;:10,&quot;sizes&quot;:[]},&quot;link_to&quot;:&quot;file&quot;,&quot;overlay_background&quot;:&quot;yes&quot;,&quot;content_hover_animation&quot;:&quot;fade-in&quot;}" data-widget_type="gallery.default">
				<div class="elementor-widget-container">
							<div class="elementor-gallery__container">
							<a class="e-gallery-item elementor-gallery-item elementor-animated-content" href="https://muzeumwspolczesne.pl/wp-content/uploads/2024/01/image-247.jpeg" data-elementor-open-lightbox="yes" data-elementor-lightbox-slideshow="141c1321" data-elementor-lightbox-title="image" data-e-action-hash="#elementor-action%3Aaction%3Dlightbox%26settings%3DeyJpZCI6MTk0OTgsInVybCI6Imh0dHBzOlwvXC9tdXpldW13c3BvbGN6ZXNuZS5wbFwvd3AtY29udGVudFwvdXBsb2Fkc1wvMjAyNFwvMDFcL2ltYWdlLTI0Ny5qcGVnIiwic2xpZGVzaG93IjoiMTQxYzEzMjEifQ%3D%3D">
					<div class="e-gallery-image elementor-gallery-item__image" data-thumbnail="https://muzeumwspolczesne.pl/wp-content/uploads/2024/01/image-247-768x1024.jpeg" data-width="768" data-height="1024" aria-label="" role="img" ></div>
											<div class="elementor-gallery-item__overlay"></div>
														</a>
							<a class="e-gallery-item elementor-gallery-item elementor-animated-content" href="https://muzeumwspolczesne.pl/wp-content/uploads/2024/01/image-248.jpeg" data-elementor-open-lightbox="yes" data-elementor-lightbox-slideshow="141c1321" data-elementor-lightbox-title="image" data-e-action-hash="#elementor-action%3Aaction%3Dlightbox%26settings%3DeyJpZCI6MTk0OTksInVybCI6Imh0dHBzOlwvXC9tdXpldW13c3BvbGN6ZXNuZS5wbFwvd3AtY29udGVudFwvdXBsb2Fkc1wvMjAyNFwvMDFcL2ltYWdlLTI0OC5qcGVnIiwic2xpZGVzaG93IjoiMTQxYzEzMjEifQ%3D%3D">
					<div class="e-gallery-image elementor-gallery-item__image" data-thumbnail="https://muzeumwspolczesne.pl/wp-content/uploads/2024/01/image-248-768x1024.jpeg" data-width="768" data-height="1024" aria-label="" role="img" ></div>
											<div class="elementor-gallery-item__overlay"></div>
														</a>
					</div>
					</div>
				</div>
				<section class="elementor-section elementor-inner-section elementor-element elementor-element-586cb17c elementor-section-boxed elementor-section-height-default elementor-section-height-default" data-id="586cb17c" data-element_type="section" data-settings="{&quot;background_background&quot;:&quot;classic&quot;}">
						<div class="elementor-container elementor-column-gap-default">
					<div class="elementor-column elementor-col-100 elementor-inner-column elementor-element elementor-element-a9a16e8" data-id="a9a16e8" data-element_type="column">
			<div class="elementor-widget-wrap elementor-element-populated">
						<div class="elementor-element elementor-element-54ed46ee elementor-widget elementor-widget-text-editor" data-id="54ed46ee" data-element_type="widget" data-widget_type="text-editor.default">
				<div class="elementor-widget-container">
									<p>Prowadząca: Sylwia Owczarek</p><p>Tłumaczka: Elżbieta Resler</p>								</div>
				</div>
					</div>
		</div>
					</div>
		</section>
				<div class="elementor-element elementor-element-5aebd362 elementor-widget elementor-widget-spacer" data-id="5aebd362" data-element_type="widget" data-widget_type="spacer.default">
				<div class="elementor-widget-container">
							<div class="elementor-spacer">
			<div class="elementor-spacer-inner"></div>
		</div>
						</div>
				</div>
					</div>
		</div>
					</div>
		</section>
				</div>

<p>Zapraszamy do Muzeum Współczesnego Wrocław, na pl. Strzegomskim 2A, na oprowadzanie z tłumaczeniem na Polski Język Migowy. Na filmie (kliknij tutaj, aby przejść do filmu) tłumaczka Elżbieta Resler miga tekst: W latach 60. Polscy artyści zaczęli się buntować przeciwko klasycznym formom sztuki. Nie chcieli kopiować twórczości starych mistrzów, ani tworzyć pod dyktando PRL-owskiej partii. Zastanawiali [&hellip;]</p>
