{"id":19525,"date":"2023-06-02T20:21:00","date_gmt":"2023-06-02T20:21:00","guid":{"rendered":"https:\/\/muzeumwspolczesne.pl\/?post_type=edukacja&#038;p=19525"},"modified":"2024-01-09T06:33:01","modified_gmt":"2024-01-09T06:33:01","slug":"muzeum-otwarte-oprowadzanie-w-pjm-2","status":"publish","type":"edukacja","link":"https:\/\/muzeumwspolczesne.pl\/en\/zapowiedzi\/muzeum-otwarte-oprowadzanie-w-pjm-2\/","title":{"rendered":"MUZEUM OTWARTE \u2013 OPROWADZANIE W PJM"},"content":{"rendered":"\t\t<div data-elementor-type=\"wp-post\" data-elementor-id=\"19525\" class=\"elementor elementor-19525\" data-elementor-post-type=\"edukacja\">\n\t\t\t\t\t\t<section class=\"elementor-section elementor-top-section elementor-element elementor-element-48f4cbc2 elementor-section-full_width elementor-section-stretched elementor-section-height-default elementor-section-height-default\" data-id=\"48f4cbc2\" data-element_type=\"section\" data-settings=\"{&quot;stretch_section&quot;:&quot;section-stretched&quot;}\">\n\t\t\t\t\t\t<div class=\"elementor-container elementor-column-gap-wide\">\n\t\t\t\t\t<div class=\"elementor-column elementor-col-33 elementor-top-column elementor-element elementor-element-481a7625\" data-id=\"481a7625\" data-element_type=\"column\">\n\t\t\t<div class=\"elementor-widget-wrap\">\n\t\t\t\t\t\t\t<\/div>\n\t\t<\/div>\n\t\t\t\t<div class=\"elementor-column elementor-col-66 elementor-top-column elementor-element elementor-element-66d79db0\" data-id=\"66d79db0\" data-element_type=\"column\">\n\t\t\t<div class=\"elementor-widget-wrap elementor-element-populated\">\n\t\t\t\t\t\t<div class=\"elementor-element elementor-element-57a61a30 elementor-widget elementor-widget-text-editor\" data-id=\"57a61a30\" data-element_type=\"widget\" data-widget_type=\"text-editor.default\">\n\t\t\t\t<div class=\"elementor-widget-container\">\n\t\t\t\t\t\t\t\t\t<p>Na filmie <a href=\"https:\/\/www.youtube.com\/watch?v=ueLuBJ06Xx4\">(kliknij tutaj, aby przej\u015b\u0107 do filmu)<\/a>t\u0142umaczka El\u017cbieta Resler, miga tre\u015b\u0107 zaproszenia:<\/p><p>Zapraszamy do Muzeum Wsp\u00f3\u0142czesnego Wroc\u0142aw, na pl. Strzegomskim 2A, na oprowadzanie z t\u0142umaczeniem na Polski J\u0119zyk Migowy. Oprowadzanie odb\u0119dzie si\u0119 2 czerwca, w pi\u0105tek o godz. 17:00. Wydarzenie bezp\u0142atne. Poprowadzi je Sylwia Owczarek. Spotykamy si\u0119 przy kasie muzeum. Zapraszamy wszystkie osoby g\u0142uche, s\u0142abos\u0142ysz\u0105ce i s\u0142ysz\u0105ce.<\/p><p>Za moimi plecami, artysta Marcin Kosiorek, tworzy sw\u00f3j autorski mural (malarstwo na \u015bcianie), kt\u00f3ry b\u0119dzie cz\u0119\u015bci\u0105 jego autorskiej wystawy. Zaprezentowane zostan\u0105 fotografie prac wykonanych w przestrzeniach publicznych, w momencie, w kt\u00f3rym sztuka uliczna dopiero zaczyna\u0142a si\u0119 w Polsce rozwija\u0107. Na wystawie zobaczymy tak\u017ce rysunki, obrazy i szkicowniki artysty. Zanurzymy si\u0119 w bajecznie kolorowy, fantazyjny \u015bwiat, kt\u00f3ry zawiera w sobie tre\u015bci trudne i zagadkowe.<\/p><p>Kolejna wystawa, kt\u00f3r\u0105 odwiedzimy jest po\u015bwi\u0119cona kosmosowi.<\/p><p>Gdy kosmonauci obserwuj\u0105 Ziemi\u0119 z oddalenia, budzi to w nich specyficzne do\u015bwiadczenie estetyczne, kt\u00f3remu towarzyszy poczucie krucho\u015bci naszej planety i jednocze\u015bnie wsp\u00f3lnoty ludzko\u015bci. Podobno, taki sam efekt mo\u017cemy osi\u0105gn\u0105\u0107 za pomoc\u0105 obserwowania sztuki. W prezentowanych na wystawie pracach arty\u015bci przygl\u0105daj\u0105 si\u0119 bowiem nie tylko przestrzeni kosmicznej, ale r\u00f3wnie\u017c granicom i relacjom wyznaczanym mi\u0119dzy tym, co ziemskie, a tym, co pozaziemskie.<\/p><p>Do zobaczenia!<\/p>\t\t\t\t\t\t\t\t<\/div>\n\t\t\t\t<\/div>\n\t\t\t\t<div class=\"elementor-element elementor-element-5548893 elementor-widget elementor-widget-spacer\" data-id=\"5548893\" data-element_type=\"widget\" data-widget_type=\"spacer.default\">\n\t\t\t\t<div class=\"elementor-widget-container\">\n\t\t\t\t\t\t\t<div class=\"elementor-spacer\">\n\t\t\t<div class=\"elementor-spacer-inner\"><\/div>\n\t\t<\/div>\n\t\t\t\t\t\t<\/div>\n\t\t\t\t<\/div>\n\t\t\t\t\t<\/div>\n\t\t<\/div>\n\t\t\t\t\t<\/div>\n\t\t<\/section>\n\t\t\t\t<\/div>\n\t\t","protected":false},"excerpt":{"rendered":"<p>Na filmie (kliknij tutaj, aby przej\u015b\u0107 do filmu)t\u0142umaczka El\u017cbieta Resler, miga tre\u015b\u0107 zaproszenia: Zapraszamy do Muzeum Wsp\u00f3\u0142czesnego Wroc\u0142aw, na pl. Strzegomskim 2A, na oprowadzanie z t\u0142umaczeniem na Polski J\u0119zyk Migowy. Oprowadzanie odb\u0119dzie si\u0119 2 czerwca, w pi\u0105tek o godz. 17:00. Wydarzenie bezp\u0142atne. Poprowadzi je Sylwia Owczarek. Spotykamy si\u0119 przy kasie muzeum. Zapraszamy wszystkie osoby g\u0142uche, [&hellip;]<\/p>\n","protected":false},"author":6,"featured_media":19526,"parent":0,"template":"","meta":{"footnotes":""},"kategorie-edukacja":[27],"class_list":["post-19525","edukacja","type-edukacja","status-publish","has-post-thumbnail","hentry","kategorie-edukacja-bez-barier"],"_links":{"self":[{"href":"https:\/\/muzeumwspolczesne.pl\/en\/wp-json\/wp\/v2\/edukacja\/19525","targetHints":{"allow":["GET"]}}],"collection":[{"href":"https:\/\/muzeumwspolczesne.pl\/en\/wp-json\/wp\/v2\/edukacja"}],"about":[{"href":"https:\/\/muzeumwspolczesne.pl\/en\/wp-json\/wp\/v2\/types\/edukacja"}],"author":[{"embeddable":true,"href":"https:\/\/muzeumwspolczesne.pl\/en\/wp-json\/wp\/v2\/users\/6"}],"version-history":[{"count":4,"href":"https:\/\/muzeumwspolczesne.pl\/en\/wp-json\/wp\/v2\/edukacja\/19525\/revisions"}],"predecessor-version":[{"id":19530,"href":"https:\/\/muzeumwspolczesne.pl\/en\/wp-json\/wp\/v2\/edukacja\/19525\/revisions\/19530"}],"wp:featuredmedia":[{"embeddable":true,"href":"https:\/\/muzeumwspolczesne.pl\/en\/wp-json\/wp\/v2\/media\/19526"}],"wp:attachment":[{"href":"https:\/\/muzeumwspolczesne.pl\/en\/wp-json\/wp\/v2\/media?parent=19525"}],"wp:term":[{"taxonomy":"kategorie-edukacja","embeddable":true,"href":"https:\/\/muzeumwspolczesne.pl\/en\/wp-json\/wp\/v2\/kategorie-edukacja?post=19525"}],"curies":[{"name":"wp","href":"https:\/\/api.w.org\/{rel}","templated":true}]}}

<div data-elementor-type="wp-post" data-elementor-id="19525" class="elementor elementor-19525" data-elementor-post-type="edukacja">
						<section class="elementor-section elementor-top-section elementor-element elementor-element-48f4cbc2 elementor-section-full_width elementor-section-stretched elementor-section-height-default elementor-section-height-default" data-id="48f4cbc2" data-element_type="section" data-settings="{&quot;stretch_section&quot;:&quot;section-stretched&quot;}">
						<div class="elementor-container elementor-column-gap-wide">
					<div class="elementor-column elementor-col-33 elementor-top-column elementor-element elementor-element-481a7625" data-id="481a7625" data-element_type="column">
			<div class="elementor-widget-wrap">
							</div>
		</div>
				<div class="elementor-column elementor-col-66 elementor-top-column elementor-element elementor-element-66d79db0" data-id="66d79db0" data-element_type="column">
			<div class="elementor-widget-wrap elementor-element-populated">
						<div class="elementor-element elementor-element-57a61a30 elementor-widget elementor-widget-text-editor" data-id="57a61a30" data-element_type="widget" data-widget_type="text-editor.default">
				<div class="elementor-widget-container">
									<p>Na filmie <a href="https://www.youtube.com/watch?v=ueLuBJ06Xx4">(kliknij tutaj, aby przejść do filmu)</a>tłumaczka Elżbieta Resler, miga treść zaproszenia:</p><p>Zapraszamy do Muzeum Współczesnego Wrocław, na pl. Strzegomskim 2A, na oprowadzanie z tłumaczeniem na Polski Język Migowy. Oprowadzanie odbędzie się 2 czerwca, w piątek o godz. 17:00. Wydarzenie bezpłatne. Poprowadzi je Sylwia Owczarek. Spotykamy się przy kasie muzeum. Zapraszamy wszystkie osoby głuche, słabosłyszące i słyszące.</p><p>Za moimi plecami, artysta Marcin Kosiorek, tworzy swój autorski mural (malarstwo na ścianie), który będzie częścią jego autorskiej wystawy. Zaprezentowane zostaną fotografie prac wykonanych w przestrzeniach publicznych, w momencie, w którym sztuka uliczna dopiero zaczynała się w Polsce rozwijać. Na wystawie zobaczymy także rysunki, obrazy i szkicowniki artysty. Zanurzymy się w bajecznie kolorowy, fantazyjny świat, który zawiera w sobie treści trudne i zagadkowe.</p><p>Kolejna wystawa, którą odwiedzimy jest poświęcona kosmosowi.</p><p>Gdy kosmonauci obserwują Ziemię z oddalenia, budzi to w nich specyficzne doświadczenie estetyczne, któremu towarzyszy poczucie kruchości naszej planety i jednocześnie wspólnoty ludzkości. Podobno, taki sam efekt możemy osiągnąć za pomocą obserwowania sztuki. W prezentowanych na wystawie pracach artyści przyglądają się bowiem nie tylko przestrzeni kosmicznej, ale również granicom i relacjom wyznaczanym między tym, co ziemskie, a tym, co pozaziemskie.</p><p>Do zobaczenia!</p>								</div>
				</div>
				<div class="elementor-element elementor-element-5548893 elementor-widget elementor-widget-spacer" data-id="5548893" data-element_type="widget" data-widget_type="spacer.default">
				<div class="elementor-widget-container">
							<div class="elementor-spacer">
			<div class="elementor-spacer-inner"></div>
		</div>
						</div>
				</div>
					</div>
		</div>
					</div>
		</section>
				</div>

<p>Na filmie (kliknij tutaj, aby przejść do filmu)tłumaczka Elżbieta Resler, miga treść zaproszenia: Zapraszamy do Muzeum Współczesnego Wrocław, na pl. Strzegomskim 2A, na oprowadzanie z tłumaczeniem na Polski Język Migowy. Oprowadzanie odbędzie się 2 czerwca, w piątek o godz. 17:00. Wydarzenie bezpłatne. Poprowadzi je Sylwia Owczarek. Spotykamy się przy kasie muzeum. Zapraszamy wszystkie osoby głuche, [&hellip;]</p>
