{"id":19531,"date":"2023-03-31T20:23:00","date_gmt":"2023-03-31T20:23:00","guid":{"rendered":"https:\/\/muzeumwspolczesne.pl\/?post_type=edukacja&#038;p=19531"},"modified":"2024-01-09T06:32:26","modified_gmt":"2024-01-09T06:32:26","slug":"muzeum-otwarte-oprowadzanie-w-pjm","status":"publish","type":"edukacja","link":"https:\/\/muzeumwspolczesne.pl\/en\/zapowiedzi\/muzeum-otwarte-oprowadzanie-w-pjm\/","title":{"rendered":"MUZEUM OTWARTE \u2013 OPROWADZANIE W PJM"},"content":{"rendered":"\t\t<div data-elementor-type=\"wp-post\" data-elementor-id=\"19531\" class=\"elementor elementor-19531\" data-elementor-post-type=\"edukacja\">\n\t\t\t\t\t\t<section class=\"elementor-section elementor-top-section elementor-element elementor-element-63df76ab elementor-section-full_width elementor-section-stretched elementor-section-height-default elementor-section-height-default\" data-id=\"63df76ab\" data-element_type=\"section\" data-settings=\"{&quot;stretch_section&quot;:&quot;section-stretched&quot;}\">\n\t\t\t\t\t\t<div class=\"elementor-container elementor-column-gap-wide\">\n\t\t\t\t\t<div class=\"elementor-column elementor-col-33 elementor-top-column elementor-element elementor-element-2c4a704e\" data-id=\"2c4a704e\" data-element_type=\"column\">\n\t\t\t<div class=\"elementor-widget-wrap\">\n\t\t\t\t\t\t\t<\/div>\n\t\t<\/div>\n\t\t\t\t<div class=\"elementor-column elementor-col-66 elementor-top-column elementor-element elementor-element-1a8dafcc\" data-id=\"1a8dafcc\" data-element_type=\"column\">\n\t\t\t<div class=\"elementor-widget-wrap elementor-element-populated\">\n\t\t\t\t\t\t<div class=\"elementor-element elementor-element-4c0211a elementor-widget elementor-widget-text-editor\" data-id=\"4c0211a\" data-element_type=\"widget\" data-widget_type=\"text-editor.default\">\n\t\t\t\t<div class=\"elementor-widget-container\">\n\t\t\t\t\t\t\t\t\t<p>Zapraszamy do Muzeum Wsp\u00f3\u0142czesnego Wroc\u0142aw, na pl. Strzegomskim 2A, na oprowadzanie z t\u0142umaczeniem na Polski J\u0119zyk Migowy.<\/p><p>Na pocz\u0105tku naszego spotkania zwiedzimy wystaw\u0119 \u201eNERW X\u201d. W przestrzeni ekspozycji zobaczymy prace Konrada Ju\u015bci\u0144skiego, kt\u00f3ry bada dwa obszary: natur\u0119 i kultur\u0119. Artysta wykorzystuje materia\u0142y organiczne i nietrwa\u0142e, takie jak nasiona dmuchawc\u00f3w, tykwy, ga\u0142\u0105zki czy drewno. Wzbogaca je o ruch, d\u017awi\u0119k lub zapach.<\/p><p>Kolejn\u0105 wystaw\u0105, kt\u00f3r\u0105 odwiedzimy jest wystawa \u201eM\u0141ODZI ARTY\u015aCI \u2013 POLICZALNE, MIERZALNE\u201d.<\/p><p>To, co widzimy, czego dotykamy i co s\u0142yszymy, bierzemy jako co\u015b pewnego. Prace prezentowane na wystawie skupiaj\u0105 si\u0119 na zjawiskach niedaj\u0105cych si\u0119 zauwa\u017cy\u0107 na pierwszy rzut oka. Zosta\u0142y oparte na naukach \u015bcis\u0142ych: matematyce, fizyce itp. Na wystawie zaprezentujemy m\u0142odych, wroc\u0142awskich tw\u00f3rc\u00f3w, kt\u00f3rzy \u0142\u0105cz\u0105c sztuk\u0119 z naukami \u015bcis\u0142ymi, staj\u0105 po stronie zrozumienia otaczaj\u0105cych nas zjawisk.<\/p>\t\t\t\t\t\t\t\t<\/div>\n\t\t\t\t<\/div>\n\t\t\t\t<div class=\"elementor-element elementor-element-340a47a7 elementor-widget elementor-widget-gallery\" data-id=\"340a47a7\" data-element_type=\"widget\" data-settings=\"{&quot;gallery_layout&quot;:&quot;justified&quot;,&quot;ideal_row_height&quot;:{&quot;unit&quot;:&quot;px&quot;,&quot;size&quot;:284,&quot;sizes&quot;:[]},&quot;lazyload&quot;:&quot;yes&quot;,&quot;ideal_row_height_tablet&quot;:{&quot;unit&quot;:&quot;px&quot;,&quot;size&quot;:150,&quot;sizes&quot;:[]},&quot;ideal_row_height_mobile&quot;:{&quot;unit&quot;:&quot;px&quot;,&quot;size&quot;:150,&quot;sizes&quot;:[]},&quot;gap&quot;:{&quot;unit&quot;:&quot;px&quot;,&quot;size&quot;:10,&quot;sizes&quot;:[]},&quot;gap_tablet&quot;:{&quot;unit&quot;:&quot;px&quot;,&quot;size&quot;:10,&quot;sizes&quot;:[]},&quot;gap_mobile&quot;:{&quot;unit&quot;:&quot;px&quot;,&quot;size&quot;:10,&quot;sizes&quot;:[]},&quot;link_to&quot;:&quot;file&quot;,&quot;overlay_background&quot;:&quot;yes&quot;,&quot;content_hover_animation&quot;:&quot;fade-in&quot;}\" data-widget_type=\"gallery.default\">\n\t\t\t\t<div class=\"elementor-widget-container\">\n\t\t\t\t\t\t\t<div class=\"elementor-gallery__container\">\n\t\t\t\t\t\t\t<a class=\"e-gallery-item elementor-gallery-item elementor-animated-content\" href=\"https:\/\/muzeumwspolczesne.pl\/wp-content\/uploads\/2024\/01\/image-263.jpeg\" data-elementor-open-lightbox=\"yes\" data-elementor-lightbox-slideshow=\"340a47a7\" data-elementor-lightbox-title=\"image\" data-e-action-hash=\"#elementor-action%3Aaction%3Dlightbox%26settings%3DeyJpZCI6MTk1MzQsInVybCI6Imh0dHBzOlwvXC9tdXpldW13c3BvbGN6ZXNuZS5wbFwvd3AtY29udGVudFwvdXBsb2Fkc1wvMjAyNFwvMDFcL2ltYWdlLTI2My5qcGVnIiwic2xpZGVzaG93IjoiMzQwYTQ3YTcifQ%3D%3D\">\n\t\t\t\t\t<div class=\"e-gallery-image elementor-gallery-item__image\" data-thumbnail=\"https:\/\/muzeumwspolczesne.pl\/wp-content\/uploads\/2024\/01\/image-263-768x432.jpeg\" data-width=\"768\" data-height=\"432\" aria-label=\"\" role=\"img\" ><\/div>\n\t\t\t\t\t\t\t\t\t\t\t<div class=\"elementor-gallery-item__overlay\"><\/div>\n\t\t\t\t\t\t\t\t\t\t\t\t\t\t<\/a>\n\t\t\t\t\t\t\t<a class=\"e-gallery-item elementor-gallery-item elementor-animated-content\" href=\"https:\/\/muzeumwspolczesne.pl\/wp-content\/uploads\/2024\/01\/image-264.jpeg\" data-elementor-open-lightbox=\"yes\" data-elementor-lightbox-slideshow=\"340a47a7\" data-elementor-lightbox-title=\"image\" data-e-action-hash=\"#elementor-action%3Aaction%3Dlightbox%26settings%3DeyJpZCI6MTk1MzUsInVybCI6Imh0dHBzOlwvXC9tdXpldW13c3BvbGN6ZXNuZS5wbFwvd3AtY29udGVudFwvdXBsb2Fkc1wvMjAyNFwvMDFcL2ltYWdlLTI2NC5qcGVnIiwic2xpZGVzaG93IjoiMzQwYTQ3YTcifQ%3D%3D\">\n\t\t\t\t\t<div class=\"e-gallery-image elementor-gallery-item__image\" data-thumbnail=\"https:\/\/muzeumwspolczesne.pl\/wp-content\/uploads\/2024\/01\/image-264-768x432.jpeg\" data-width=\"768\" data-height=\"432\" aria-label=\"\" role=\"img\" ><\/div>\n\t\t\t\t\t\t\t\t\t\t\t<div class=\"elementor-gallery-item__overlay\"><\/div>\n\t\t\t\t\t\t\t\t\t\t\t\t\t\t<\/a>\n\t\t\t\t\t\t\t<a class=\"e-gallery-item elementor-gallery-item elementor-animated-content\" href=\"https:\/\/muzeumwspolczesne.pl\/wp-content\/uploads\/2024\/01\/image-265.jpeg\" data-elementor-open-lightbox=\"yes\" data-elementor-lightbox-slideshow=\"340a47a7\" data-elementor-lightbox-title=\"image\" data-e-action-hash=\"#elementor-action%3Aaction%3Dlightbox%26settings%3DeyJpZCI6MTk1MzYsInVybCI6Imh0dHBzOlwvXC9tdXpldW13c3BvbGN6ZXNuZS5wbFwvd3AtY29udGVudFwvdXBsb2Fkc1wvMjAyNFwvMDFcL2ltYWdlLTI2NS5qcGVnIiwic2xpZGVzaG93IjoiMzQwYTQ3YTcifQ%3D%3D\">\n\t\t\t\t\t<div class=\"e-gallery-image elementor-gallery-item__image\" data-thumbnail=\"https:\/\/muzeumwspolczesne.pl\/wp-content\/uploads\/2024\/01\/image-265-768x432.jpeg\" data-width=\"768\" data-height=\"432\" aria-label=\"\" role=\"img\" ><\/div>\n\t\t\t\t\t\t\t\t\t\t\t<div class=\"elementor-gallery-item__overlay\"><\/div>\n\t\t\t\t\t\t\t\t\t\t\t\t\t\t<\/a>\n\t\t\t\t\t<\/div>\n\t\t\t\t\t<\/div>\n\t\t\t\t<\/div>\n\t\t\t\t<section class=\"elementor-section elementor-inner-section elementor-element elementor-element-6d6e4c25 elementor-section-boxed elementor-section-height-default elementor-section-height-default\" data-id=\"6d6e4c25\" data-element_type=\"section\" data-settings=\"{&quot;background_background&quot;:&quot;classic&quot;}\">\n\t\t\t\t\t\t<div class=\"elementor-container elementor-column-gap-default\">\n\t\t\t\t\t<div class=\"elementor-column elementor-col-100 elementor-inner-column elementor-element elementor-element-7684fff1\" data-id=\"7684fff1\" data-element_type=\"column\">\n\t\t\t<div class=\"elementor-widget-wrap elementor-element-populated\">\n\t\t\t\t\t\t<div class=\"elementor-element elementor-element-63267afa elementor-widget elementor-widget-text-editor\" data-id=\"63267afa\" data-element_type=\"widget\" data-widget_type=\"text-editor.default\">\n\t\t\t\t<div class=\"elementor-widget-container\">\n\t\t\t\t\t\t\t\t\t<p>Prowadz\u0105ca: Sylwia Owczarek<\/p><p>T\u0142umaczka: El\u017cbieta Resler<\/p>\t\t\t\t\t\t\t\t<\/div>\n\t\t\t\t<\/div>\n\t\t\t\t\t<\/div>\n\t\t<\/div>\n\t\t\t\t\t<\/div>\n\t\t<\/section>\n\t\t\t\t<div class=\"elementor-element elementor-element-2ffd87c5 elementor-widget elementor-widget-spacer\" data-id=\"2ffd87c5\" data-element_type=\"widget\" data-widget_type=\"spacer.default\">\n\t\t\t\t<div class=\"elementor-widget-container\">\n\t\t\t\t\t\t\t<div class=\"elementor-spacer\">\n\t\t\t<div class=\"elementor-spacer-inner\"><\/div>\n\t\t<\/div>\n\t\t\t\t\t\t<\/div>\n\t\t\t\t<\/div>\n\t\t\t\t\t<\/div>\n\t\t<\/div>\n\t\t\t\t\t<\/div>\n\t\t<\/section>\n\t\t\t\t<\/div>\n\t\t","protected":false},"excerpt":{"rendered":"<p>Zapraszamy do Muzeum Wsp\u00f3\u0142czesnego Wroc\u0142aw, na pl. Strzegomskim 2A, na oprowadzanie z t\u0142umaczeniem na Polski J\u0119zyk Migowy. Na pocz\u0105tku naszego spotkania zwiedzimy wystaw\u0119 \u201eNERW X\u201d. W przestrzeni ekspozycji zobaczymy prace Konrada Ju\u015bci\u0144skiego, kt\u00f3ry bada dwa obszary: natur\u0119 i kultur\u0119. Artysta wykorzystuje materia\u0142y organiczne i nietrwa\u0142e, takie jak nasiona dmuchawc\u00f3w, tykwy, ga\u0142\u0105zki czy drewno. Wzbogaca je [&hellip;]<\/p>\n","protected":false},"author":6,"featured_media":19532,"parent":0,"template":"","meta":{"footnotes":""},"kategorie-edukacja":[27],"class_list":["post-19531","edukacja","type-edukacja","status-publish","has-post-thumbnail","hentry","kategorie-edukacja-bez-barier"],"_links":{"self":[{"href":"https:\/\/muzeumwspolczesne.pl\/en\/wp-json\/wp\/v2\/edukacja\/19531","targetHints":{"allow":["GET"]}}],"collection":[{"href":"https:\/\/muzeumwspolczesne.pl\/en\/wp-json\/wp\/v2\/edukacja"}],"about":[{"href":"https:\/\/muzeumwspolczesne.pl\/en\/wp-json\/wp\/v2\/types\/edukacja"}],"author":[{"embeddable":true,"href":"https:\/\/muzeumwspolczesne.pl\/en\/wp-json\/wp\/v2\/users\/6"}],"version-history":[{"count":7,"href":"https:\/\/muzeumwspolczesne.pl\/en\/wp-json\/wp\/v2\/edukacja\/19531\/revisions"}],"predecessor-version":[{"id":19542,"href":"https:\/\/muzeumwspolczesne.pl\/en\/wp-json\/wp\/v2\/edukacja\/19531\/revisions\/19542"}],"wp:featuredmedia":[{"embeddable":true,"href":"https:\/\/muzeumwspolczesne.pl\/en\/wp-json\/wp\/v2\/media\/19532"}],"wp:attachment":[{"href":"https:\/\/muzeumwspolczesne.pl\/en\/wp-json\/wp\/v2\/media?parent=19531"}],"wp:term":[{"taxonomy":"kategorie-edukacja","embeddable":true,"href":"https:\/\/muzeumwspolczesne.pl\/en\/wp-json\/wp\/v2\/kategorie-edukacja?post=19531"}],"curies":[{"name":"wp","href":"https:\/\/api.w.org\/{rel}","templated":true}]}}

<div data-elementor-type="wp-post" data-elementor-id="19531" class="elementor elementor-19531" data-elementor-post-type="edukacja">
						<section class="elementor-section elementor-top-section elementor-element elementor-element-63df76ab elementor-section-full_width elementor-section-stretched elementor-section-height-default elementor-section-height-default" data-id="63df76ab" data-element_type="section" data-settings="{&quot;stretch_section&quot;:&quot;section-stretched&quot;}">
						<div class="elementor-container elementor-column-gap-wide">
					<div class="elementor-column elementor-col-33 elementor-top-column elementor-element elementor-element-2c4a704e" data-id="2c4a704e" data-element_type="column">
			<div class="elementor-widget-wrap">
							</div>
		</div>
				<div class="elementor-column elementor-col-66 elementor-top-column elementor-element elementor-element-1a8dafcc" data-id="1a8dafcc" data-element_type="column">
			<div class="elementor-widget-wrap elementor-element-populated">
						<div class="elementor-element elementor-element-4c0211a elementor-widget elementor-widget-text-editor" data-id="4c0211a" data-element_type="widget" data-widget_type="text-editor.default">
				<div class="elementor-widget-container">
									<p>Zapraszamy do Muzeum Współczesnego Wrocław, na pl. Strzegomskim 2A, na oprowadzanie z tłumaczeniem na Polski Język Migowy.</p><p>Na początku naszego spotkania zwiedzimy wystawę „NERW X”. W przestrzeni ekspozycji zobaczymy prace Konrada Juścińskiego, który bada dwa obszary: naturę i kulturę. Artysta wykorzystuje materiały organiczne i nietrwałe, takie jak nasiona dmuchawców, tykwy, gałązki czy drewno. Wzbogaca je o ruch, dźwięk lub zapach.</p><p>Kolejną wystawą, którą odwiedzimy jest wystawa „MŁODZI ARTYŚCI – POLICZALNE, MIERZALNE”.</p><p>To, co widzimy, czego dotykamy i co słyszymy, bierzemy jako coś pewnego. Prace prezentowane na wystawie skupiają się na zjawiskach niedających się zauważyć na pierwszy rzut oka. Zostały oparte na naukach ścisłych: matematyce, fizyce itp. Na wystawie zaprezentujemy młodych, wrocławskich twórców, którzy łącząc sztukę z naukami ścisłymi, stają po stronie zrozumienia otaczających nas zjawisk.</p>								</div>
				</div>
				<div class="elementor-element elementor-element-340a47a7 elementor-widget elementor-widget-gallery" data-id="340a47a7" data-element_type="widget" data-settings="{&quot;gallery_layout&quot;:&quot;justified&quot;,&quot;ideal_row_height&quot;:{&quot;unit&quot;:&quot;px&quot;,&quot;size&quot;:284,&quot;sizes&quot;:[]},&quot;lazyload&quot;:&quot;yes&quot;,&quot;ideal_row_height_tablet&quot;:{&quot;unit&quot;:&quot;px&quot;,&quot;size&quot;:150,&quot;sizes&quot;:[]},&quot;ideal_row_height_mobile&quot;:{&quot;unit&quot;:&quot;px&quot;,&quot;size&quot;:150,&quot;sizes&quot;:[]},&quot;gap&quot;:{&quot;unit&quot;:&quot;px&quot;,&quot;size&quot;:10,&quot;sizes&quot;:[]},&quot;gap_tablet&quot;:{&quot;unit&quot;:&quot;px&quot;,&quot;size&quot;:10,&quot;sizes&quot;:[]},&quot;gap_mobile&quot;:{&quot;unit&quot;:&quot;px&quot;,&quot;size&quot;:10,&quot;sizes&quot;:[]},&quot;link_to&quot;:&quot;file&quot;,&quot;overlay_background&quot;:&quot;yes&quot;,&quot;content_hover_animation&quot;:&quot;fade-in&quot;}" data-widget_type="gallery.default">
				<div class="elementor-widget-container">
							<div class="elementor-gallery__container">
							<a class="e-gallery-item elementor-gallery-item elementor-animated-content" href="https://muzeumwspolczesne.pl/wp-content/uploads/2024/01/image-263.jpeg" data-elementor-open-lightbox="yes" data-elementor-lightbox-slideshow="340a47a7" data-elementor-lightbox-title="image" data-e-action-hash="#elementor-action%3Aaction%3Dlightbox%26settings%3DeyJpZCI6MTk1MzQsInVybCI6Imh0dHBzOlwvXC9tdXpldW13c3BvbGN6ZXNuZS5wbFwvd3AtY29udGVudFwvdXBsb2Fkc1wvMjAyNFwvMDFcL2ltYWdlLTI2My5qcGVnIiwic2xpZGVzaG93IjoiMzQwYTQ3YTcifQ%3D%3D">
					<div class="e-gallery-image elementor-gallery-item__image" data-thumbnail="https://muzeumwspolczesne.pl/wp-content/uploads/2024/01/image-263-768x432.jpeg" data-width="768" data-height="432" aria-label="" role="img" ></div>
											<div class="elementor-gallery-item__overlay"></div>
														</a>
							<a class="e-gallery-item elementor-gallery-item elementor-animated-content" href="https://muzeumwspolczesne.pl/wp-content/uploads/2024/01/image-264.jpeg" data-elementor-open-lightbox="yes" data-elementor-lightbox-slideshow="340a47a7" data-elementor-lightbox-title="image" data-e-action-hash="#elementor-action%3Aaction%3Dlightbox%26settings%3DeyJpZCI6MTk1MzUsInVybCI6Imh0dHBzOlwvXC9tdXpldW13c3BvbGN6ZXNuZS5wbFwvd3AtY29udGVudFwvdXBsb2Fkc1wvMjAyNFwvMDFcL2ltYWdlLTI2NC5qcGVnIiwic2xpZGVzaG93IjoiMzQwYTQ3YTcifQ%3D%3D">
					<div class="e-gallery-image elementor-gallery-item__image" data-thumbnail="https://muzeumwspolczesne.pl/wp-content/uploads/2024/01/image-264-768x432.jpeg" data-width="768" data-height="432" aria-label="" role="img" ></div>
											<div class="elementor-gallery-item__overlay"></div>
														</a>
							<a class="e-gallery-item elementor-gallery-item elementor-animated-content" href="https://muzeumwspolczesne.pl/wp-content/uploads/2024/01/image-265.jpeg" data-elementor-open-lightbox="yes" data-elementor-lightbox-slideshow="340a47a7" data-elementor-lightbox-title="image" data-e-action-hash="#elementor-action%3Aaction%3Dlightbox%26settings%3DeyJpZCI6MTk1MzYsInVybCI6Imh0dHBzOlwvXC9tdXpldW13c3BvbGN6ZXNuZS5wbFwvd3AtY29udGVudFwvdXBsb2Fkc1wvMjAyNFwvMDFcL2ltYWdlLTI2NS5qcGVnIiwic2xpZGVzaG93IjoiMzQwYTQ3YTcifQ%3D%3D">
					<div class="e-gallery-image elementor-gallery-item__image" data-thumbnail="https://muzeumwspolczesne.pl/wp-content/uploads/2024/01/image-265-768x432.jpeg" data-width="768" data-height="432" aria-label="" role="img" ></div>
											<div class="elementor-gallery-item__overlay"></div>
														</a>
					</div>
					</div>
				</div>
				<section class="elementor-section elementor-inner-section elementor-element elementor-element-6d6e4c25 elementor-section-boxed elementor-section-height-default elementor-section-height-default" data-id="6d6e4c25" data-element_type="section" data-settings="{&quot;background_background&quot;:&quot;classic&quot;}">
						<div class="elementor-container elementor-column-gap-default">
					<div class="elementor-column elementor-col-100 elementor-inner-column elementor-element elementor-element-7684fff1" data-id="7684fff1" data-element_type="column">
			<div class="elementor-widget-wrap elementor-element-populated">
						<div class="elementor-element elementor-element-63267afa elementor-widget elementor-widget-text-editor" data-id="63267afa" data-element_type="widget" data-widget_type="text-editor.default">
				<div class="elementor-widget-container">
									<p>Prowadząca: Sylwia Owczarek</p><p>Tłumaczka: Elżbieta Resler</p>								</div>
				</div>
					</div>
		</div>
					</div>
		</section>
				<div class="elementor-element elementor-element-2ffd87c5 elementor-widget elementor-widget-spacer" data-id="2ffd87c5" data-element_type="widget" data-widget_type="spacer.default">
				<div class="elementor-widget-container">
							<div class="elementor-spacer">
			<div class="elementor-spacer-inner"></div>
		</div>
						</div>
				</div>
					</div>
		</div>
					</div>
		</section>
				</div>

<p>Zapraszamy do Muzeum Współczesnego Wrocław, na pl. Strzegomskim 2A, na oprowadzanie z tłumaczeniem na Polski Język Migowy. Na początku naszego spotkania zwiedzimy wystawę „NERW X”. W przestrzeni ekspozycji zobaczymy prace Konrada Juścińskiego, który bada dwa obszary: naturę i kulturę. Artysta wykorzystuje materiały organiczne i nietrwałe, takie jak nasiona dmuchawców, tykwy, gałązki czy drewno. Wzbogaca je [&hellip;]</p>
