{"id":26763,"date":"2022-02-16T15:56:00","date_gmt":"2022-02-16T15:56:00","guid":{"rendered":"https:\/\/muzeumwspolczesne.pl\/?post_type=edukacja&#038;p=26763"},"modified":"2024-01-29T15:57:27","modified_gmt":"2024-01-29T15:57:27","slug":"oprowadzanie-z-tlumaczeniem-na-pjm-po-wystawie-prywatne-mitologie-urodziny-marty","status":"publish","type":"edukacja","link":"https:\/\/muzeumwspolczesne.pl\/en\/zapowiedzi\/oprowadzanie-z-tlumaczeniem-na-pjm-po-wystawie-prywatne-mitologie-urodziny-marty\/","title":{"rendered":"OPROWADZANIE Z T\u0141UMACZENIEM NA PJM PO WYSTAWIE \u201ePRYWATNE MITOLOGIE. URODZINY MARTY\u201d"},"content":{"rendered":"\t\t<div data-elementor-type=\"wp-post\" data-elementor-id=\"26763\" class=\"elementor elementor-26763\" data-elementor-post-type=\"edukacja\">\n\t\t\t\t\t\t<section class=\"elementor-section elementor-top-section elementor-element elementor-element-5d87cf1 elementor-section-boxed elementor-section-height-default elementor-section-height-default\" data-id=\"5d87cf1\" data-element_type=\"section\">\n\t\t\t\t\t\t<div class=\"elementor-container elementor-column-gap-default\">\n\t\t\t\t\t<div class=\"elementor-column elementor-col-100 elementor-top-column elementor-element elementor-element-5d55fd2\" data-id=\"5d55fd2\" data-element_type=\"column\">\n\t\t\t<div class=\"elementor-widget-wrap elementor-element-populated\">\n\t\t\t\t\t\t<div class=\"elementor-element elementor-element-d69c431 elementor-widget elementor-widget-text-editor\" data-id=\"d69c431\" data-element_type=\"widget\" data-widget_type=\"text-editor.default\">\n\t\t\t\t<div class=\"elementor-widget-container\">\n\t\t\t\t\t\t\t\t\t<p>W \u015brod\u0119, 16 lutego o godzinie 18.00 zapraszamy na oprowadzanie po wystawie <em>Prywatne mitologie. Urodziny Marty<\/em> t\u0142umaczone symultanicznie na polski j\u0119zyk migowy (PJM). Spotkanie b\u0119dzie okazj\u0105 do zapoznania si\u0119 z wystaw\u0105 sta\u0142\u0105 z mi\u0119dzynarodowej kolekcji sztuki wsp\u00f3\u0142czesnej Muzeum Wsp\u00f3\u0142czesnego Wroc\u0142aw.<\/p><p>O wystawie opowie Anna Krukowska (koordynatorka programu spo\u0142ecznego MWW), t\u0142umaczy\u0107 b\u0119dzie El\u017cbieta Resler.<\/p><p><strong><a href=\"https:\/\/docs.google.com\/forms\/d\/1WOXOS019vmZA6vBu_IZ9xmVa2lMiY3tZTnP4HUzFgi8\/\">Zapisy przez formularz zg\u0142oszeniowy, link do formularza.<\/a><\/strong><\/p><p>El\u017cbieta Resler \u2013 t\u0142umaczka j\u0119zyka migowego Coda (s\u0142ysz\u0105ce dziecko nies\u0142ysz\u0105cych rodzic\u00f3w), surdopedagog, sekretarz Wroc\u0142awskiego Klubu Sportowego Nies\u0142ysz\u0105cych \u015awit. Wsp\u00f3\u0142pracuje z Fundacj\u0105 Katarynka, dla kt\u00f3rej przygotowuje t\u0142umaczenia, spektakli teatralnych, film\u00f3w, ostatnio tak\u017ce Sylwestra na wroc\u0142awskim Rynku oraz opis\u00f3w prac na wystawie <em>Prywatne mitologie. Urodziny Marty<\/em>.<\/p><p><a href=\"https:\/\/wambox.muzeum.pl\/home\/wambox\/domains\/wambox.pl\/public_html\/kopiamuzeum\/wystawy\/kolekcja-dostepna\/\">Link do Kolekcji dost\u0119pnej.<\/a><\/p><p><a href=\"https:\/\/wambox.muzeum.pl\/home\/wambox\/domains\/wambox.pl\/public_html\/kopiamuzeum\/wystawy\/wystawa-stala-prywatne-mitologie-urodziny-marty\/\">Link do wi\u0119cej informacji o wystawie <em>Prywatne mitologie. Urodziny Marty<\/em>.<\/a><\/p><hr \/><p>Wystaw\u0119 dofinansowano ze \u015brodk\u00f3w Ministra Kultury i Dziedzictwa Narodowego. Zakupy prac do kolekcji MWW dofinansowano ze \u015brodk\u00f3w Ministra Kultury i Dziedzictwa Narodowego pochodz\u0105cych z Funduszu Promocji Kultury \u2013 pa\u0144stwowego funduszu celowego. Nazwa programu: Narodowa kolekcja sztuki wsp\u00f3\u0142czesnej.<br \/><a href=\"https:\/\/www.gov.pl\/web\/kultura\"><img decoding=\"async\" class=\"alignleft size-full wp-image-15261\" src=\"https:\/\/kopiamuzeum.wambox.pl\/home\/wambox\/domains\/wambox.pl\/public_html\/kopiamuzeum\/wp-content\/uploads\/2022\/01\/logo-mkidn-2022.jpg\" sizes=\"(max-width: 205px) 100vw, 205px\" srcset=\"https:\/\/kopiamuzeum.wambox.pl\/wp-content\/uploads\/2022\/01\/logo-mkidn-2022.jpg 500w, https:\/\/kopiamuzeum.wambox.pl\/wp-content\/uploads\/2022\/01\/logo-mkidn-2022-300x121.jpg 300w\" alt=\"Logotyp, na bia\u0142ym tle z lewej strony zarys god\u0142a Polski - or\u0142a w koronie. Po prawej stronie napis Ministerstwo Kultury i Dziedzictwa Narodowego\" width=\"205\" height=\"82\" \/><\/a><\/p>\t\t\t\t\t\t\t\t<\/div>\n\t\t\t\t<\/div>\n\t\t\t\t\t<\/div>\n\t\t<\/div>\n\t\t\t\t\t<\/div>\n\t\t<\/section>\n\t\t\t\t<\/div>\n\t\t","protected":false},"excerpt":{"rendered":"<p>W \u015brod\u0119, 16 lutego o godzinie 18.00 zapraszamy na oprowadzanie po wystawie Prywatne mitologie. Urodziny Marty t\u0142umaczone symultanicznie na polski j\u0119zyk migowy (PJM). Spotkanie b\u0119dzie okazj\u0105 do zapoznania si\u0119 z wystaw\u0105 sta\u0142\u0105 z mi\u0119dzynarodowej kolekcji sztuki wsp\u00f3\u0142czesnej Muzeum Wsp\u00f3\u0142czesnego Wroc\u0142aw. O wystawie opowie Anna Krukowska (koordynatorka programu spo\u0142ecznego MWW), t\u0142umaczy\u0107 b\u0119dzie El\u017cbieta Resler. Zapisy przez [&hellip;]<\/p>\n","protected":false},"author":6,"featured_media":26764,"parent":0,"template":"","meta":{"footnotes":""},"kategorie-edukacja":[27],"class_list":["post-26763","edukacja","type-edukacja","status-publish","has-post-thumbnail","hentry","kategorie-edukacja-bez-barier"],"_links":{"self":[{"href":"https:\/\/muzeumwspolczesne.pl\/en\/wp-json\/wp\/v2\/edukacja\/26763","targetHints":{"allow":["GET"]}}],"collection":[{"href":"https:\/\/muzeumwspolczesne.pl\/en\/wp-json\/wp\/v2\/edukacja"}],"about":[{"href":"https:\/\/muzeumwspolczesne.pl\/en\/wp-json\/wp\/v2\/types\/edukacja"}],"author":[{"embeddable":true,"href":"https:\/\/muzeumwspolczesne.pl\/en\/wp-json\/wp\/v2\/users\/6"}],"version-history":[{"count":4,"href":"https:\/\/muzeumwspolczesne.pl\/en\/wp-json\/wp\/v2\/edukacja\/26763\/revisions"}],"predecessor-version":[{"id":26768,"href":"https:\/\/muzeumwspolczesne.pl\/en\/wp-json\/wp\/v2\/edukacja\/26763\/revisions\/26768"}],"wp:featuredmedia":[{"embeddable":true,"href":"https:\/\/muzeumwspolczesne.pl\/en\/wp-json\/wp\/v2\/media\/26764"}],"wp:attachment":[{"href":"https:\/\/muzeumwspolczesne.pl\/en\/wp-json\/wp\/v2\/media?parent=26763"}],"wp:term":[{"taxonomy":"kategorie-edukacja","embeddable":true,"href":"https:\/\/muzeumwspolczesne.pl\/en\/wp-json\/wp\/v2\/kategorie-edukacja?post=26763"}],"curies":[{"name":"wp","href":"https:\/\/api.w.org\/{rel}","templated":true}]}}

OPROWADZANIE Z TŁUMACZENIEM NA PJM PO WYSTAWIE „PRYWATNE MITOLOGIE. URODZINY MARTY”

<div data-elementor-type="wp-post" data-elementor-id="26763" class="elementor elementor-26763" data-elementor-post-type="edukacja">
						<section class="elementor-section elementor-top-section elementor-element elementor-element-5d87cf1 elementor-section-boxed elementor-section-height-default elementor-section-height-default" data-id="5d87cf1" data-element_type="section">
						<div class="elementor-container elementor-column-gap-default">
					<div class="elementor-column elementor-col-100 elementor-top-column elementor-element elementor-element-5d55fd2" data-id="5d55fd2" data-element_type="column">
			<div class="elementor-widget-wrap elementor-element-populated">
						<div class="elementor-element elementor-element-d69c431 elementor-widget elementor-widget-text-editor" data-id="d69c431" data-element_type="widget" data-widget_type="text-editor.default">
				<div class="elementor-widget-container">
									<p>W środę, 16 lutego o godzinie 18.00 zapraszamy na oprowadzanie po wystawie <em>Prywatne mitologie. Urodziny Marty</em> tłumaczone symultanicznie na polski język migowy (PJM). Spotkanie będzie okazją do zapoznania się z wystawą stałą z międzynarodowej kolekcji sztuki współczesnej Muzeum Współczesnego Wrocław.</p><p>O wystawie opowie Anna Krukowska (koordynatorka programu społecznego MWW), tłumaczyć będzie Elżbieta Resler.</p><p><strong><a href="https://docs.google.com/forms/d/1WOXOS019vmZA6vBu_IZ9xmVa2lMiY3tZTnP4HUzFgi8/">Zapisy przez formularz zgłoszeniowy, link do formularza.</a></strong></p><p>Elżbieta Resler – tłumaczka języka migowego Coda (słyszące dziecko niesłyszących rodziców), surdopedagog, sekretarz Wrocławskiego Klubu Sportowego Niesłyszących Świt. Współpracuje z Fundacją Katarynka, dla której przygotowuje tłumaczenia, spektakli teatralnych, filmów, ostatnio także Sylwestra na wrocławskim Rynku oraz opisów prac na wystawie <em>Prywatne mitologie. Urodziny Marty</em>.</p><p><a href="https://wambox.muzeum.pl/home/wambox/domains/wambox.pl/public_html/kopiamuzeum/wystawy/kolekcja-dostepna/">Link do Kolekcji dostępnej.</a></p><p><a href="https://wambox.muzeum.pl/home/wambox/domains/wambox.pl/public_html/kopiamuzeum/wystawy/wystawa-stala-prywatne-mitologie-urodziny-marty/">Link do więcej informacji o wystawie <em>Prywatne mitologie. Urodziny Marty</em>.</a></p><hr /><p>Wystawę dofinansowano ze środków Ministra Kultury i Dziedzictwa Narodowego. Zakupy prac do kolekcji MWW dofinansowano ze środków Ministra Kultury i Dziedzictwa Narodowego pochodzących z Funduszu Promocji Kultury – państwowego funduszu celowego. Nazwa programu: Narodowa kolekcja sztuki współczesnej.<br /><a href="https://www.gov.pl/web/kultura"><img decoding="async" class="alignleft size-full wp-image-15261" src="https://kopiamuzeum.wambox.pl/home/wambox/domains/wambox.pl/public_html/kopiamuzeum/wp-content/uploads/2022/01/logo-mkidn-2022.jpg" sizes="(max-width: 205px) 100vw, 205px" srcset="https://kopiamuzeum.wambox.pl/wp-content/uploads/2022/01/logo-mkidn-2022.jpg 500w, https://kopiamuzeum.wambox.pl/wp-content/uploads/2022/01/logo-mkidn-2022-300x121.jpg 300w" alt="Logotyp, na białym tle z lewej strony zarys godła Polski - orła w koronie. Po prawej stronie napis Ministerstwo Kultury i Dziedzictwa Narodowego" width="205" height="82" /></a></p>								</div>
				</div>
					</div>
		</div>
					</div>
		</section>
				</div>

<p>W środę, 16 lutego o godzinie 18.00 zapraszamy na oprowadzanie po wystawie Prywatne mitologie. Urodziny Marty tłumaczone symultanicznie na polski język migowy (PJM). Spotkanie będzie okazją do zapoznania się z wystawą stałą z międzynarodowej kolekcji sztuki współczesnej Muzeum Współczesnego Wrocław. O wystawie opowie Anna Krukowska (koordynatorka programu społecznego MWW), tłumaczyć będzie Elżbieta Resler. Zapisy przez [&hellip;]</p>
