{"id":26786,"date":"2020-03-02T15:59:00","date_gmt":"2020-03-02T15:59:00","guid":{"rendered":"https:\/\/muzeumwspolczesne.pl\/?post_type=edukacja&#038;p=26786"},"modified":"2024-01-29T16:00:33","modified_gmt":"2024-01-29T16:00:33","slug":"rozrusznik-bez-barier-warsztaty-integracyjne-wiosna-lato","status":"publish","type":"edukacja","link":"https:\/\/muzeumwspolczesne.pl\/en\/zapowiedzi\/rozrusznik-bez-barier-warsztaty-integracyjne-wiosna-lato\/","title":{"rendered":"ROZRUSZNIK BEZ BARIER \u2014 WARSZTATY INTEGRACYJNE (WIOSNA\/LATO)"},"content":{"rendered":"\t\t<div data-elementor-type=\"wp-post\" data-elementor-id=\"26786\" class=\"elementor elementor-26786\" data-elementor-post-type=\"edukacja\">\n\t\t\t\t\t\t<section class=\"elementor-section elementor-top-section elementor-element elementor-element-612f244 elementor-section-boxed elementor-section-height-default elementor-section-height-default\" data-id=\"612f244\" data-element_type=\"section\">\n\t\t\t\t\t\t<div class=\"elementor-container elementor-column-gap-default\">\n\t\t\t\t\t<div class=\"elementor-column elementor-col-100 elementor-top-column elementor-element elementor-element-aebaab7\" data-id=\"aebaab7\" data-element_type=\"column\">\n\t\t\t<div class=\"elementor-widget-wrap elementor-element-populated\">\n\t\t\t\t\t\t<div class=\"elementor-element elementor-element-0f43942 elementor-widget elementor-widget-text-editor\" data-id=\"0f43942\" data-element_type=\"widget\" data-widget_type=\"text-editor.default\">\n\t\t\t\t<div class=\"elementor-widget-container\">\n\t\t\t\t\t\t\t\t\t<p>Muzeum Wsp\u00f3\u0142czesne Wroc\u0142aw zaprasza na kolejn\u0105 ods\u0142on\u0119 warsztat\u00f3w Rozrusznika bez barier. Zaj\u0119cia skierowane s\u0105 do os\u00f3b z niepe\u0142nosprawno\u015bci\u0105 intelektualn\u0105 i ruchow\u0105 w ka\u017cdym wieku: zorganizowanych grup szkolnych oraz pacjent\u00f3w o\u015brodk\u00f3w terapeutycznych.<\/p><p>Podczas edycji wiosna\/lato we\u017amiemy pod lup\u0119 dzie\u0142a prezentowane na wystawach czasowych oraz sta\u0142ych. Ka\u017cde spotkanie b\u0119dzie dotyczy\u0107 wybranego obiektu artystycznego. Po przeprowadzeniu dok\u0142adnej sekcji dzie\u0142a sztuki, przyst\u0105pimy do w\u0142asnego dzia\u0142ania plastycznego. Postaramy si\u0119 stworzy\u0107 dzie\u0142o mimetyczne, aby przej\u015b\u0107 drog\u0119 procesu tworzenia zbli\u017con\u0105 do tej, kt\u00f3r\u0105 przechodzi autor dzie\u0142a. Powsta\u0142e w ten spos\u00f3b prace, przetworzone przez nasz\u0105 wra\u017cliwo\u015b\u0107 i indywidualizm \u2013 zestawimy z pierwowzorem.<\/p><p>W zwi\u0105zku z wystaw\u0105 sta\u0142\u0105 <em><a href=\"https:\/\/wambox.muzeum.pl\/home\/wambox\/domains\/wambox.pl\/public_html\/kopiamuzeum\/wystawy\/wystawa-stala-prywatne-mitologie-urodziny-marty\/\">Prywatne mitologie. Urodziny Marty<\/a><\/em>, przedstawiaj\u0105c\u0105 dzie\u0142a z mi\u0119dzynarodowej kolekcji sztuki wsp\u00f3\u0142czesnej MWW, zaplanowali\u015bmy w ramach <strong>Rozrusznika bez barier<\/strong>seri\u0119 spotka\u0144 po\u015bwi\u0119conych metodom i technikom, w jakich prezentowane prace wykonali ich autorzy \u2013 cykl: <strong>Tworzywo kolekcji<\/strong>. W ten spos\u00f3b wybrane dzie\u0142a poznamy w kontek\u015bcie r\u00f3\u017cnych sposob\u00f3w realizowania artystycznej koncepcji.<br \/>\u00a0<br \/>\u00a0<br \/><strong>Prowadz\u0105ca: Joanna Seku\u0142a <\/strong><br \/>Absolwentka wroc\u0142awskiej ASP (Wydzia\u0142 Ceramiki i Szk\u0142a), Akademii Pedagogicznej im. J. D\u0142ugosza w Cz\u0119stochowie oraz Dolno\u015bl\u0105skiej Szko\u0142y Wy\u017cszej (Arteterapia). Na co dzie\u0144 prowadzi pracowni\u0119 ceramiki w MDK \u015ar\u00f3dmie\u015bcie \u2013 Wroc\u0142aw oraz warsztaty w Muzeum Wsp\u00f3\u0142czesnym Wroc\u0142aw. Prac\u0119 dydaktyczn\u0105 opiera na tw\u00f3rczej zabawie ze sztuk\u0105, kszta\u0142tuj\u0105c wra\u017cliwo\u015b\u0107 i rozwijaj\u0105c pasj\u0119 dzieci i m\u0142odzie\u017cy. W pracy artystycznej eksperymentuje z materi\u0105 ceramiczn\u0105. Tworzy obiekty estetyczne, inspirowane wielowymiarowo\u015bci\u0105 i niejednoznaczno\u015bci\u0105 rzeczywisto\u015bci. Zafascynowana tw\u00f3rczo\u015bci\u0105 dziecka, jog\u0105 i magicznym realizmem. Uczestniczka wielu konkurs\u00f3w, wystaw i wydarze\u0144 artystycznych.<br \/>\u00a0<br \/>\u00a0<br \/><strong>ARCHIWUM<\/strong><\/p><p><strong>#1 INTERAKCJE, CZYLI DZIA\u0141ANIA WOK\u00d3\u0141 PRACY KAROLINY SZYMANOWSKIEJ PT. <em>CZU\u0141Y PUNKT<\/em><\/strong><\/p><p>Podczas spotkania b\u0119dziemy mieli okazj\u0119 obejrze\u0107 wyj\u0105tkow\u0105 i nietypow\u0105 wystaw\u0119 m\u0142odej wroc\u0142awskiej artystki \u2013 Karoliny Szymanowskiej. Wybrane instalacje pozwol\u0105 nam na prac\u0119 z cia\u0142em, w relacji do prezentowanych obiekt\u00f3w. Tym samym nadamy dzie\u0142om Szymanowskiej nowe znaczenia, otworzymy si\u0119 na nowe interpretacje. Prac\u0119 pt. <em>Czu\u0142y punkt<\/em>, b\u0119d\u0105c\u0105 swoistym <em>ready made<\/em>, odtworzymy podczas warsztat\u00f3w manualnych. Nast\u0119pnie zestawimy nasze realizacje z orygina\u0142em w przestrzeni wystawy, tworz\u0105c zmultiplikowan\u0105 instalacj\u0119 \u201eczu\u0142ych punkt\u00f3w\u201d.<br \/>\u00a0<br \/>\u00a0<br \/><strong>#2 WIELOBARWNO\u015a\u0106 RZECZYWISTO\u015aCI CZYLI FILTRY I KOLORYSTYCZNE ZALE\u017bNO\u015aCI<\/strong><\/p><p>Podczas sierpniowego spotkania w ramach Rozrusznika bez barier obejrzymy wystaw\u0119 stanowi\u0105c\u0105 nietypowy zapis fotograficzny z podr\u00f3\u017cy do Japonii. Zdj\u0119cia \u0141ukasza Rusznicy z wystawy <em>Rzeka podziemna<\/em> przenios\u0105 nas w \u015bwiat zmys\u0142owych obraz\u00f3w, wyra\u017caj\u0105cych ukryte relacje i znaczenia. Podczas warsztat\u00f3w zbadamy r\u00f3\u017cne mo\u017cliwo\u015bci postrzegania otoczenia, w naszych eksperymentach zastosujemy kolorowe filtry oraz r\u00f3\u017cnobarwne t\u0142a dla wybranych wcze\u015bniej kadr\u00f3w.<\/p>\t\t\t\t\t\t\t\t<\/div>\n\t\t\t\t<\/div>\n\t\t\t\t\t<\/div>\n\t\t<\/div>\n\t\t\t\t\t<\/div>\n\t\t<\/section>\n\t\t\t\t<section class=\"elementor-section elementor-top-section elementor-element elementor-element-8739bad elementor-section-boxed elementor-section-height-default elementor-section-height-default\" data-id=\"8739bad\" data-element_type=\"section\">\n\t\t\t\t\t\t<div class=\"elementor-container elementor-column-gap-default\">\n\t\t\t\t\t<div class=\"elementor-column elementor-col-100 elementor-top-column elementor-element elementor-element-5b26139\" data-id=\"5b26139\" data-element_type=\"column\">\n\t\t\t<div class=\"elementor-widget-wrap elementor-element-populated\">\n\t\t\t\t\t\t<div class=\"elementor-element elementor-element-e9a68a9 elementor-widget elementor-widget-text-editor\" data-id=\"e9a68a9\" data-element_type=\"widget\" data-widget_type=\"text-editor.default\">\n\t\t\t\t<div class=\"elementor-widget-container\">\n\t\t\t\t\t\t\t\t\t<p><span style=\"letter-spacing: normal; font-family: BauPLRegular, sans-serif; font-size: 11px; background-color: rgb(251, 251, 251);\">Prowadzenie warsztat\u00f3w:<\/span><br style=\"letter-spacing: normal; font-family: BauPLRegular, sans-serif; font-size: 11px;\"><span style=\"letter-spacing: normal; font-family: BauPLRegular, sans-serif; font-size: 11px; background-color: rgb(251, 251, 251);\">Joanna Seku\u0142a<\/span><br style=\"letter-spacing: normal; font-family: BauPLRegular, sans-serif; font-size: 11px;\"><br style=\"letter-spacing: normal; font-family: BauPLRegular, sans-serif; font-size: 11px;\"><span style=\"letter-spacing: normal; font-family: BauPLRegular, sans-serif; font-size: 11px; background-color: rgb(251, 251, 251);\">Spotkania s\u0105 bezp\u0142atne,&nbsp;<\/span><br style=\"letter-spacing: normal; font-family: BauPLRegular, sans-serif; font-size: 11px;\"><span style=\"letter-spacing: normal; font-family: BauPLRegular, sans-serif; font-size: 11px; background-color: rgb(251, 251, 251);\">ale obowi\u0105zuje&nbsp;<\/span><br style=\"letter-spacing: normal; font-family: BauPLRegular, sans-serif; font-size: 11px;\"><span style=\"letter-spacing: normal; font-family: BauPLRegular, sans-serif; font-size: 11px; background-color: rgb(251, 251, 251);\">rezerwacja telefoniczna:&nbsp;<\/span><br style=\"letter-spacing: normal; font-family: BauPLRegular, sans-serif; font-size: 11px;\"><span style=\"letter-spacing: normal; font-family: BauPLRegular, sans-serif; font-size: 11px; background-color: rgb(251, 251, 251);\">501 466 319<\/span><br style=\"letter-spacing: normal; font-family: BauPLRegular, sans-serif; font-size: 11px;\"><br style=\"letter-spacing: normal; font-family: BauPLRegular, sans-serif; font-size: 11px;\"><span style=\"letter-spacing: normal; font-family: BauPLRegular, sans-serif; font-size: 11px; background-color: rgb(251, 251, 251);\">Czas trwania 1,5 godz.<\/span><br style=\"letter-spacing: normal; font-family: BauPLRegular, sans-serif; font-size: 11px;\"><br style=\"letter-spacing: normal; font-family: BauPLRegular, sans-serif; font-size: 11px;\"><span style=\"letter-spacing: normal; font-family: BauPLRegular, sans-serif; font-size: 11px; background-color: rgb(251, 251, 251);\">Terminy do uzgodnienia<\/span><br><\/p>\t\t\t\t\t\t\t\t<\/div>\n\t\t\t\t<\/div>\n\t\t\t\t\t<\/div>\n\t\t<\/div>\n\t\t\t\t\t<\/div>\n\t\t<\/section>\n\t\t\t\t<\/div>\n\t\t","protected":false},"excerpt":{"rendered":"<p>Muzeum Wsp\u00f3\u0142czesne Wroc\u0142aw zaprasza na kolejn\u0105 ods\u0142on\u0119 warsztat\u00f3w Rozrusznika bez barier. Zaj\u0119cia skierowane s\u0105 do os\u00f3b z niepe\u0142nosprawno\u015bci\u0105 intelektualn\u0105 i ruchow\u0105 w ka\u017cdym wieku: zorganizowanych grup szkolnych oraz pacjent\u00f3w o\u015brodk\u00f3w terapeutycznych. Podczas edycji wiosna\/lato we\u017amiemy pod lup\u0119 dzie\u0142a prezentowane na wystawach czasowych oraz sta\u0142ych. Ka\u017cde spotkanie b\u0119dzie dotyczy\u0107 wybranego obiektu artystycznego. Po przeprowadzeniu dok\u0142adnej sekcji [&hellip;]<\/p>\n","protected":false},"author":6,"featured_media":26787,"parent":0,"template":"","meta":{"footnotes":""},"kategorie-edukacja":[27],"class_list":["post-26786","edukacja","type-edukacja","status-publish","has-post-thumbnail","hentry","kategorie-edukacja-bez-barier"],"_links":{"self":[{"href":"https:\/\/muzeumwspolczesne.pl\/en\/wp-json\/wp\/v2\/edukacja\/26786","targetHints":{"allow":["GET"]}}],"collection":[{"href":"https:\/\/muzeumwspolczesne.pl\/en\/wp-json\/wp\/v2\/edukacja"}],"about":[{"href":"https:\/\/muzeumwspolczesne.pl\/en\/wp-json\/wp\/v2\/types\/edukacja"}],"author":[{"embeddable":true,"href":"https:\/\/muzeumwspolczesne.pl\/en\/wp-json\/wp\/v2\/users\/6"}],"version-history":[{"count":4,"href":"https:\/\/muzeumwspolczesne.pl\/en\/wp-json\/wp\/v2\/edukacja\/26786\/revisions"}],"predecessor-version":[{"id":26791,"href":"https:\/\/muzeumwspolczesne.pl\/en\/wp-json\/wp\/v2\/edukacja\/26786\/revisions\/26791"}],"wp:featuredmedia":[{"embeddable":true,"href":"https:\/\/muzeumwspolczesne.pl\/en\/wp-json\/wp\/v2\/media\/26787"}],"wp:attachment":[{"href":"https:\/\/muzeumwspolczesne.pl\/en\/wp-json\/wp\/v2\/media?parent=26786"}],"wp:term":[{"taxonomy":"kategorie-edukacja","embeddable":true,"href":"https:\/\/muzeumwspolczesne.pl\/en\/wp-json\/wp\/v2\/kategorie-edukacja?post=26786"}],"curies":[{"name":"wp","href":"https:\/\/api.w.org\/{rel}","templated":true}]}}

<div data-elementor-type="wp-post" data-elementor-id="26786" class="elementor elementor-26786" data-elementor-post-type="edukacja">
						<section class="elementor-section elementor-top-section elementor-element elementor-element-612f244 elementor-section-boxed elementor-section-height-default elementor-section-height-default" data-id="612f244" data-element_type="section">
						<div class="elementor-container elementor-column-gap-default">
					<div class="elementor-column elementor-col-100 elementor-top-column elementor-element elementor-element-aebaab7" data-id="aebaab7" data-element_type="column">
			<div class="elementor-widget-wrap elementor-element-populated">
						<div class="elementor-element elementor-element-0f43942 elementor-widget elementor-widget-text-editor" data-id="0f43942" data-element_type="widget" data-widget_type="text-editor.default">
				<div class="elementor-widget-container">
									<p>Muzeum Współczesne Wrocław zaprasza na kolejną odsłonę warsztatów Rozrusznika bez barier. Zajęcia skierowane są do osób z niepełnosprawnością intelektualną i ruchową w każdym wieku: zorganizowanych grup szkolnych oraz pacjentów ośrodków terapeutycznych.</p><p>Podczas edycji wiosna/lato weźmiemy pod lupę dzieła prezentowane na wystawach czasowych oraz stałych. Każde spotkanie będzie dotyczyć wybranego obiektu artystycznego. Po przeprowadzeniu dokładnej sekcji dzieła sztuki, przystąpimy do własnego działania plastycznego. Postaramy się stworzyć dzieło mimetyczne, aby przejść drogę procesu tworzenia zbliżoną do tej, którą przechodzi autor dzieła. Powstałe w ten sposób prace, przetworzone przez naszą wrażliwość i indywidualizm – zestawimy z pierwowzorem.</p><p>W związku z wystawą stałą <em><a href="https://wambox.muzeum.pl/home/wambox/domains/wambox.pl/public_html/kopiamuzeum/wystawy/wystawa-stala-prywatne-mitologie-urodziny-marty/">Prywatne mitologie. Urodziny Marty</a></em>, przedstawiającą dzieła z międzynarodowej kolekcji sztuki współczesnej MWW, zaplanowaliśmy w ramach <strong>Rozrusznika bez barier</strong>serię spotkań poświęconych metodom i technikom, w jakich prezentowane prace wykonali ich autorzy – cykl: <strong>Tworzywo kolekcji</strong>. W ten sposób wybrane dzieła poznamy w kontekście różnych sposobów realizowania artystycznej koncepcji.<br /> <br /> <br /><strong>Prowadząca: Joanna Sekuła </strong><br />Absolwentka wrocławskiej ASP (Wydział Ceramiki i Szkła), Akademii Pedagogicznej im. J. Długosza w Częstochowie oraz Dolnośląskiej Szkoły Wyższej (Arteterapia). Na co dzień prowadzi pracownię ceramiki w MDK Śródmieście – Wrocław oraz warsztaty w Muzeum Współczesnym Wrocław. Pracę dydaktyczną opiera na twórczej zabawie ze sztuką, kształtując wrażliwość i rozwijając pasję dzieci i młodzieży. W pracy artystycznej eksperymentuje z materią ceramiczną. Tworzy obiekty estetyczne, inspirowane wielowymiarowością i niejednoznacznością rzeczywistości. Zafascynowana twórczością dziecka, jogą i magicznym realizmem. Uczestniczka wielu konkursów, wystaw i wydarzeń artystycznych.<br /> <br /> <br /><strong>ARCHIWUM</strong></p><p><strong>#1 INTERAKCJE, CZYLI DZIAŁANIA WOKÓŁ PRACY KAROLINY SZYMANOWSKIEJ PT. <em>CZUŁY PUNKT</em></strong></p><p>Podczas spotkania będziemy mieli okazję obejrzeć wyjątkową i nietypową wystawę młodej wrocławskiej artystki – Karoliny Szymanowskiej. Wybrane instalacje pozwolą nam na pracę z ciałem, w relacji do prezentowanych obiektów. Tym samym nadamy dziełom Szymanowskiej nowe znaczenia, otworzymy się na nowe interpretacje. Pracę pt. <em>Czuły punkt</em>, będącą swoistym <em>ready made</em>, odtworzymy podczas warsztatów manualnych. Następnie zestawimy nasze realizacje z oryginałem w przestrzeni wystawy, tworząc zmultiplikowaną instalację „czułych punktów”.<br /> <br /> <br /><strong>#2 WIELOBARWNOŚĆ RZECZYWISTOŚCI CZYLI FILTRY I KOLORYSTYCZNE ZALEŻNOŚCI</strong></p><p>Podczas sierpniowego spotkania w ramach Rozrusznika bez barier obejrzymy wystawę stanowiącą nietypowy zapis fotograficzny z podróży do Japonii. Zdjęcia Łukasza Rusznicy z wystawy <em>Rzeka podziemna</em> przeniosą nas w świat zmysłowych obrazów, wyrażających ukryte relacje i znaczenia. Podczas warsztatów zbadamy różne możliwości postrzegania otoczenia, w naszych eksperymentach zastosujemy kolorowe filtry oraz różnobarwne tła dla wybranych wcześniej kadrów.</p>								</div>
				</div>
					</div>
		</div>
					</div>
		</section>
				<section class="elementor-section elementor-top-section elementor-element elementor-element-8739bad elementor-section-boxed elementor-section-height-default elementor-section-height-default" data-id="8739bad" data-element_type="section">
						<div class="elementor-container elementor-column-gap-default">
					<div class="elementor-column elementor-col-100 elementor-top-column elementor-element elementor-element-5b26139" data-id="5b26139" data-element_type="column">
			<div class="elementor-widget-wrap elementor-element-populated">
						<div class="elementor-element elementor-element-e9a68a9 elementor-widget elementor-widget-text-editor" data-id="e9a68a9" data-element_type="widget" data-widget_type="text-editor.default">
				<div class="elementor-widget-container">
									<p><span style="letter-spacing: normal; font-family: BauPLRegular, sans-serif; font-size: 11px; background-color: rgb(251, 251, 251);">Prowadzenie warsztatów:</span><br style="letter-spacing: normal; font-family: BauPLRegular, sans-serif; font-size: 11px;"><span style="letter-spacing: normal; font-family: BauPLRegular, sans-serif; font-size: 11px; background-color: rgb(251, 251, 251);">Joanna Sekuła</span><br style="letter-spacing: normal; font-family: BauPLRegular, sans-serif; font-size: 11px;"><br style="letter-spacing: normal; font-family: BauPLRegular, sans-serif; font-size: 11px;"><span style="letter-spacing: normal; font-family: BauPLRegular, sans-serif; font-size: 11px; background-color: rgb(251, 251, 251);">Spotkania są bezpłatne,&nbsp;</span><br style="letter-spacing: normal; font-family: BauPLRegular, sans-serif; font-size: 11px;"><span style="letter-spacing: normal; font-family: BauPLRegular, sans-serif; font-size: 11px; background-color: rgb(251, 251, 251);">ale obowiązuje&nbsp;</span><br style="letter-spacing: normal; font-family: BauPLRegular, sans-serif; font-size: 11px;"><span style="letter-spacing: normal; font-family: BauPLRegular, sans-serif; font-size: 11px; background-color: rgb(251, 251, 251);">rezerwacja telefoniczna:&nbsp;</span><br style="letter-spacing: normal; font-family: BauPLRegular, sans-serif; font-size: 11px;"><span style="letter-spacing: normal; font-family: BauPLRegular, sans-serif; font-size: 11px; background-color: rgb(251, 251, 251);">501 466 319</span><br style="letter-spacing: normal; font-family: BauPLRegular, sans-serif; font-size: 11px;"><br style="letter-spacing: normal; font-family: BauPLRegular, sans-serif; font-size: 11px;"><span style="letter-spacing: normal; font-family: BauPLRegular, sans-serif; font-size: 11px; background-color: rgb(251, 251, 251);">Czas trwania 1,5 godz.</span><br style="letter-spacing: normal; font-family: BauPLRegular, sans-serif; font-size: 11px;"><br style="letter-spacing: normal; font-family: BauPLRegular, sans-serif; font-size: 11px;"><span style="letter-spacing: normal; font-family: BauPLRegular, sans-serif; font-size: 11px; background-color: rgb(251, 251, 251);">Terminy do uzgodnienia</span><br></p>								</div>
				</div>
					</div>
		</div>
					</div>
		</section>
				</div>

<p>Muzeum Współczesne Wrocław zaprasza na kolejną odsłonę warsztatów Rozrusznika bez barier. Zajęcia skierowane są do osób z niepełnosprawnością intelektualną i ruchową w każdym wieku: zorganizowanych grup szkolnych oraz pacjentów ośrodków terapeutycznych. Podczas edycji wiosna/lato weźmiemy pod lupę dzieła prezentowane na wystawach czasowych oraz stałych. Każde spotkanie będzie dotyczyć wybranego obiektu artystycznego. Po przeprowadzeniu dokładnej sekcji [&hellip;]</p>
