{"id":26806,"date":"2020-01-15T16:04:00","date_gmt":"2020-01-15T16:04:00","guid":{"rendered":"https:\/\/muzeumwspolczesne.pl\/?post_type=edukacja&#038;p=26806"},"modified":"2024-01-29T16:05:18","modified_gmt":"2024-01-29T16:05:18","slug":"osobista-kolekcja-1-integracyjne-warsztaty-sensualne","status":"publish","type":"edukacja","link":"https:\/\/muzeumwspolczesne.pl\/en\/zapowiedzi\/osobista-kolekcja-1-integracyjne-warsztaty-sensualne\/","title":{"rendered":"OSOBISTA KOLEKCJA #1. INTEGRACYJNE WARSZTATY SENSUALNE"},"content":{"rendered":"\t\t<div data-elementor-type=\"wp-post\" data-elementor-id=\"26806\" class=\"elementor elementor-26806\" data-elementor-post-type=\"edukacja\">\n\t\t\t\t\t\t<section class=\"elementor-section elementor-top-section elementor-element elementor-element-5c1084d elementor-section-boxed elementor-section-height-default elementor-section-height-default\" data-id=\"5c1084d\" data-element_type=\"section\">\n\t\t\t\t\t\t<div class=\"elementor-container elementor-column-gap-default\">\n\t\t\t\t\t<div class=\"elementor-column elementor-col-100 elementor-top-column elementor-element elementor-element-21882b8\" data-id=\"21882b8\" data-element_type=\"column\">\n\t\t\t<div class=\"elementor-widget-wrap elementor-element-populated\">\n\t\t\t\t\t\t<div class=\"elementor-element elementor-element-b919b97 elementor-widget elementor-widget-text-editor\" data-id=\"b919b97\" data-element_type=\"widget\" data-widget_type=\"text-editor.default\">\n\t\t\t\t<div class=\"elementor-widget-container\">\n\t\t\t\t\t\t\t\t\t<p>S\u0142owa klucze: doro\u015bli \/ zmys\u0142y \/ rytua\u0142y \/ ceremonie \/ Piotr Kurka \/ str\u00f3j<\/p><p>W trakcie warsztatu przyjrzymy si\u0119 instalacji Piotra Kurki pt. <em>Ceremonie (Istoty)<\/em> i poddamy dzie\u0142o analizie, wykorzystuj\u0105c r\u00f3\u017cne mo\u017cliwo\u015bci poznawcze naszych zmys\u0142\u00f3w. Z do\u015bwiadczenia artystycznego wykluczymy wzrok, by w ten spos\u00f3b uczyni\u0107 prze\u017cycie estetyczne znacznie intensywniejszym. Praca przeniesie nas w poetyck\u0105 narracj\u0119, opisuj\u0105c\u0105 pot\u0119g\u0119 wierze\u0144, rytua\u0142\u00f3w i ceremonii, b\u0119d\u0105cych cz\u0119sto niedocenian\u0105 cz\u0119\u015bci\u0105 kultury i sztuki wielu narodowo\u015bci. W trakcie cz\u0119\u015bci warsztatowej, sprawdzimy jak ubi\u00f3r mo\u017ce wp\u0142ywa\u0107 na wyobra\u017cenie o nas samych, \u015bwiadomo\u015b\u0107 przestrzeni wok\u00f3\u0142 czy poczucie wsp\u00f3lnoty.<br \/>\u00a0<br \/>\u00a0<br \/>Integracyjne warsztaty sensualne to cykl, kt\u00f3ry s\u0142u\u017cy do\u015bwiadczaniu sztuki wsp\u00f3\u0142czesnej za pomoc\u0105 d\u017awi\u0119ku, dotyku oraz innych pozawzrokowych zmys\u0142\u00f3w.<\/p><p>W zwi\u0105zku z wystaw\u0105 sta\u0142\u0105 <em><a href=\"https:\/\/wambox.muzeum.pl\/home\/wambox\/domains\/wambox.pl\/public_html\/kopiamuzeum\/wystawy\/wystawa-stala-prywatne-mitologie-urodziny-marty\/\">Prywatne mitologie. Urodziny Marty<\/a><\/em>, prezentuj\u0105c\u0105 dzie\u0142a z mi\u0119dzynarodowej kolekcji sztuki wsp\u00f3\u0142czesnej MWW, zaplanowali\u015bmy seri\u0119 spotka\u0144 po\u015bwi\u0119conych materialnemu wymiarowi dzie\u0142 oraz warstwie d\u017awi\u0119kowej i przestrzennej samej wystawy. Poprzez pog\u0142\u0119biony odbi\u00f3r wybranych prac, stworzymy osobist\u0105 zmys\u0142ow\u0105 kolekcj\u0119.<br \/>\u00a0<br \/>\u00a0<br \/>Prowadz\u0105ce: Anna Krukowska i Ma\u0142gorzata Rzerzycha-My\u015bliwy<\/p><p>Na zaj\u0119cia zapraszamy szczeg\u00f3lnie osoby z niepe\u0142nosprawno\u015bci\u0105 wzroku.<\/p><p>Liczba miejsc ograniczona. Obowi\u0105zuj\u0105 zapisy (do 16.03).<\/p><p><strong>&gt;&gt;&gt; Zapisy przez formularz zg\u0142oszeniowy &lt;&lt;&lt;<\/strong><\/p><p>Kontakt: tel. 71 356 42 53<\/p><p>Zapewniamy asyst\u0119 w dotarciu do budynku z najbli\u017cszego otoczenia.<\/p><p>Zbi\u00f3rka przy kasie (poziom 0).<br \/>\u00a0<br \/>\u00a0<br \/>***<\/p><p><span style=\"font-size: xx-small;\">Wystaw\u0119 <em>Prywatne mitologie. Urodziny Marty<\/em> dofinansowano ze \u015brodk\u00f3w Ministra Kultury i Dziedzictwa Narodowego. Zakupy prac dofinansowano ze \u015brodk\u00f3w Ministra Kultury i Dziedzictwa Narodowego pochodz\u0105cych z Funduszu Promocji Kultury w ramach programu Narodowe kolekcje sztuki wsp\u00f3\u0142czesnej.<\/span><br \/><img decoding=\"async\" src=\"https:\/\/kopiamuzeum.wambox.pl\/home\/wambox\/domains\/wambox.pl\/public_html\/kopiamuzeum\/wp-content\/uploads\/2018\/08\/MKiDN-PL.jpg\" alt=\"https:\/\/kopiamuzeum.wambox.pl\/home\/wambox\/domains\/wambox.pl\/public_html\/kopiamuzeum\/wp-content\/uploads\/2018\/08\/MKiDN-PL.jpg\" \/><\/p>\t\t\t\t\t\t\t\t<\/div>\n\t\t\t\t<\/div>\n\t\t\t\t\t<\/div>\n\t\t<\/div>\n\t\t\t\t\t<\/div>\n\t\t<\/section>\n\t\t\t\t<section class=\"elementor-section elementor-top-section elementor-element elementor-element-fe7e9aa elementor-section-boxed elementor-section-height-default elementor-section-height-default\" data-id=\"fe7e9aa\" data-element_type=\"section\">\n\t\t\t\t\t\t<div class=\"elementor-container elementor-column-gap-default\">\n\t\t\t\t\t<div class=\"elementor-column elementor-col-100 elementor-top-column elementor-element elementor-element-a772057\" data-id=\"a772057\" data-element_type=\"column\">\n\t\t\t<div class=\"elementor-widget-wrap elementor-element-populated\">\n\t\t\t\t\t\t<div class=\"elementor-element elementor-element-87aae7e elementor-widget elementor-widget-gallery\" data-id=\"87aae7e\" data-element_type=\"widget\" data-settings=\"{&quot;lazyload&quot;:&quot;yes&quot;,&quot;gallery_layout&quot;:&quot;grid&quot;,&quot;columns&quot;:4,&quot;columns_tablet&quot;:2,&quot;columns_mobile&quot;:1,&quot;gap&quot;:{&quot;unit&quot;:&quot;px&quot;,&quot;size&quot;:10,&quot;sizes&quot;:[]},&quot;gap_tablet&quot;:{&quot;unit&quot;:&quot;px&quot;,&quot;size&quot;:10,&quot;sizes&quot;:[]},&quot;gap_mobile&quot;:{&quot;unit&quot;:&quot;px&quot;,&quot;size&quot;:10,&quot;sizes&quot;:[]},&quot;link_to&quot;:&quot;file&quot;,&quot;aspect_ratio&quot;:&quot;3:2&quot;,&quot;overlay_background&quot;:&quot;yes&quot;,&quot;content_hover_animation&quot;:&quot;fade-in&quot;}\" data-widget_type=\"gallery.default\">\n\t\t\t\t<div class=\"elementor-widget-container\">\n\t\t\t\t\t\t\t<div class=\"elementor-gallery__container\">\n\t\t\t\t\t\t\t<a class=\"e-gallery-item elementor-gallery-item elementor-animated-content\" href=\"https:\/\/muzeumwspolczesne.pl\/wp-content\/uploads\/2024\/01\/image-1513.jpeg\" data-elementor-open-lightbox=\"yes\" data-elementor-lightbox-slideshow=\"87aae7e\" data-elementor-lightbox-title=\"image\" data-e-action-hash=\"#elementor-action%3Aaction%3Dlightbox%26settings%3DeyJpZCI6MjY4MDksInVybCI6Imh0dHBzOlwvXC9tdXpldW13c3BvbGN6ZXNuZS5wbFwvd3AtY29udGVudFwvdXBsb2Fkc1wvMjAyNFwvMDFcL2ltYWdlLTE1MTMuanBlZyIsInNsaWRlc2hvdyI6Ijg3YWFlN2UifQ%3D%3D\">\n\t\t\t\t\t<div class=\"e-gallery-image elementor-gallery-item__image\" data-thumbnail=\"https:\/\/muzeumwspolczesne.pl\/wp-content\/uploads\/2024\/01\/image-1513.jpeg\" data-width=\"300\" data-height=\"92\" aria-label=\"\" role=\"img\" ><\/div>\n\t\t\t\t\t\t\t\t\t\t\t<div class=\"elementor-gallery-item__overlay\"><\/div>\n\t\t\t\t\t\t\t\t\t\t\t\t\t\t<\/a>\n\t\t\t\t\t\t\t<a class=\"e-gallery-item elementor-gallery-item elementor-animated-content\" href=\"https:\/\/muzeumwspolczesne.pl\/wp-content\/uploads\/2024\/01\/image-1514.jpeg\" data-elementor-open-lightbox=\"yes\" data-elementor-lightbox-slideshow=\"87aae7e\" data-elementor-lightbox-title=\"image\" data-e-action-hash=\"#elementor-action%3Aaction%3Dlightbox%26settings%3DeyJpZCI6MjY4MTAsInVybCI6Imh0dHBzOlwvXC9tdXpldW13c3BvbGN6ZXNuZS5wbFwvd3AtY29udGVudFwvdXBsb2Fkc1wvMjAyNFwvMDFcL2ltYWdlLTE1MTQuanBlZyIsInNsaWRlc2hvdyI6Ijg3YWFlN2UifQ%3D%3D\">\n\t\t\t\t\t<div class=\"e-gallery-image elementor-gallery-item__image\" data-thumbnail=\"https:\/\/muzeumwspolczesne.pl\/wp-content\/uploads\/2024\/01\/image-1514-300x300.jpeg\" data-width=\"300\" data-height=\"300\" aria-label=\"\" role=\"img\" ><\/div>\n\t\t\t\t\t\t\t\t\t\t\t<div class=\"elementor-gallery-item__overlay\"><\/div>\n\t\t\t\t\t\t\t\t\t\t\t\t\t\t<\/a>\n\t\t\t\t\t<\/div>\n\t\t\t\t\t<\/div>\n\t\t\t\t<\/div>\n\t\t\t\t\t<\/div>\n\t\t<\/div>\n\t\t\t\t\t<\/div>\n\t\t<\/section>\n\t\t\t\t<section class=\"elementor-section elementor-top-section elementor-element elementor-element-733ced3 elementor-section-boxed elementor-section-height-default elementor-section-height-default\" data-id=\"733ced3\" data-element_type=\"section\">\n\t\t\t\t\t\t<div class=\"elementor-container elementor-column-gap-default\">\n\t\t\t\t\t<div class=\"elementor-column elementor-col-100 elementor-top-column elementor-element elementor-element-d7ff386\" data-id=\"d7ff386\" data-element_type=\"column\">\n\t\t\t<div class=\"elementor-widget-wrap elementor-element-populated\">\n\t\t\t\t\t\t<div class=\"elementor-element elementor-element-9a23d61 elementor-widget elementor-widget-text-editor\" data-id=\"9a23d61\" data-element_type=\"widget\" data-widget_type=\"text-editor.default\">\n\t\t\t\t<div class=\"elementor-widget-container\">\n\t\t\t\t\t\t\t\t\t<p><span style=\"letter-spacing: normal; font-family: BauPLRegular, sans-serif; font-size: 11px; background-color: rgb(251, 251, 251);\">Warsztaty odbywaj\u0105 si\u0119 w trzecie \u015brody miesi\u0105ca o godz. 18.00<\/span><br style=\"letter-spacing: normal; font-family: BauPLRegular, sans-serif; font-size: 11px;\"><br style=\"letter-spacing: normal; font-family: BauPLRegular, sans-serif; font-size: 11px;\"><span style=\"letter-spacing: normal; font-family: BauPLRegular, sans-serif; font-size: 11px; background-color: rgb(251, 251, 251);\">Na zaj\u0119cia zapraszamy szczeg\u00f3lnie osoby z niepe\u0142nosprawno\u015bci\u0105 wzroku<\/span><br style=\"letter-spacing: normal; font-family: BauPLRegular, sans-serif; font-size: 11px;\"><br style=\"letter-spacing: normal; font-family: BauPLRegular, sans-serif; font-size: 11px;\"><span style=\"letter-spacing: normal; font-family: BauPLRegular, sans-serif; font-size: 11px; background-color: rgb(251, 251, 251);\">Liczba miejsc ograniczona<\/span><br style=\"letter-spacing: normal; font-family: BauPLRegular, sans-serif; font-size: 11px;\"><br style=\"letter-spacing: normal; font-family: BauPLRegular, sans-serif; font-size: 11px;\"><span style=\"letter-spacing: normal; font-family: BauPLRegular, sans-serif; font-size: 11px; background-color: rgb(251, 251, 251);\">Obowi\u0105zuj\u0105 zapisy (16.03)<\/span><br style=\"letter-spacing: normal; font-family: BauPLRegular, sans-serif; font-size: 11px;\"><br style=\"letter-spacing: normal; font-family: BauPLRegular, sans-serif; font-size: 11px;\"><span style=\"letter-spacing: normal; font-family: BauPLRegular, sans-serif; font-size: 11px; background-color: rgb(251, 251, 251);\">Zapewniamy asyst\u0119 w dotarciu do budynku z najbli\u017cszego otoczenia<\/span><br style=\"letter-spacing: normal; font-family: BauPLRegular, sans-serif; font-size: 11px;\"><br style=\"letter-spacing: normal; font-family: BauPLRegular, sans-serif; font-size: 11px;\"><span style=\"letter-spacing: normal; font-family: BauPLRegular, sans-serif; font-size: 11px; background-color: rgb(251, 251, 251);\">Zbi\u00f3rka przy kasie (poziom 0)<\/span><br><\/p>\t\t\t\t\t\t\t\t<\/div>\n\t\t\t\t<\/div>\n\t\t\t\t\t<\/div>\n\t\t<\/div>\n\t\t\t\t\t<\/div>\n\t\t<\/section>\n\t\t\t\t<\/div>\n\t\t","protected":false},"excerpt":{"rendered":"<p>S\u0142owa klucze: doro\u015bli \/ zmys\u0142y \/ rytua\u0142y \/ ceremonie \/ Piotr Kurka \/ str\u00f3j W trakcie warsztatu przyjrzymy si\u0119 instalacji Piotra Kurki pt. Ceremonie (Istoty) i poddamy dzie\u0142o analizie, wykorzystuj\u0105c r\u00f3\u017cne mo\u017cliwo\u015bci poznawcze naszych zmys\u0142\u00f3w. Z do\u015bwiadczenia artystycznego wykluczymy wzrok, by w ten spos\u00f3b uczyni\u0107 prze\u017cycie estetyczne znacznie intensywniejszym. Praca przeniesie nas w poetyck\u0105 narracj\u0119, [&hellip;]<\/p>\n","protected":false},"author":6,"featured_media":26807,"parent":0,"template":"","meta":{"footnotes":""},"kategorie-edukacja":[27],"class_list":["post-26806","edukacja","type-edukacja","status-publish","has-post-thumbnail","hentry","kategorie-edukacja-bez-barier"],"_links":{"self":[{"href":"https:\/\/muzeumwspolczesne.pl\/en\/wp-json\/wp\/v2\/edukacja\/26806","targetHints":{"allow":["GET"]}}],"collection":[{"href":"https:\/\/muzeumwspolczesne.pl\/en\/wp-json\/wp\/v2\/edukacja"}],"about":[{"href":"https:\/\/muzeumwspolczesne.pl\/en\/wp-json\/wp\/v2\/types\/edukacja"}],"author":[{"embeddable":true,"href":"https:\/\/muzeumwspolczesne.pl\/en\/wp-json\/wp\/v2\/users\/6"}],"version-history":[{"count":4,"href":"https:\/\/muzeumwspolczesne.pl\/en\/wp-json\/wp\/v2\/edukacja\/26806\/revisions"}],"predecessor-version":[{"id":26813,"href":"https:\/\/muzeumwspolczesne.pl\/en\/wp-json\/wp\/v2\/edukacja\/26806\/revisions\/26813"}],"wp:featuredmedia":[{"embeddable":true,"href":"https:\/\/muzeumwspolczesne.pl\/en\/wp-json\/wp\/v2\/media\/26807"}],"wp:attachment":[{"href":"https:\/\/muzeumwspolczesne.pl\/en\/wp-json\/wp\/v2\/media?parent=26806"}],"wp:term":[{"taxonomy":"kategorie-edukacja","embeddable":true,"href":"https:\/\/muzeumwspolczesne.pl\/en\/wp-json\/wp\/v2\/kategorie-edukacja?post=26806"}],"curies":[{"name":"wp","href":"https:\/\/api.w.org\/{rel}","templated":true}]}}

<div data-elementor-type="wp-post" data-elementor-id="26806" class="elementor elementor-26806" data-elementor-post-type="edukacja">
						<section class="elementor-section elementor-top-section elementor-element elementor-element-5c1084d elementor-section-boxed elementor-section-height-default elementor-section-height-default" data-id="5c1084d" data-element_type="section">
						<div class="elementor-container elementor-column-gap-default">
					<div class="elementor-column elementor-col-100 elementor-top-column elementor-element elementor-element-21882b8" data-id="21882b8" data-element_type="column">
			<div class="elementor-widget-wrap elementor-element-populated">
						<div class="elementor-element elementor-element-b919b97 elementor-widget elementor-widget-text-editor" data-id="b919b97" data-element_type="widget" data-widget_type="text-editor.default">
				<div class="elementor-widget-container">
									<p>Słowa klucze: dorośli / zmysły / rytuały / ceremonie / Piotr Kurka / strój</p><p>W trakcie warsztatu przyjrzymy się instalacji Piotra Kurki pt. <em>Ceremonie (Istoty)</em> i poddamy dzieło analizie, wykorzystując różne możliwości poznawcze naszych zmysłów. Z doświadczenia artystycznego wykluczymy wzrok, by w ten sposób uczynić przeżycie estetyczne znacznie intensywniejszym. Praca przeniesie nas w poetycką narrację, opisującą potęgę wierzeń, rytuałów i ceremonii, będących często niedocenianą częścią kultury i sztuki wielu narodowości. W trakcie części warsztatowej, sprawdzimy jak ubiór może wpływać na wyobrażenie o nas samych, świadomość przestrzeni wokół czy poczucie wspólnoty.<br /> <br /> <br />Integracyjne warsztaty sensualne to cykl, który służy doświadczaniu sztuki współczesnej za pomocą dźwięku, dotyku oraz innych pozawzrokowych zmysłów.</p><p>W związku z wystawą stałą <em><a href="https://wambox.muzeum.pl/home/wambox/domains/wambox.pl/public_html/kopiamuzeum/wystawy/wystawa-stala-prywatne-mitologie-urodziny-marty/">Prywatne mitologie. Urodziny Marty</a></em>, prezentującą dzieła z międzynarodowej kolekcji sztuki współczesnej MWW, zaplanowaliśmy serię spotkań poświęconych materialnemu wymiarowi dzieł oraz warstwie dźwiękowej i przestrzennej samej wystawy. Poprzez pogłębiony odbiór wybranych prac, stworzymy osobistą zmysłową kolekcję.<br /> <br /> <br />Prowadzące: Anna Krukowska i Małgorzata Rzerzycha-Myśliwy</p><p>Na zajęcia zapraszamy szczególnie osoby z niepełnosprawnością wzroku.</p><p>Liczba miejsc ograniczona. Obowiązują zapisy (do 16.03).</p><p><strong>&gt;&gt;&gt; Zapisy przez formularz zgłoszeniowy &lt;&lt;&lt;</strong></p><p>Kontakt: tel. 71 356 42 53</p><p>Zapewniamy asystę w dotarciu do budynku z najbliższego otoczenia.</p><p>Zbiórka przy kasie (poziom 0).<br /> <br /> <br />***</p><p><span style="font-size: xx-small;">Wystawę <em>Prywatne mitologie. Urodziny Marty</em> dofinansowano ze środków Ministra Kultury i Dziedzictwa Narodowego. Zakupy prac dofinansowano ze środków Ministra Kultury i Dziedzictwa Narodowego pochodzących z Funduszu Promocji Kultury w ramach programu Narodowe kolekcje sztuki współczesnej.</span><br /><img decoding="async" src="https://kopiamuzeum.wambox.pl/home/wambox/domains/wambox.pl/public_html/kopiamuzeum/wp-content/uploads/2018/08/MKiDN-PL.jpg" alt="https://kopiamuzeum.wambox.pl/home/wambox/domains/wambox.pl/public_html/kopiamuzeum/wp-content/uploads/2018/08/MKiDN-PL.jpg" /></p>								</div>
				</div>
					</div>
		</div>
					</div>
		</section>
				<section class="elementor-section elementor-top-section elementor-element elementor-element-fe7e9aa elementor-section-boxed elementor-section-height-default elementor-section-height-default" data-id="fe7e9aa" data-element_type="section">
						<div class="elementor-container elementor-column-gap-default">
					<div class="elementor-column elementor-col-100 elementor-top-column elementor-element elementor-element-a772057" data-id="a772057" data-element_type="column">
			<div class="elementor-widget-wrap elementor-element-populated">
						<div class="elementor-element elementor-element-87aae7e elementor-widget elementor-widget-gallery" data-id="87aae7e" data-element_type="widget" data-settings="{&quot;lazyload&quot;:&quot;yes&quot;,&quot;gallery_layout&quot;:&quot;grid&quot;,&quot;columns&quot;:4,&quot;columns_tablet&quot;:2,&quot;columns_mobile&quot;:1,&quot;gap&quot;:{&quot;unit&quot;:&quot;px&quot;,&quot;size&quot;:10,&quot;sizes&quot;:[]},&quot;gap_tablet&quot;:{&quot;unit&quot;:&quot;px&quot;,&quot;size&quot;:10,&quot;sizes&quot;:[]},&quot;gap_mobile&quot;:{&quot;unit&quot;:&quot;px&quot;,&quot;size&quot;:10,&quot;sizes&quot;:[]},&quot;link_to&quot;:&quot;file&quot;,&quot;aspect_ratio&quot;:&quot;3:2&quot;,&quot;overlay_background&quot;:&quot;yes&quot;,&quot;content_hover_animation&quot;:&quot;fade-in&quot;}" data-widget_type="gallery.default">
				<div class="elementor-widget-container">
							<div class="elementor-gallery__container">
							<a class="e-gallery-item elementor-gallery-item elementor-animated-content" href="https://muzeumwspolczesne.pl/wp-content/uploads/2024/01/image-1513.jpeg" data-elementor-open-lightbox="yes" data-elementor-lightbox-slideshow="87aae7e" data-elementor-lightbox-title="image" data-e-action-hash="#elementor-action%3Aaction%3Dlightbox%26settings%3DeyJpZCI6MjY4MDksInVybCI6Imh0dHBzOlwvXC9tdXpldW13c3BvbGN6ZXNuZS5wbFwvd3AtY29udGVudFwvdXBsb2Fkc1wvMjAyNFwvMDFcL2ltYWdlLTE1MTMuanBlZyIsInNsaWRlc2hvdyI6Ijg3YWFlN2UifQ%3D%3D">
					<div class="e-gallery-image elementor-gallery-item__image" data-thumbnail="https://muzeumwspolczesne.pl/wp-content/uploads/2024/01/image-1513.jpeg" data-width="300" data-height="92" aria-label="" role="img" ></div>
											<div class="elementor-gallery-item__overlay"></div>
														</a>
							<a class="e-gallery-item elementor-gallery-item elementor-animated-content" href="https://muzeumwspolczesne.pl/wp-content/uploads/2024/01/image-1514.jpeg" data-elementor-open-lightbox="yes" data-elementor-lightbox-slideshow="87aae7e" data-elementor-lightbox-title="image" data-e-action-hash="#elementor-action%3Aaction%3Dlightbox%26settings%3DeyJpZCI6MjY4MTAsInVybCI6Imh0dHBzOlwvXC9tdXpldW13c3BvbGN6ZXNuZS5wbFwvd3AtY29udGVudFwvdXBsb2Fkc1wvMjAyNFwvMDFcL2ltYWdlLTE1MTQuanBlZyIsInNsaWRlc2hvdyI6Ijg3YWFlN2UifQ%3D%3D">
					<div class="e-gallery-image elementor-gallery-item__image" data-thumbnail="https://muzeumwspolczesne.pl/wp-content/uploads/2024/01/image-1514-300x300.jpeg" data-width="300" data-height="300" aria-label="" role="img" ></div>
											<div class="elementor-gallery-item__overlay"></div>
														</a>
					</div>
					</div>
				</div>
					</div>
		</div>
					</div>
		</section>
				<section class="elementor-section elementor-top-section elementor-element elementor-element-733ced3 elementor-section-boxed elementor-section-height-default elementor-section-height-default" data-id="733ced3" data-element_type="section">
						<div class="elementor-container elementor-column-gap-default">
					<div class="elementor-column elementor-col-100 elementor-top-column elementor-element elementor-element-d7ff386" data-id="d7ff386" data-element_type="column">
			<div class="elementor-widget-wrap elementor-element-populated">
						<div class="elementor-element elementor-element-9a23d61 elementor-widget elementor-widget-text-editor" data-id="9a23d61" data-element_type="widget" data-widget_type="text-editor.default">
				<div class="elementor-widget-container">
									<p><span style="letter-spacing: normal; font-family: BauPLRegular, sans-serif; font-size: 11px; background-color: rgb(251, 251, 251);">Warsztaty odbywają się w trzecie środy miesiąca o godz. 18.00</span><br style="letter-spacing: normal; font-family: BauPLRegular, sans-serif; font-size: 11px;"><br style="letter-spacing: normal; font-family: BauPLRegular, sans-serif; font-size: 11px;"><span style="letter-spacing: normal; font-family: BauPLRegular, sans-serif; font-size: 11px; background-color: rgb(251, 251, 251);">Na zajęcia zapraszamy szczególnie osoby z niepełnosprawnością wzroku</span><br style="letter-spacing: normal; font-family: BauPLRegular, sans-serif; font-size: 11px;"><br style="letter-spacing: normal; font-family: BauPLRegular, sans-serif; font-size: 11px;"><span style="letter-spacing: normal; font-family: BauPLRegular, sans-serif; font-size: 11px; background-color: rgb(251, 251, 251);">Liczba miejsc ograniczona</span><br style="letter-spacing: normal; font-family: BauPLRegular, sans-serif; font-size: 11px;"><br style="letter-spacing: normal; font-family: BauPLRegular, sans-serif; font-size: 11px;"><span style="letter-spacing: normal; font-family: BauPLRegular, sans-serif; font-size: 11px; background-color: rgb(251, 251, 251);">Obowiązują zapisy (16.03)</span><br style="letter-spacing: normal; font-family: BauPLRegular, sans-serif; font-size: 11px;"><br style="letter-spacing: normal; font-family: BauPLRegular, sans-serif; font-size: 11px;"><span style="letter-spacing: normal; font-family: BauPLRegular, sans-serif; font-size: 11px; background-color: rgb(251, 251, 251);">Zapewniamy asystę w dotarciu do budynku z najbliższego otoczenia</span><br style="letter-spacing: normal; font-family: BauPLRegular, sans-serif; font-size: 11px;"><br style="letter-spacing: normal; font-family: BauPLRegular, sans-serif; font-size: 11px;"><span style="letter-spacing: normal; font-family: BauPLRegular, sans-serif; font-size: 11px; background-color: rgb(251, 251, 251);">Zbiórka przy kasie (poziom 0)</span><br></p>								</div>
				</div>
					</div>
		</div>
					</div>
		</section>
				</div>

<p>Słowa klucze: dorośli / zmysły / rytuały / ceremonie / Piotr Kurka / strój W trakcie warsztatu przyjrzymy się instalacji Piotra Kurki pt. Ceremonie (Istoty) i poddamy dzieło analizie, wykorzystując różne możliwości poznawcze naszych zmysłów. Z doświadczenia artystycznego wykluczymy wzrok, by w ten sposób uczynić przeżycie estetyczne znacznie intensywniejszym. Praca przeniesie nas w poetycką narrację, [&hellip;]</p>
