{"id":26814,"date":"2019-11-20T16:05:00","date_gmt":"2019-11-20T16:05:00","guid":{"rendered":"https:\/\/muzeumwspolczesne.pl\/?post_type=edukacja&#038;p=26814"},"modified":"2024-01-29T16:06:19","modified_gmt":"2024-01-29T16:06:19","slug":"zmyslowy-obraz-integracyjne-warsztaty-sensualne","status":"publish","type":"edukacja","link":"https:\/\/muzeumwspolczesne.pl\/en\/zapowiedzi\/zmyslowy-obraz-integracyjne-warsztaty-sensualne\/","title":{"rendered":"ZMYS\u0141OWY OBRAZ. INTEGRACYJNE WARSZTATY SENSUALNE"},"content":{"rendered":"\t\t<div data-elementor-type=\"wp-post\" data-elementor-id=\"26814\" class=\"elementor elementor-26814\" data-elementor-post-type=\"edukacja\">\n\t\t\t\t\t\t<section class=\"elementor-section elementor-top-section elementor-element elementor-element-2aad27c elementor-section-boxed elementor-section-height-default elementor-section-height-default\" data-id=\"2aad27c\" data-element_type=\"section\">\n\t\t\t\t\t\t<div class=\"elementor-container elementor-column-gap-default\">\n\t\t\t\t\t<div class=\"elementor-column elementor-col-100 elementor-top-column elementor-element elementor-element-c4665b0\" data-id=\"c4665b0\" data-element_type=\"column\">\n\t\t\t<div class=\"elementor-widget-wrap elementor-element-populated\">\n\t\t\t\t\t\t<div class=\"elementor-element elementor-element-b3f6480 elementor-widget elementor-widget-text-editor\" data-id=\"b3f6480\" data-element_type=\"widget\" data-widget_type=\"text-editor.default\">\n\t\t\t\t<div class=\"elementor-widget-container\">\n\t\t\t\t\t\t\t\t\t<p>Czy mo\u017cna tworzy\u0107 malarskie dzie\u0142a bez u\u017cycia narz\u0119dzi? Co stanie si\u0119, gdy p\u0119dzel zast\u0105pimy w\u0142asnymi d\u0142o\u0144mi? Jak to jest poczu\u0107 zapach, esencj\u0119, a mo\u017ce nawet smak malarskiego medium?<\/p><p>W czasie zaj\u0119\u0107 ws\u0142uchamy si\u0119 w wewn\u0119trzny g\u0142os, by wykona\u0107 ekspresyjne, fakturalne prace.<\/p><p>Inspiracj\u0105 dla naszych dzia\u0142a\u0144 b\u0119d\u0105 strukturalne dzie\u0142a Alfonsa Mazurkiewicza prezentowane na wystawie <em>Ja i moja sztuka to sztuka<\/em>. Nie u\u017cywaj\u0105c wzroku, umo\u017cliwimy innym zmys\u0142om bardziej intensywne odbieranie bod\u017ac\u00f3w zewn\u0119trznych. Malarsko-rze\u017abiarskie twory pozwol\u0105 nam odci\u0105\u0107 si\u0119 od codzienno\u015bci i uwolni\u0107 nieznane dot\u0105d pok\u0142ady tw\u00f3rczej energii.<br \/>\u00a0<br \/>\u00a0<br \/>Prowadzenie:<br \/>Anna Krukowska i Ma\u0142gorzata Rzerzycha-My\u015bliwy<br \/>\u00a0<br \/>\u00a0<br \/>Wydarzenie towarzysz\u0105ce wystawie <em>Ja i moja sztuka to sztuka. Alfons Mazurkiewicz \u2013 malarz i nauczyciel<\/em>. <a href=\"https:\/\/wambox.muzeum.pl\/home\/wambox\/domains\/wambox.pl\/public_html\/kopiamuzeum\/wystawy\/ja-i-moja-sztuka-to-sztuka-alfons-mazurkiewicz-malarz-i-nauczyciel\/\">Wi\u0119cej informacji o wystawie &gt;&gt;&gt;<\/a><br \/>\u00a0<br \/>\u00a0<br \/><span style=\"font-size: xx-small;\">Informujemy, \u017ce podczas warsztat\u00f3w mog\u0105 by\u0107 wykonywane zdj\u0119cia na potrzeby Muzeum Wsp\u00f3\u0142czesnego Wroc\u0142aw, kt\u00f3re mog\u0105 zawiera\u0107 wizerunki os\u00f3b bior\u0105cych udzia\u0142 w zaj\u0119ciach oraz wizerunki prac wykonanych podczas zaj\u0119\u0107. Zdj\u0119cia b\u0119d\u0105 przechowywane w wewn\u0119trznym archiwum dokumentuj\u0105cym dzia\u0142alno\u015b\u0107 MWW, mog\u0105 r\u00f3wnie\u017c zosta\u0107 wykorzystane w celach promocyjnych na stronie internetowej www.muzeumwspolczesne.pl oraz w social mediach (na stronach facebook.com\/muzeumwspolczesne, instagram.com\/muzeumwspolczesne i youtube.com\/muzeumwspolczesne). Je\u017celi nie wyra\u017caj\u0105 Pa\u0144stwo zgody na wykonywanie zdj\u0119\u0107, prosimy poinformowa\u0107 o tym osob\u0119 prowadz\u0105c\u0105 warsztaty przed ich rozpocz\u0119ciem. Brak informacji przekazanej przed rozpocz\u0119ciem zaj\u0119\u0107 jest r\u00f3wnoznaczny ze zgod\u0105 na korzystanie przez Muzeum Wsp\u00f3\u0142czesne Wroc\u0142aw ze zdj\u0119\u0107, o kt\u00f3rych mowa powy\u017cej.<\/span><\/p>\t\t\t\t\t\t\t\t<\/div>\n\t\t\t\t<\/div>\n\t\t\t\t\t<\/div>\n\t\t<\/div>\n\t\t\t\t\t<\/div>\n\t\t<\/section>\n\t\t\t\t<section class=\"elementor-section elementor-top-section elementor-element elementor-element-aa34a18 elementor-section-boxed elementor-section-height-default elementor-section-height-default\" data-id=\"aa34a18\" data-element_type=\"section\">\n\t\t\t\t\t\t<div class=\"elementor-container elementor-column-gap-default\">\n\t\t\t\t\t<div class=\"elementor-column elementor-col-100 elementor-top-column elementor-element elementor-element-d29bfe4\" data-id=\"d29bfe4\" data-element_type=\"column\">\n\t\t\t<div class=\"elementor-widget-wrap elementor-element-populated\">\n\t\t\t\t\t\t<div class=\"elementor-element elementor-element-9ada3b9 elementor-widget elementor-widget-image\" data-id=\"9ada3b9\" data-element_type=\"widget\" data-widget_type=\"image.default\">\n\t\t\t\t<div class=\"elementor-widget-container\">\n\t\t\t\t\t\t\t\t\t\t\t\t\t\t\t<img decoding=\"async\" width=\"300\" height=\"92\" src=\"https:\/\/muzeumwspolczesne.pl\/wp-content\/uploads\/2019\/11\/image-3.jpeg\" class=\"attachment-large size-large wp-image-26817\" alt=\"\" srcset=\"https:\/\/muzeumwspolczesne.pl\/wp-content\/uploads\/2019\/11\/image-3.jpeg 300w, https:\/\/muzeumwspolczesne.pl\/wp-content\/uploads\/2019\/11\/image-3-18x6.jpeg 18w\" sizes=\"(max-width: 300px) 100vw, 300px\" \/>\t\t\t\t\t\t\t\t\t\t\t\t\t\t\t<\/div>\n\t\t\t\t<\/div>\n\t\t\t\t\t<\/div>\n\t\t<\/div>\n\t\t\t\t\t<\/div>\n\t\t<\/section>\n\t\t\t\t<section class=\"elementor-section elementor-top-section elementor-element elementor-element-c555d8d elementor-section-boxed elementor-section-height-default elementor-section-height-default\" data-id=\"c555d8d\" data-element_type=\"section\">\n\t\t\t\t\t\t<div class=\"elementor-container elementor-column-gap-default\">\n\t\t\t\t\t<div class=\"elementor-column elementor-col-100 elementor-top-column elementor-element elementor-element-5c6f814\" data-id=\"5c6f814\" data-element_type=\"column\">\n\t\t\t<div class=\"elementor-widget-wrap elementor-element-populated\">\n\t\t\t\t\t\t<div class=\"elementor-element elementor-element-adbf3ff elementor-widget elementor-widget-text-editor\" data-id=\"adbf3ff\" data-element_type=\"widget\" data-widget_type=\"text-editor.default\">\n\t\t\t\t<div class=\"elementor-widget-container\">\n\t\t\t\t\t\t\t\t\t<p><span style=\"letter-spacing: normal; font-family: BauPLRegular, sans-serif; font-size: 11px; background-color: rgb(251, 251, 251);\">Na warsztaty zapraszamy szczeg\u00f3lnie<\/span><br style=\"letter-spacing: normal; font-family: BauPLRegular, sans-serif; font-size: 11px;\"><span style=\"letter-spacing: normal; font-family: BauPLRegular, sans-serif; font-size: 11px; background-color: rgb(251, 251, 251);\">osoby z niepe\u0142nosprawno\u015bci\u0105 wzroku<\/span><br style=\"letter-spacing: normal; font-family: BauPLRegular, sans-serif; font-size: 11px;\"><br style=\"letter-spacing: normal; font-family: BauPLRegular, sans-serif; font-size: 11px;\"><span style=\"letter-spacing: normal; font-family: BauPLRegular, sans-serif; font-size: 11px; background-color: rgb(251, 251, 251);\">Liczba miejsc ograniczona<\/span><br style=\"letter-spacing: normal; font-family: BauPLRegular, sans-serif; font-size: 11px;\"><br style=\"letter-spacing: normal; font-family: BauPLRegular, sans-serif; font-size: 11px;\"><span style=\"letter-spacing: normal; font-family: BauPLRegular, sans-serif; font-size: 11px; background-color: rgb(251, 251, 251);\">Zapisy (do 18.11):<\/span><br style=\"letter-spacing: normal; font-family: BauPLRegular, sans-serif; font-size: 11px;\"><span style=\"letter-spacing: normal; font-family: BauPLRegular, sans-serif; font-size: 11px; background-color: rgb(251, 251, 251);\">a.krukowska@muzeumwspolczesne.pl&nbsp;<\/span><br style=\"letter-spacing: normal; font-family: BauPLRegular, sans-serif; font-size: 11px;\"><span style=\"letter-spacing: normal; font-family: BauPLRegular, sans-serif; font-size: 11px; background-color: rgb(251, 251, 251);\">lub tel. 71 356 42 53<\/span><br style=\"letter-spacing: normal; font-family: BauPLRegular, sans-serif; font-size: 11px;\"><br style=\"letter-spacing: normal; font-family: BauPLRegular, sans-serif; font-size: 11px;\"><span style=\"letter-spacing: normal; font-family: BauPLRegular, sans-serif; font-size: 11px; background-color: rgb(251, 251, 251);\">Zapewniamy asyst\u0119<\/span><br style=\"letter-spacing: normal; font-family: BauPLRegular, sans-serif; font-size: 11px;\"><span style=\"letter-spacing: normal; font-family: BauPLRegular, sans-serif; font-size: 11px; background-color: rgb(251, 251, 251);\">w dotarciu do budynku<\/span><br style=\"letter-spacing: normal; font-family: BauPLRegular, sans-serif; font-size: 11px;\"><span style=\"letter-spacing: normal; font-family: BauPLRegular, sans-serif; font-size: 11px; background-color: rgb(251, 251, 251);\">z najbli\u017cszego otoczenia<\/span><br><\/p>\t\t\t\t\t\t\t\t<\/div>\n\t\t\t\t<\/div>\n\t\t\t\t\t<\/div>\n\t\t<\/div>\n\t\t\t\t\t<\/div>\n\t\t<\/section>\n\t\t\t\t<\/div>\n\t\t","protected":false},"excerpt":{"rendered":"<p>Czy mo\u017cna tworzy\u0107 malarskie dzie\u0142a bez u\u017cycia narz\u0119dzi? Co stanie si\u0119, gdy p\u0119dzel zast\u0105pimy w\u0142asnymi d\u0142o\u0144mi? Jak to jest poczu\u0107 zapach, esencj\u0119, a mo\u017ce nawet smak malarskiego medium? W czasie zaj\u0119\u0107 ws\u0142uchamy si\u0119 w wewn\u0119trzny g\u0142os, by wykona\u0107 ekspresyjne, fakturalne prace. Inspiracj\u0105 dla naszych dzia\u0142a\u0144 b\u0119d\u0105 strukturalne dzie\u0142a Alfonsa Mazurkiewicza prezentowane na wystawie Ja i [&hellip;]<\/p>\n","protected":false},"author":6,"featured_media":26815,"parent":0,"template":"","meta":{"footnotes":""},"kategorie-edukacja":[27],"class_list":["post-26814","edukacja","type-edukacja","status-publish","has-post-thumbnail","hentry","kategorie-edukacja-bez-barier"],"_links":{"self":[{"href":"https:\/\/muzeumwspolczesne.pl\/en\/wp-json\/wp\/v2\/edukacja\/26814","targetHints":{"allow":["GET"]}}],"collection":[{"href":"https:\/\/muzeumwspolczesne.pl\/en\/wp-json\/wp\/v2\/edukacja"}],"about":[{"href":"https:\/\/muzeumwspolczesne.pl\/en\/wp-json\/wp\/v2\/types\/edukacja"}],"author":[{"embeddable":true,"href":"https:\/\/muzeumwspolczesne.pl\/en\/wp-json\/wp\/v2\/users\/6"}],"version-history":[{"count":4,"href":"https:\/\/muzeumwspolczesne.pl\/en\/wp-json\/wp\/v2\/edukacja\/26814\/revisions"}],"predecessor-version":[{"id":26820,"href":"https:\/\/muzeumwspolczesne.pl\/en\/wp-json\/wp\/v2\/edukacja\/26814\/revisions\/26820"}],"wp:featuredmedia":[{"embeddable":true,"href":"https:\/\/muzeumwspolczesne.pl\/en\/wp-json\/wp\/v2\/media\/26815"}],"wp:attachment":[{"href":"https:\/\/muzeumwspolczesne.pl\/en\/wp-json\/wp\/v2\/media?parent=26814"}],"wp:term":[{"taxonomy":"kategorie-edukacja","embeddable":true,"href":"https:\/\/muzeumwspolczesne.pl\/en\/wp-json\/wp\/v2\/kategorie-edukacja?post=26814"}],"curies":[{"name":"wp","href":"https:\/\/api.w.org\/{rel}","templated":true}]}}

ZMYSŁOWY OBRAZ. INTEGRACYJNE WARSZTATY SENSUALNE

<div data-elementor-type="wp-post" data-elementor-id="26814" class="elementor elementor-26814" data-elementor-post-type="edukacja">
						<section class="elementor-section elementor-top-section elementor-element elementor-element-2aad27c elementor-section-boxed elementor-section-height-default elementor-section-height-default" data-id="2aad27c" data-element_type="section">
						<div class="elementor-container elementor-column-gap-default">
					<div class="elementor-column elementor-col-100 elementor-top-column elementor-element elementor-element-c4665b0" data-id="c4665b0" data-element_type="column">
			<div class="elementor-widget-wrap elementor-element-populated">
						<div class="elementor-element elementor-element-b3f6480 elementor-widget elementor-widget-text-editor" data-id="b3f6480" data-element_type="widget" data-widget_type="text-editor.default">
				<div class="elementor-widget-container">
									<p>Czy można tworzyć malarskie dzieła bez użycia narzędzi? Co stanie się, gdy pędzel zastąpimy własnymi dłońmi? Jak to jest poczuć zapach, esencję, a może nawet smak malarskiego medium?</p><p>W czasie zajęć wsłuchamy się w wewnętrzny głos, by wykonać ekspresyjne, fakturalne prace.</p><p>Inspiracją dla naszych działań będą strukturalne dzieła Alfonsa Mazurkiewicza prezentowane na wystawie <em>Ja i moja sztuka to sztuka</em>. Nie używając wzroku, umożliwimy innym zmysłom bardziej intensywne odbieranie bodźców zewnętrznych. Malarsko-rzeźbiarskie twory pozwolą nam odciąć się od codzienności i uwolnić nieznane dotąd pokłady twórczej energii.<br /> <br /> <br />Prowadzenie:<br />Anna Krukowska i Małgorzata Rzerzycha-Myśliwy<br /> <br /> <br />Wydarzenie towarzyszące wystawie <em>Ja i moja sztuka to sztuka. Alfons Mazurkiewicz – malarz i nauczyciel</em>. <a href="https://wambox.muzeum.pl/home/wambox/domains/wambox.pl/public_html/kopiamuzeum/wystawy/ja-i-moja-sztuka-to-sztuka-alfons-mazurkiewicz-malarz-i-nauczyciel/">Więcej informacji o wystawie &gt;&gt;&gt;</a><br /> <br /> <br /><span style="font-size: xx-small;">Informujemy, że podczas warsztatów mogą być wykonywane zdjęcia na potrzeby Muzeum Współczesnego Wrocław, które mogą zawierać wizerunki osób biorących udział w zajęciach oraz wizerunki prac wykonanych podczas zajęć. Zdjęcia będą przechowywane w wewnętrznym archiwum dokumentującym działalność MWW, mogą również zostać wykorzystane w celach promocyjnych na stronie internetowej www.muzeumwspolczesne.pl oraz w social mediach (na stronach facebook.com/muzeumwspolczesne, instagram.com/muzeumwspolczesne i youtube.com/muzeumwspolczesne). Jeżeli nie wyrażają Państwo zgody na wykonywanie zdjęć, prosimy poinformować o tym osobę prowadzącą warsztaty przed ich rozpoczęciem. Brak informacji przekazanej przed rozpoczęciem zajęć jest równoznaczny ze zgodą na korzystanie przez Muzeum Współczesne Wrocław ze zdjęć, o których mowa powyżej.</span></p>								</div>
				</div>
					</div>
		</div>
					</div>
		</section>
				<section class="elementor-section elementor-top-section elementor-element elementor-element-aa34a18 elementor-section-boxed elementor-section-height-default elementor-section-height-default" data-id="aa34a18" data-element_type="section">
						<div class="elementor-container elementor-column-gap-default">
					<div class="elementor-column elementor-col-100 elementor-top-column elementor-element elementor-element-d29bfe4" data-id="d29bfe4" data-element_type="column">
			<div class="elementor-widget-wrap elementor-element-populated">
						<div class="elementor-element elementor-element-9ada3b9 elementor-widget elementor-widget-image" data-id="9ada3b9" data-element_type="widget" data-widget_type="image.default">
				<div class="elementor-widget-container">
															<img decoding="async" width="300" height="92" src="https://muzeumwspolczesne.pl/wp-content/uploads/2019/11/image-3.jpeg" class="attachment-large size-large wp-image-26817" alt="" srcset="https://muzeumwspolczesne.pl/wp-content/uploads/2019/11/image-3.jpeg 300w, https://muzeumwspolczesne.pl/wp-content/uploads/2019/11/image-3-18x6.jpeg 18w" sizes="(max-width: 300px) 100vw, 300px" />															</div>
				</div>
					</div>
		</div>
					</div>
		</section>
				<section class="elementor-section elementor-top-section elementor-element elementor-element-c555d8d elementor-section-boxed elementor-section-height-default elementor-section-height-default" data-id="c555d8d" data-element_type="section">
						<div class="elementor-container elementor-column-gap-default">
					<div class="elementor-column elementor-col-100 elementor-top-column elementor-element elementor-element-5c6f814" data-id="5c6f814" data-element_type="column">
			<div class="elementor-widget-wrap elementor-element-populated">
						<div class="elementor-element elementor-element-adbf3ff elementor-widget elementor-widget-text-editor" data-id="adbf3ff" data-element_type="widget" data-widget_type="text-editor.default">
				<div class="elementor-widget-container">
									<p><span style="letter-spacing: normal; font-family: BauPLRegular, sans-serif; font-size: 11px; background-color: rgb(251, 251, 251);">Na warsztaty zapraszamy szczególnie</span><br style="letter-spacing: normal; font-family: BauPLRegular, sans-serif; font-size: 11px;"><span style="letter-spacing: normal; font-family: BauPLRegular, sans-serif; font-size: 11px; background-color: rgb(251, 251, 251);">osoby z niepełnosprawnością wzroku</span><br style="letter-spacing: normal; font-family: BauPLRegular, sans-serif; font-size: 11px;"><br style="letter-spacing: normal; font-family: BauPLRegular, sans-serif; font-size: 11px;"><span style="letter-spacing: normal; font-family: BauPLRegular, sans-serif; font-size: 11px; background-color: rgb(251, 251, 251);">Liczba miejsc ograniczona</span><br style="letter-spacing: normal; font-family: BauPLRegular, sans-serif; font-size: 11px;"><br style="letter-spacing: normal; font-family: BauPLRegular, sans-serif; font-size: 11px;"><span style="letter-spacing: normal; font-family: BauPLRegular, sans-serif; font-size: 11px; background-color: rgb(251, 251, 251);">Zapisy (do 18.11):</span><br style="letter-spacing: normal; font-family: BauPLRegular, sans-serif; font-size: 11px;"><span style="letter-spacing: normal; font-family: BauPLRegular, sans-serif; font-size: 11px; background-color: rgb(251, 251, 251);">a.krukowska@muzeumwspolczesne.pl&nbsp;</span><br style="letter-spacing: normal; font-family: BauPLRegular, sans-serif; font-size: 11px;"><span style="letter-spacing: normal; font-family: BauPLRegular, sans-serif; font-size: 11px; background-color: rgb(251, 251, 251);">lub tel. 71 356 42 53</span><br style="letter-spacing: normal; font-family: BauPLRegular, sans-serif; font-size: 11px;"><br style="letter-spacing: normal; font-family: BauPLRegular, sans-serif; font-size: 11px;"><span style="letter-spacing: normal; font-family: BauPLRegular, sans-serif; font-size: 11px; background-color: rgb(251, 251, 251);">Zapewniamy asystę</span><br style="letter-spacing: normal; font-family: BauPLRegular, sans-serif; font-size: 11px;"><span style="letter-spacing: normal; font-family: BauPLRegular, sans-serif; font-size: 11px; background-color: rgb(251, 251, 251);">w dotarciu do budynku</span><br style="letter-spacing: normal; font-family: BauPLRegular, sans-serif; font-size: 11px;"><span style="letter-spacing: normal; font-family: BauPLRegular, sans-serif; font-size: 11px; background-color: rgb(251, 251, 251);">z najbliższego otoczenia</span><br></p>								</div>
				</div>
					</div>
		</div>
					</div>
		</section>
				</div>

<p>Czy można tworzyć malarskie dzieła bez użycia narzędzi? Co stanie się, gdy pędzel zastąpimy własnymi dłońmi? Jak to jest poczuć zapach, esencję, a może nawet smak malarskiego medium? W czasie zajęć wsłuchamy się w wewnętrzny głos, by wykonać ekspresyjne, fakturalne prace. Inspiracją dla naszych działań będą strukturalne dzieła Alfonsa Mazurkiewicza prezentowane na wystawie Ja i [&hellip;]</p>
