{"id":26842,"date":"2018-09-03T16:08:00","date_gmt":"2018-09-03T16:08:00","guid":{"rendered":"https:\/\/muzeumwspolczesne.pl\/?post_type=edukacja&#038;p=26842"},"modified":"2024-01-29T16:09:31","modified_gmt":"2024-01-29T16:09:31","slug":"rozrusznik-bez-barier-warsztaty-integracyjne-2","status":"publish","type":"edukacja","link":"https:\/\/muzeumwspolczesne.pl\/en\/zapowiedzi\/rozrusznik-bez-barier-warsztaty-integracyjne-2\/","title":{"rendered":"ROZRUSZNIK BEZ BARIER \u2013 WARSZTATY INTEGRACYJNE"},"content":{"rendered":"\t\t<div data-elementor-type=\"wp-post\" data-elementor-id=\"26842\" class=\"elementor elementor-26842\" data-elementor-post-type=\"edukacja\">\n\t\t\t\t\t\t<section class=\"elementor-section elementor-top-section elementor-element elementor-element-d6cc36d elementor-section-boxed elementor-section-height-default elementor-section-height-default\" data-id=\"d6cc36d\" data-element_type=\"section\">\n\t\t\t\t\t\t<div class=\"elementor-container elementor-column-gap-default\">\n\t\t\t\t\t<div class=\"elementor-column elementor-col-100 elementor-top-column elementor-element elementor-element-bff42ae\" data-id=\"bff42ae\" data-element_type=\"column\">\n\t\t\t<div class=\"elementor-widget-wrap elementor-element-populated\">\n\t\t\t\t\t\t<div class=\"elementor-element elementor-element-d1eed90 elementor-widget elementor-widget-text-editor\" data-id=\"d1eed90\" data-element_type=\"widget\" data-widget_type=\"text-editor.default\">\n\t\t\t\t<div class=\"elementor-widget-container\">\n\t\t\t\t\t\t\t\t\t<p>Muzeum Wsp\u00f3\u0142czesne Wroc\u0142aw zaprasza na kolejn\u0105 ods\u0142on\u0119 warsztat\u00f3w Rozrusznik bez barier. Zaj\u0119cia skierowane s\u0105 do os\u00f3b o szczeg\u00f3lnych potrzebach edukacyjnych: grup szkolnych oraz os\u00f3b doros\u0142ych, dla kt\u00f3rych ekspresja plastyczna stanowi naturalny proces terapeutyczny.<br \/>\u00a0<br \/>Podczas tegorocznej edycji warsztat\u00f3w skupimy si\u0119 na dzie\u0142ach z kolekcji Muzeum Wsp\u00f3\u0142czesnego Wroc\u0142aw oraz tych, kt\u00f3re s\u0105 aktualnie prezentowane na wystawach czasowych. Motywem wiod\u0105cym b\u0119dzie szeroko poj\u0119ta Natura \u2013 najstarsza inspiracja w tw\u00f3rczo\u015bci cz\u0142owieka, ale w uj\u0119ciu artyst\u00f3w wsp\u00f3\u0142czesnych.<br \/>\u00a0<br \/>Zaj\u0119cia realizujemy w formie dyptyku warsztatowego (dw\u00f3ch powi\u0105zanych tematycznie spotka\u0144) lub jednego warsztatu (temat do wyboru). Do dyspozycji jest sze\u015b\u0107 termin\u00f3w.<br \/>\u00a0<br \/>\u00a0<br \/><strong>DUCHY LASU<\/strong><\/p><p>Podczas spotkania uczestnicy zapoznaj\u0105 si\u0119 z dzie\u0142ami z kolekcji MWW nawi\u0105zuj\u0105cymi do pierwotnego zwi\u0105zku cz\u0142owieka z natur\u0105 oraz naszej zale\u017cno\u015bci od Ziemi, jej wyj\u0105tkowo\u015bci i eksploatacji. W cz\u0119\u015bci praktycznej wprowadzimy nasze cia\u0142a w ruch, poprzez \u0107wiczenia nawi\u0105zuj\u0105ce do jogi i pranajamy \u2013 praktyk czerpi\u0105cych sw\u0105 m\u0105dro\u015b\u0107 z natury. Nast\u0119pnie przyst\u0105pimy do dzia\u0142a\u0144 plastycznych.<\/p><p>Drugie spotkanie, w odniesieniu do czasowej interaktywnej wystawy <em>Duchy Lasu<\/em>, wprowadzi nas w \u015bwiat pradawnych wierze\u0144, w wyj\u0105tkowo\u015b\u0107 Natury, wieloznaczno\u015b\u0107 otaczaj\u0105cego nas \u015bwiata i pot\u0119g\u0119 wyobra\u017ani. Po kr\u00f3tkiej pogadance przyst\u0105pimy do dzia\u0142ania plastycznego, w wyniku kt\u00f3rego powstan\u0105 obiekty, wykorzystane podczas wizyty na wystawie.<br \/>\u00a0<br \/>\u00a0<br \/><strong>SZTUKA ZIEMI<\/strong><\/p><p>Pierwsze spotkanie w tym cyklu po\u015bwi\u0119cimy na zapoznanie si\u0119 z dzie\u0142ami z kolekcji MWW nawi\u0105zuj\u0105cymi do eksploatacji pejza\u017cu, jako t\u0142a do tworzenia dzie\u0142 przy u\u017cyciu bardzo prostych \u015brodk\u00f3w wyrazu. Podstaw\u0105 dzia\u0142ania b\u0119dzie wyobra\u017ania i wra\u017cliwo\u015b\u0107 artystyczna.<\/p><p>Podczas drugiego spotkania odszukamy w przestrzeni Muzeum dzie\u0142a prezentowane na aktualnej ekspozycji, kt\u00f3re nawi\u0105zuj\u0105 do zajmuj\u0105cej nas tematyki \u201esztuki ziemi\u201d. Z powsta\u0142ych podczas dzia\u0142a\u0144 plastycznych obiekt\u00f3w stworzymy w\u0142asn\u0105 wystaw\u0119 w przestrzeni MWW.<br \/>\u00a0<br \/>\u00a0<br \/><strong>ZWIERZYNIEC<\/strong><\/p><p>Inspiracj\u0105 pierwszego spotkania b\u0119dzie praca pt. <em>Psia afera<\/em> autorstwa Anny Kutery, znajduj\u0105ca si\u0119 w kolekcji Dolno\u015bl\u0105skiego Towarzystwa Zach\u0119ty Sztuk Pi\u0119knych. Przyjrzymy si\u0119 r\u00f3wnie\u017c dzie\u0142om z kolekcji MWW ze zwierz\u0119tami w roli g\u0142\u00f3wnej. Podczas dzia\u0142a\u0144 warsztatowych postaramy si\u0119 przeanalizowa\u0107 charaktery, psychik\u0119 i uczucia zwierz\u0105t w kontek\u015bcie nas samych, nadaj\u0105c im cechy ludzkie. Na zako\u0144czenie stworzymy \u201eartystyczny kodeks praw zwierz\u0105t\u201d.<\/p><p>Podczas wizyty na aktualnej wystawie, poszukamy powi\u0105za\u0144 ze \u015bwiatem zwierz\u0105t, o kt\u00f3rym zapominamy, \u017ce jest nam tak bliski i do\u0144 przynale\u017cymy. W trakcie dzia\u0142a\u0144 warsztatowych spr\u00f3bujemy odegra\u0107 role wybranych zwierz\u0105t, a nast\u0119pnie sportretowa\u0107 je w ludzkiej skali tak, aby mog\u0142y przez chwil\u0119 sta\u0107 si\u0119 naszymi portretami, kt\u00f3re zarejestrujemy w postaci fotografii.<br \/>\u00a0<br \/>\u00a0<br \/><span style=\"font-size: xx-small;\">Zakupy dzie\u0142 do kolekcji MWW<br \/>dofinansowano ze \u015brodk\u00f3w<br \/>Ministra Kultury i Dziedzictwa Narodowego<\/span><br \/><img decoding=\"async\" src=\"https:\/\/kopiamuzeum.wambox.pl\/home\/wambox\/domains\/wambox.pl\/public_html\/kopiamuzeum\/wp-content\/uploads\/2018\/08\/MKiDN-PL.jpg\" alt=\"https:\/\/kopiamuzeum.wambox.pl\/home\/wambox\/domains\/wambox.pl\/public_html\/kopiamuzeum\/wp-content\/uploads\/2018\/08\/MKiDN-PL.jpg\" \/><\/p>\t\t\t\t\t\t\t\t<\/div>\n\t\t\t\t<\/div>\n\t\t\t\t\t<\/div>\n\t\t<\/div>\n\t\t\t\t\t<\/div>\n\t\t<\/section>\n\t\t\t\t<section class=\"elementor-section elementor-top-section elementor-element elementor-element-ba6d6bd elementor-section-boxed elementor-section-height-default elementor-section-height-default\" data-id=\"ba6d6bd\" data-element_type=\"section\">\n\t\t\t\t\t\t<div class=\"elementor-container elementor-column-gap-default\">\n\t\t\t\t\t<div class=\"elementor-column elementor-col-100 elementor-top-column elementor-element elementor-element-1ed39ef\" data-id=\"1ed39ef\" data-element_type=\"column\">\n\t\t\t<div class=\"elementor-widget-wrap elementor-element-populated\">\n\t\t\t\t\t\t<div class=\"elementor-element elementor-element-55b20a5 elementor-widget elementor-widget-text-editor\" data-id=\"55b20a5\" data-element_type=\"widget\" data-widget_type=\"text-editor.default\">\n\t\t\t\t<div class=\"elementor-widget-container\">\n\t\t\t\t\t\t\t\t\t<p><span style=\"letter-spacing: normal; font-family: BauPLRegular, sans-serif; font-size: 11px; background-color: rgb(251, 251, 251);\">Prowadzenie warsztat\u00f3w:<\/span><br style=\"letter-spacing: normal; font-family: BauPLRegular, sans-serif; font-size: 11px;\"><span style=\"letter-spacing: normal; font-family: BauPLRegular, sans-serif; font-size: 11px; background-color: rgb(251, 251, 251);\">Joanna Seku\u0142a<\/span><br style=\"letter-spacing: normal; font-family: BauPLRegular, sans-serif; font-size: 11px;\"><br style=\"letter-spacing: normal; font-family: BauPLRegular, sans-serif; font-size: 11px;\"><span style=\"letter-spacing: normal; font-family: BauPLRegular, sans-serif; font-size: 11px; background-color: rgb(251, 251, 251);\">Wszystkie spotkania<\/span><br style=\"letter-spacing: normal; font-family: BauPLRegular, sans-serif; font-size: 11px;\"><span style=\"letter-spacing: normal; font-family: BauPLRegular, sans-serif; font-size: 11px; background-color: rgb(251, 251, 251);\">s\u0105 bezp\u0142atne,&nbsp;<\/span><br style=\"letter-spacing: normal; font-family: BauPLRegular, sans-serif; font-size: 11px;\"><span style=\"letter-spacing: normal; font-family: BauPLRegular, sans-serif; font-size: 11px; background-color: rgb(251, 251, 251);\">ale obowi\u0105zuje&nbsp;<\/span><br style=\"letter-spacing: normal; font-family: BauPLRegular, sans-serif; font-size: 11px;\"><span style=\"letter-spacing: normal; font-family: BauPLRegular, sans-serif; font-size: 11px; background-color: rgb(251, 251, 251);\">rezerwacja telefoniczna:&nbsp;<\/span><br style=\"letter-spacing: normal; font-family: BauPLRegular, sans-serif; font-size: 11px;\"><span style=\"letter-spacing: normal; font-family: BauPLRegular, sans-serif; font-size: 11px; background-color: rgb(251, 251, 251);\">501 466 319<\/span><br style=\"letter-spacing: normal; font-family: BauPLRegular, sans-serif; font-size: 11px;\"><br style=\"letter-spacing: normal; font-family: BauPLRegular, sans-serif; font-size: 11px;\"><span style=\"letter-spacing: normal; font-family: BauPLRegular, sans-serif; font-size: 11px; background-color: rgb(251, 251, 251);\">Czas trwania 1,5 h<\/span><br style=\"letter-spacing: normal; font-family: BauPLRegular, sans-serif; font-size: 11px;\"><br style=\"letter-spacing: normal; font-family: BauPLRegular, sans-serif; font-size: 11px;\"><span style=\"letter-spacing: normal; font-family: BauPLRegular, sans-serif; font-size: 11px; background-color: rgb(251, 251, 251);\">Terminy do uzgodnienia<\/span><br style=\"letter-spacing: normal; font-family: BauPLRegular, sans-serif; font-size: 11px;\"><br style=\"letter-spacing: normal; font-family: BauPLRegular, sans-serif; font-size: 11px;\"><br style=\"letter-spacing: normal; font-family: BauPLRegular, sans-serif; font-size: 11px;\"><span style=\"letter-spacing: normal; font-family: BauPLRegular, sans-serif; font-size: 11px; background-color: rgb(251, 251, 251);\">Zakupy do kolekcji Muzeum&nbsp;<\/span><br style=\"letter-spacing: normal; font-family: BauPLRegular, sans-serif; font-size: 11px;\"><span style=\"letter-spacing: normal; font-family: BauPLRegular, sans-serif; font-size: 11px; background-color: rgb(251, 251, 251);\">Wsp\u00f3\u0142czesnego Wroc\u0142aw&nbsp;<\/span><br style=\"letter-spacing: normal; font-family: BauPLRegular, sans-serif; font-size: 11px;\"><span style=\"letter-spacing: normal; font-family: BauPLRegular, sans-serif; font-size: 11px; background-color: rgb(251, 251, 251);\">dofinansowano ze \u015brodk\u00f3w&nbsp;<\/span><br style=\"letter-spacing: normal; font-family: BauPLRegular, sans-serif; font-size: 11px;\"><span style=\"letter-spacing: normal; font-family: BauPLRegular, sans-serif; font-size: 11px; background-color: rgb(251, 251, 251);\">Ministra Kultury<\/span><br style=\"letter-spacing: normal; font-family: BauPLRegular, sans-serif; font-size: 11px;\"><span style=\"letter-spacing: normal; font-family: BauPLRegular, sans-serif; font-size: 11px; background-color: rgb(251, 251, 251);\">i Dziedzictwa Narodowego<\/span><br><\/p>\t\t\t\t\t\t\t\t<\/div>\n\t\t\t\t<\/div>\n\t\t\t\t\t<\/div>\n\t\t<\/div>\n\t\t\t\t\t<\/div>\n\t\t<\/section>\n\t\t\t\t<\/div>\n\t\t","protected":false},"excerpt":{"rendered":"<p>Muzeum Wsp\u00f3\u0142czesne Wroc\u0142aw zaprasza na kolejn\u0105 ods\u0142on\u0119 warsztat\u00f3w Rozrusznik bez barier. Zaj\u0119cia skierowane s\u0105 do os\u00f3b o szczeg\u00f3lnych potrzebach edukacyjnych: grup szkolnych oraz os\u00f3b doros\u0142ych, dla kt\u00f3rych ekspresja plastyczna stanowi naturalny proces terapeutyczny.\u00a0Podczas tegorocznej edycji warsztat\u00f3w skupimy si\u0119 na dzie\u0142ach z kolekcji Muzeum Wsp\u00f3\u0142czesnego Wroc\u0142aw oraz tych, kt\u00f3re s\u0105 aktualnie prezentowane na wystawach czasowych. Motywem [&hellip;]<\/p>\n","protected":false},"author":6,"featured_media":26843,"parent":0,"template":"","meta":{"footnotes":""},"kategorie-edukacja":[27],"class_list":["post-26842","edukacja","type-edukacja","status-publish","has-post-thumbnail","hentry","kategorie-edukacja-bez-barier"],"_links":{"self":[{"href":"https:\/\/muzeumwspolczesne.pl\/en\/wp-json\/wp\/v2\/edukacja\/26842","targetHints":{"allow":["GET"]}}],"collection":[{"href":"https:\/\/muzeumwspolczesne.pl\/en\/wp-json\/wp\/v2\/edukacja"}],"about":[{"href":"https:\/\/muzeumwspolczesne.pl\/en\/wp-json\/wp\/v2\/types\/edukacja"}],"author":[{"embeddable":true,"href":"https:\/\/muzeumwspolczesne.pl\/en\/wp-json\/wp\/v2\/users\/6"}],"version-history":[{"count":4,"href":"https:\/\/muzeumwspolczesne.pl\/en\/wp-json\/wp\/v2\/edukacja\/26842\/revisions"}],"predecessor-version":[{"id":26847,"href":"https:\/\/muzeumwspolczesne.pl\/en\/wp-json\/wp\/v2\/edukacja\/26842\/revisions\/26847"}],"wp:featuredmedia":[{"embeddable":true,"href":"https:\/\/muzeumwspolczesne.pl\/en\/wp-json\/wp\/v2\/media\/26843"}],"wp:attachment":[{"href":"https:\/\/muzeumwspolczesne.pl\/en\/wp-json\/wp\/v2\/media?parent=26842"}],"wp:term":[{"taxonomy":"kategorie-edukacja","embeddable":true,"href":"https:\/\/muzeumwspolczesne.pl\/en\/wp-json\/wp\/v2\/kategorie-edukacja?post=26842"}],"curies":[{"name":"wp","href":"https:\/\/api.w.org\/{rel}","templated":true}]}}

<div data-elementor-type="wp-post" data-elementor-id="26842" class="elementor elementor-26842" data-elementor-post-type="edukacja">
						<section class="elementor-section elementor-top-section elementor-element elementor-element-d6cc36d elementor-section-boxed elementor-section-height-default elementor-section-height-default" data-id="d6cc36d" data-element_type="section">
						<div class="elementor-container elementor-column-gap-default">
					<div class="elementor-column elementor-col-100 elementor-top-column elementor-element elementor-element-bff42ae" data-id="bff42ae" data-element_type="column">
			<div class="elementor-widget-wrap elementor-element-populated">
						<div class="elementor-element elementor-element-d1eed90 elementor-widget elementor-widget-text-editor" data-id="d1eed90" data-element_type="widget" data-widget_type="text-editor.default">
				<div class="elementor-widget-container">
									<p>Muzeum Współczesne Wrocław zaprasza na kolejną odsłonę warsztatów Rozrusznik bez barier. Zajęcia skierowane są do osób o szczególnych potrzebach edukacyjnych: grup szkolnych oraz osób dorosłych, dla których ekspresja plastyczna stanowi naturalny proces terapeutyczny.<br /> <br />Podczas tegorocznej edycji warsztatów skupimy się na dziełach z kolekcji Muzeum Współczesnego Wrocław oraz tych, które są aktualnie prezentowane na wystawach czasowych. Motywem wiodącym będzie szeroko pojęta Natura – najstarsza inspiracja w twórczości człowieka, ale w ujęciu artystów współczesnych.<br /> <br />Zajęcia realizujemy w formie dyptyku warsztatowego (dwóch powiązanych tematycznie spotkań) lub jednego warsztatu (temat do wyboru). Do dyspozycji jest sześć terminów.<br /> <br /> <br /><strong>DUCHY LASU</strong></p><p>Podczas spotkania uczestnicy zapoznają się z dziełami z kolekcji MWW nawiązującymi do pierwotnego związku człowieka z naturą oraz naszej zależności od Ziemi, jej wyjątkowości i eksploatacji. W części praktycznej wprowadzimy nasze ciała w ruch, poprzez ćwiczenia nawiązujące do jogi i pranajamy – praktyk czerpiących swą mądrość z natury. Następnie przystąpimy do działań plastycznych.</p><p>Drugie spotkanie, w odniesieniu do czasowej interaktywnej wystawy <em>Duchy Lasu</em>, wprowadzi nas w świat pradawnych wierzeń, w wyjątkowość Natury, wieloznaczność otaczającego nas świata i potęgę wyobraźni. Po krótkiej pogadance przystąpimy do działania plastycznego, w wyniku którego powstaną obiekty, wykorzystane podczas wizyty na wystawie.<br /> <br /> <br /><strong>SZTUKA ZIEMI</strong></p><p>Pierwsze spotkanie w tym cyklu poświęcimy na zapoznanie się z dziełami z kolekcji MWW nawiązującymi do eksploatacji pejzażu, jako tła do tworzenia dzieł przy użyciu bardzo prostych środków wyrazu. Podstawą działania będzie wyobraźnia i wrażliwość artystyczna.</p><p>Podczas drugiego spotkania odszukamy w przestrzeni Muzeum dzieła prezentowane na aktualnej ekspozycji, które nawiązują do zajmującej nas tematyki „sztuki ziemi”. Z powstałych podczas działań plastycznych obiektów stworzymy własną wystawę w przestrzeni MWW.<br /> <br /> <br /><strong>ZWIERZYNIEC</strong></p><p>Inspiracją pierwszego spotkania będzie praca pt. <em>Psia afera</em> autorstwa Anny Kutery, znajdująca się w kolekcji Dolnośląskiego Towarzystwa Zachęty Sztuk Pięknych. Przyjrzymy się również dziełom z kolekcji MWW ze zwierzętami w roli głównej. Podczas działań warsztatowych postaramy się przeanalizować charaktery, psychikę i uczucia zwierząt w kontekście nas samych, nadając im cechy ludzkie. Na zakończenie stworzymy „artystyczny kodeks praw zwierząt”.</p><p>Podczas wizyty na aktualnej wystawie, poszukamy powiązań ze światem zwierząt, o którym zapominamy, że jest nam tak bliski i doń przynależymy. W trakcie działań warsztatowych spróbujemy odegrać role wybranych zwierząt, a następnie sportretować je w ludzkiej skali tak, aby mogły przez chwilę stać się naszymi portretami, które zarejestrujemy w postaci fotografii.<br /> <br /> <br /><span style="font-size: xx-small;">Zakupy dzieł do kolekcji MWW<br />dofinansowano ze środków<br />Ministra Kultury i Dziedzictwa Narodowego</span><br /><img decoding="async" src="https://kopiamuzeum.wambox.pl/home/wambox/domains/wambox.pl/public_html/kopiamuzeum/wp-content/uploads/2018/08/MKiDN-PL.jpg" alt="https://kopiamuzeum.wambox.pl/home/wambox/domains/wambox.pl/public_html/kopiamuzeum/wp-content/uploads/2018/08/MKiDN-PL.jpg" /></p>								</div>
				</div>
					</div>
		</div>
					</div>
		</section>
				<section class="elementor-section elementor-top-section elementor-element elementor-element-ba6d6bd elementor-section-boxed elementor-section-height-default elementor-section-height-default" data-id="ba6d6bd" data-element_type="section">
						<div class="elementor-container elementor-column-gap-default">
					<div class="elementor-column elementor-col-100 elementor-top-column elementor-element elementor-element-1ed39ef" data-id="1ed39ef" data-element_type="column">
			<div class="elementor-widget-wrap elementor-element-populated">
						<div class="elementor-element elementor-element-55b20a5 elementor-widget elementor-widget-text-editor" data-id="55b20a5" data-element_type="widget" data-widget_type="text-editor.default">
				<div class="elementor-widget-container">
									<p><span style="letter-spacing: normal; font-family: BauPLRegular, sans-serif; font-size: 11px; background-color: rgb(251, 251, 251);">Prowadzenie warsztatów:</span><br style="letter-spacing: normal; font-family: BauPLRegular, sans-serif; font-size: 11px;"><span style="letter-spacing: normal; font-family: BauPLRegular, sans-serif; font-size: 11px; background-color: rgb(251, 251, 251);">Joanna Sekuła</span><br style="letter-spacing: normal; font-family: BauPLRegular, sans-serif; font-size: 11px;"><br style="letter-spacing: normal; font-family: BauPLRegular, sans-serif; font-size: 11px;"><span style="letter-spacing: normal; font-family: BauPLRegular, sans-serif; font-size: 11px; background-color: rgb(251, 251, 251);">Wszystkie spotkania</span><br style="letter-spacing: normal; font-family: BauPLRegular, sans-serif; font-size: 11px;"><span style="letter-spacing: normal; font-family: BauPLRegular, sans-serif; font-size: 11px; background-color: rgb(251, 251, 251);">są bezpłatne,&nbsp;</span><br style="letter-spacing: normal; font-family: BauPLRegular, sans-serif; font-size: 11px;"><span style="letter-spacing: normal; font-family: BauPLRegular, sans-serif; font-size: 11px; background-color: rgb(251, 251, 251);">ale obowiązuje&nbsp;</span><br style="letter-spacing: normal; font-family: BauPLRegular, sans-serif; font-size: 11px;"><span style="letter-spacing: normal; font-family: BauPLRegular, sans-serif; font-size: 11px; background-color: rgb(251, 251, 251);">rezerwacja telefoniczna:&nbsp;</span><br style="letter-spacing: normal; font-family: BauPLRegular, sans-serif; font-size: 11px;"><span style="letter-spacing: normal; font-family: BauPLRegular, sans-serif; font-size: 11px; background-color: rgb(251, 251, 251);">501 466 319</span><br style="letter-spacing: normal; font-family: BauPLRegular, sans-serif; font-size: 11px;"><br style="letter-spacing: normal; font-family: BauPLRegular, sans-serif; font-size: 11px;"><span style="letter-spacing: normal; font-family: BauPLRegular, sans-serif; font-size: 11px; background-color: rgb(251, 251, 251);">Czas trwania 1,5 h</span><br style="letter-spacing: normal; font-family: BauPLRegular, sans-serif; font-size: 11px;"><br style="letter-spacing: normal; font-family: BauPLRegular, sans-serif; font-size: 11px;"><span style="letter-spacing: normal; font-family: BauPLRegular, sans-serif; font-size: 11px; background-color: rgb(251, 251, 251);">Terminy do uzgodnienia</span><br style="letter-spacing: normal; font-family: BauPLRegular, sans-serif; font-size: 11px;"><br style="letter-spacing: normal; font-family: BauPLRegular, sans-serif; font-size: 11px;"><br style="letter-spacing: normal; font-family: BauPLRegular, sans-serif; font-size: 11px;"><span style="letter-spacing: normal; font-family: BauPLRegular, sans-serif; font-size: 11px; background-color: rgb(251, 251, 251);">Zakupy do kolekcji Muzeum&nbsp;</span><br style="letter-spacing: normal; font-family: BauPLRegular, sans-serif; font-size: 11px;"><span style="letter-spacing: normal; font-family: BauPLRegular, sans-serif; font-size: 11px; background-color: rgb(251, 251, 251);">Współczesnego Wrocław&nbsp;</span><br style="letter-spacing: normal; font-family: BauPLRegular, sans-serif; font-size: 11px;"><span style="letter-spacing: normal; font-family: BauPLRegular, sans-serif; font-size: 11px; background-color: rgb(251, 251, 251);">dofinansowano ze środków&nbsp;</span><br style="letter-spacing: normal; font-family: BauPLRegular, sans-serif; font-size: 11px;"><span style="letter-spacing: normal; font-family: BauPLRegular, sans-serif; font-size: 11px; background-color: rgb(251, 251, 251);">Ministra Kultury</span><br style="letter-spacing: normal; font-family: BauPLRegular, sans-serif; font-size: 11px;"><span style="letter-spacing: normal; font-family: BauPLRegular, sans-serif; font-size: 11px; background-color: rgb(251, 251, 251);">i Dziedzictwa Narodowego</span><br></p>								</div>
				</div>
					</div>
		</div>
					</div>
		</section>
				</div>

<p>Muzeum Współczesne Wrocław zaprasza na kolejną odsłonę warsztatów Rozrusznik bez barier. Zajęcia skierowane są do osób o szczególnych potrzebach edukacyjnych: grup szkolnych oraz osób dorosłych, dla których ekspresja plastyczna stanowi naturalny proces terapeutyczny. Podczas tegorocznej edycji warsztatów skupimy się na dziełach z kolekcji Muzeum Współczesnego Wrocław oraz tych, które są aktualnie prezentowane na wystawach czasowych. Motywem [&hellip;]</p>
