{"id":26864,"date":"2017-07-03T16:13:00","date_gmt":"2017-07-03T16:13:00","guid":{"rendered":"https:\/\/muzeumwspolczesne.pl\/?post_type=edukacja&#038;p=26864"},"modified":"2024-01-29T16:14:39","modified_gmt":"2024-01-29T16:14:39","slug":"przysiega-i-inne-trudne-slowa-warsztat-sensualny","status":"publish","type":"edukacja","link":"https:\/\/muzeumwspolczesne.pl\/en\/zapowiedzi\/przysiega-i-inne-trudne-slowa-warsztat-sensualny\/","title":{"rendered":"PRZYSI\u0118GA I INNE TRUDNE S\u0141OWA. WARSZTAT SENSUALNY"},"content":{"rendered":"\t\t<div data-elementor-type=\"wp-post\" data-elementor-id=\"26864\" class=\"elementor elementor-26864\" data-elementor-post-type=\"edukacja\">\n\t\t\t\t\t\t<section class=\"elementor-section elementor-top-section elementor-element elementor-element-fdf84fb elementor-section-boxed elementor-section-height-default elementor-section-height-default\" data-id=\"fdf84fb\" data-element_type=\"section\">\n\t\t\t\t\t\t<div class=\"elementor-container elementor-column-gap-default\">\n\t\t\t\t\t<div class=\"elementor-column elementor-col-100 elementor-top-column elementor-element elementor-element-163f70c\" data-id=\"163f70c\" data-element_type=\"column\">\n\t\t\t<div class=\"elementor-widget-wrap elementor-element-populated\">\n\t\t\t\t\t\t<div class=\"elementor-element elementor-element-f051578 elementor-widget elementor-widget-text-editor\" data-id=\"f051578\" data-element_type=\"widget\" data-widget_type=\"text-editor.default\">\n\t\t\t\t<div class=\"elementor-widget-container\">\n\t\t\t\t\t\t\t\t\t<p>Sylwia Serafinowicz \u2013 kuratorka najnowszej wystawy Ewy Axelrad, tak rozpoczyna sw\u00f3j kuratorski tekst:<br \/>\u201eSztama\u201d to ciekawe s\u0142owo. Pachnie podw\u00f3rkow\u0105 solidarno\u015bci\u0105. S\u0142ownik j\u0119zyka polskiego obja\u015bnia je do\u015b\u0107 niewinnie jako \u201ekole\u017ce\u0144ski lub przyjacielski uk\u0142ad z kim\u015b, zobowi\u0105zuj\u0105cy do wzajemnej pomocy\u201d. Jego niemiecki \u017ar\u00f3d\u0142os\u0142\u00f3w \u2013 der Stamm \u2013 oznacza plemi\u0119. Niemniej istnieje wiele przyk\u0142ad\u00f3w, na kt\u00f3re mogliby\u015bmy si\u0119 powo\u0142a\u0107, chocia\u017cby z dziedziny literatury, kt\u00f3re analizuj\u0105, jak to na pierwszy rzut oka pozytywne zjawisko solidarno\u015bci przeradza si\u0119 w zbiorow\u0105 agresj\u0119.<\/p><p>W trakcie sensualnego warsztatu porozmawiamy o przyja\u017ani, braterstwie, kumplostwie i postaramy si\u0119 zwr\u00f3ci\u0107 uwag\u0119 na zmys\u0142ow\u0105, niewizualn\u0105 stron\u0119 tej artystycznej opowie\u015bci.<\/p><p>Tradycyjnie na integracyjne warsztaty sensualne zapraszamy szczeg\u00f3lnie osoby z niepe\u0142nosprawno\u015bci\u0105 wzroku.<\/p><p>Prowadzenie:<br \/>Magdalena Skowro\u0144ska i Bartek Lis<\/p>\t\t\t\t\t\t\t\t<\/div>\n\t\t\t\t<\/div>\n\t\t\t\t\t<\/div>\n\t\t<\/div>\n\t\t\t\t\t<\/div>\n\t\t<\/section>\n\t\t\t\t<section class=\"elementor-section elementor-top-section elementor-element elementor-element-f713a42 elementor-section-boxed elementor-section-height-default elementor-section-height-default\" data-id=\"f713a42\" data-element_type=\"section\">\n\t\t\t\t\t\t<div class=\"elementor-container elementor-column-gap-default\">\n\t\t\t\t\t<div class=\"elementor-column elementor-col-100 elementor-top-column elementor-element elementor-element-a8102fe\" data-id=\"a8102fe\" data-element_type=\"column\">\n\t\t\t<div class=\"elementor-widget-wrap elementor-element-populated\">\n\t\t\t\t\t\t<div class=\"elementor-element elementor-element-0ea9805 elementor-widget elementor-widget-text-editor\" data-id=\"0ea9805\" data-element_type=\"widget\" data-widget_type=\"text-editor.default\">\n\t\t\t\t<div class=\"elementor-widget-container\">\n\t\t\t\t\t\t\t\t\t<p><span style=\"letter-spacing: normal; font-family: BauPLRegular, sans-serif; font-size: 11px; background-color: rgb(251, 251, 251);\">Przysi\u0119ga i inne trudne s\u0142owa.<\/span><br style=\"letter-spacing: normal; font-family: BauPLRegular, sans-serif; font-size: 11px;\"><span style=\"letter-spacing: normal; font-family: BauPLRegular, sans-serif; font-size: 11px; background-color: rgb(251, 251, 251);\">Warsztat sensualny<\/span><br style=\"letter-spacing: normal; font-family: BauPLRegular, sans-serif; font-size: 11px;\"><span style=\"letter-spacing: normal; font-family: BauPLRegular, sans-serif; font-size: 11px; background-color: rgb(251, 251, 251);\">wok\u00f3\u0142 wystawy Ewy Axelrad \u201eSztama\u201d<\/span><br style=\"letter-spacing: normal; font-family: BauPLRegular, sans-serif; font-size: 11px;\"><br style=\"letter-spacing: normal; font-family: BauPLRegular, sans-serif; font-size: 11px;\"><span style=\"letter-spacing: normal; font-family: BauPLRegular, sans-serif; font-size: 11px; background-color: rgb(251, 251, 251);\">Obowi\u0105zuj\u0105 zapisy (do 4.7.17):<\/span><br style=\"letter-spacing: normal; font-family: BauPLRegular, sans-serif; font-size: 11px;\"><span style=\"letter-spacing: normal; font-family: BauPLRegular, sans-serif; font-size: 11px; background-color: rgb(251, 251, 251);\">b.lis@muzeumwspolczesne.pl<\/span><br style=\"letter-spacing: normal; font-family: BauPLRegular, sans-serif; font-size: 11px;\"><br style=\"letter-spacing: normal; font-family: BauPLRegular, sans-serif; font-size: 11px;\"><span style=\"letter-spacing: normal; font-family: BauPLRegular, sans-serif; font-size: 11px; background-color: rgb(251, 251, 251);\">Liczba miejsc ograniczona<\/span><br style=\"letter-spacing: normal; font-family: BauPLRegular, sans-serif; font-size: 11px;\"><br style=\"letter-spacing: normal; font-family: BauPLRegular, sans-serif; font-size: 11px;\"><span style=\"letter-spacing: normal; font-family: BauPLRegular, sans-serif; font-size: 11px; background-color: rgb(251, 251, 251);\">Szczeg\u00f3lnie zapraszamy osoby z niepe\u0142nosprawno\u015bci\u0105 wzroku<\/span><br><\/p>\t\t\t\t\t\t\t\t<\/div>\n\t\t\t\t<\/div>\n\t\t\t\t\t<\/div>\n\t\t<\/div>\n\t\t\t\t\t<\/div>\n\t\t<\/section>\n\t\t\t\t<\/div>\n\t\t","protected":false},"excerpt":{"rendered":"<p>Sylwia Serafinowicz \u2013 kuratorka najnowszej wystawy Ewy Axelrad, tak rozpoczyna sw\u00f3j kuratorski tekst:\u201eSztama\u201d to ciekawe s\u0142owo. Pachnie podw\u00f3rkow\u0105 solidarno\u015bci\u0105. S\u0142ownik j\u0119zyka polskiego obja\u015bnia je do\u015b\u0107 niewinnie jako \u201ekole\u017ce\u0144ski lub przyjacielski uk\u0142ad z kim\u015b, zobowi\u0105zuj\u0105cy do wzajemnej pomocy\u201d. Jego niemiecki \u017ar\u00f3d\u0142os\u0142\u00f3w \u2013 der Stamm \u2013 oznacza plemi\u0119. Niemniej istnieje wiele przyk\u0142ad\u00f3w, na kt\u00f3re mogliby\u015bmy si\u0119 powo\u0142a\u0107, [&hellip;]<\/p>\n","protected":false},"author":6,"featured_media":26865,"parent":0,"template":"","meta":{"footnotes":""},"kategorie-edukacja":[27],"class_list":["post-26864","edukacja","type-edukacja","status-publish","has-post-thumbnail","hentry","kategorie-edukacja-bez-barier"],"_links":{"self":[{"href":"https:\/\/muzeumwspolczesne.pl\/en\/wp-json\/wp\/v2\/edukacja\/26864","targetHints":{"allow":["GET"]}}],"collection":[{"href":"https:\/\/muzeumwspolczesne.pl\/en\/wp-json\/wp\/v2\/edukacja"}],"about":[{"href":"https:\/\/muzeumwspolczesne.pl\/en\/wp-json\/wp\/v2\/types\/edukacja"}],"author":[{"embeddable":true,"href":"https:\/\/muzeumwspolczesne.pl\/en\/wp-json\/wp\/v2\/users\/6"}],"version-history":[{"count":4,"href":"https:\/\/muzeumwspolczesne.pl\/en\/wp-json\/wp\/v2\/edukacja\/26864\/revisions"}],"predecessor-version":[{"id":26869,"href":"https:\/\/muzeumwspolczesne.pl\/en\/wp-json\/wp\/v2\/edukacja\/26864\/revisions\/26869"}],"wp:featuredmedia":[{"embeddable":true,"href":"https:\/\/muzeumwspolczesne.pl\/en\/wp-json\/wp\/v2\/media\/26865"}],"wp:attachment":[{"href":"https:\/\/muzeumwspolczesne.pl\/en\/wp-json\/wp\/v2\/media?parent=26864"}],"wp:term":[{"taxonomy":"kategorie-edukacja","embeddable":true,"href":"https:\/\/muzeumwspolczesne.pl\/en\/wp-json\/wp\/v2\/kategorie-edukacja?post=26864"}],"curies":[{"name":"wp","href":"https:\/\/api.w.org\/{rel}","templated":true}]}}

PRZYSIĘGA I INNE TRUDNE SŁOWA. WARSZTAT SENSUALNY

<div data-elementor-type="wp-post" data-elementor-id="26864" class="elementor elementor-26864" data-elementor-post-type="edukacja">
						<section class="elementor-section elementor-top-section elementor-element elementor-element-fdf84fb elementor-section-boxed elementor-section-height-default elementor-section-height-default" data-id="fdf84fb" data-element_type="section">
						<div class="elementor-container elementor-column-gap-default">
					<div class="elementor-column elementor-col-100 elementor-top-column elementor-element elementor-element-163f70c" data-id="163f70c" data-element_type="column">
			<div class="elementor-widget-wrap elementor-element-populated">
						<div class="elementor-element elementor-element-f051578 elementor-widget elementor-widget-text-editor" data-id="f051578" data-element_type="widget" data-widget_type="text-editor.default">
				<div class="elementor-widget-container">
									<p>Sylwia Serafinowicz – kuratorka najnowszej wystawy Ewy Axelrad, tak rozpoczyna swój kuratorski tekst:<br />„Sztama” to ciekawe słowo. Pachnie podwórkową solidarnością. Słownik języka polskiego objaśnia je dość niewinnie jako „koleżeński lub przyjacielski układ z kimś, zobowiązujący do wzajemnej pomocy”. Jego niemiecki źródłosłów – der Stamm – oznacza plemię. Niemniej istnieje wiele przykładów, na które moglibyśmy się powołać, chociażby z dziedziny literatury, które analizują, jak to na pierwszy rzut oka pozytywne zjawisko solidarności przeradza się w zbiorową agresję.</p><p>W trakcie sensualnego warsztatu porozmawiamy o przyjaźni, braterstwie, kumplostwie i postaramy się zwrócić uwagę na zmysłową, niewizualną stronę tej artystycznej opowieści.</p><p>Tradycyjnie na integracyjne warsztaty sensualne zapraszamy szczególnie osoby z niepełnosprawnością wzroku.</p><p>Prowadzenie:<br />Magdalena Skowrońska i Bartek Lis</p>								</div>
				</div>
					</div>
		</div>
					</div>
		</section>
				<section class="elementor-section elementor-top-section elementor-element elementor-element-f713a42 elementor-section-boxed elementor-section-height-default elementor-section-height-default" data-id="f713a42" data-element_type="section">
						<div class="elementor-container elementor-column-gap-default">
					<div class="elementor-column elementor-col-100 elementor-top-column elementor-element elementor-element-a8102fe" data-id="a8102fe" data-element_type="column">
			<div class="elementor-widget-wrap elementor-element-populated">
						<div class="elementor-element elementor-element-0ea9805 elementor-widget elementor-widget-text-editor" data-id="0ea9805" data-element_type="widget" data-widget_type="text-editor.default">
				<div class="elementor-widget-container">
									<p><span style="letter-spacing: normal; font-family: BauPLRegular, sans-serif; font-size: 11px; background-color: rgb(251, 251, 251);">Przysięga i inne trudne słowa.</span><br style="letter-spacing: normal; font-family: BauPLRegular, sans-serif; font-size: 11px;"><span style="letter-spacing: normal; font-family: BauPLRegular, sans-serif; font-size: 11px; background-color: rgb(251, 251, 251);">Warsztat sensualny</span><br style="letter-spacing: normal; font-family: BauPLRegular, sans-serif; font-size: 11px;"><span style="letter-spacing: normal; font-family: BauPLRegular, sans-serif; font-size: 11px; background-color: rgb(251, 251, 251);">wokół wystawy Ewy Axelrad „Sztama”</span><br style="letter-spacing: normal; font-family: BauPLRegular, sans-serif; font-size: 11px;"><br style="letter-spacing: normal; font-family: BauPLRegular, sans-serif; font-size: 11px;"><span style="letter-spacing: normal; font-family: BauPLRegular, sans-serif; font-size: 11px; background-color: rgb(251, 251, 251);">Obowiązują zapisy (do 4.7.17):</span><br style="letter-spacing: normal; font-family: BauPLRegular, sans-serif; font-size: 11px;"><span style="letter-spacing: normal; font-family: BauPLRegular, sans-serif; font-size: 11px; background-color: rgb(251, 251, 251);">b.lis@muzeumwspolczesne.pl</span><br style="letter-spacing: normal; font-family: BauPLRegular, sans-serif; font-size: 11px;"><br style="letter-spacing: normal; font-family: BauPLRegular, sans-serif; font-size: 11px;"><span style="letter-spacing: normal; font-family: BauPLRegular, sans-serif; font-size: 11px; background-color: rgb(251, 251, 251);">Liczba miejsc ograniczona</span><br style="letter-spacing: normal; font-family: BauPLRegular, sans-serif; font-size: 11px;"><br style="letter-spacing: normal; font-family: BauPLRegular, sans-serif; font-size: 11px;"><span style="letter-spacing: normal; font-family: BauPLRegular, sans-serif; font-size: 11px; background-color: rgb(251, 251, 251);">Szczególnie zapraszamy osoby z niepełnosprawnością wzroku</span><br></p>								</div>
				</div>
					</div>
		</div>
					</div>
		</section>
				</div>

<p>Sylwia Serafinowicz – kuratorka najnowszej wystawy Ewy Axelrad, tak rozpoczyna swój kuratorski tekst:„Sztama” to ciekawe słowo. Pachnie podwórkową solidarnością. Słownik języka polskiego objaśnia je dość niewinnie jako „koleżeński lub przyjacielski układ z kimś, zobowiązujący do wzajemnej pomocy”. Jego niemiecki źródłosłów – der Stamm – oznacza plemię. Niemniej istnieje wiele przykładów, na które moglibyśmy się powołać, [&hellip;]</p>
