{"id":26870,"date":"2017-06-28T16:14:00","date_gmt":"2017-06-28T16:14:00","guid":{"rendered":"https:\/\/muzeumwspolczesne.pl\/?post_type=edukacja&#038;p=26870"},"modified":"2024-01-29T16:17:39","modified_gmt":"2024-01-29T16:17:39","slug":"opowiedz-mi-parksa-warsztaty-sensualne","status":"publish","type":"edukacja","link":"https:\/\/muzeumwspolczesne.pl\/en\/zapowiedzi\/opowiedz-mi-parksa-warsztaty-sensualne\/","title":{"rendered":"OPOWIEDZ MI PARKSA. WARSZTATY SENSUALNE"},"content":{"rendered":"\t\t<div data-elementor-type=\"wp-post\" data-elementor-id=\"26870\" class=\"elementor elementor-26870\" data-elementor-post-type=\"edukacja\">\n\t\t\t\t\t\t<section class=\"elementor-section elementor-top-section elementor-element elementor-element-39333ee elementor-section-boxed elementor-section-height-default elementor-section-height-default\" data-id=\"39333ee\" data-element_type=\"section\">\n\t\t\t\t\t\t<div class=\"elementor-container elementor-column-gap-default\">\n\t\t\t\t\t<div class=\"elementor-column elementor-col-100 elementor-top-column elementor-element elementor-element-108e9fd\" data-id=\"108e9fd\" data-element_type=\"column\">\n\t\t\t<div class=\"elementor-widget-wrap elementor-element-populated\">\n\t\t\t\t\t\t<div class=\"elementor-element elementor-element-bb290f7 elementor-widget elementor-widget-text-editor\" data-id=\"bb290f7\" data-element_type=\"widget\" data-widget_type=\"text-editor.default\">\n\t\t\t\t<div class=\"elementor-widget-container\">\n\t\t\t\t\t\t\t\t\t<p><em>Aparat to moja bro\u0144<\/em> \u2013 taki tytu\u0142 nosi jedna z fotograficznych wystaw, kt\u00f3re aktualnie mo\u017cna ogl\u0105da\u0107 w Muzeum Wsp\u00f3\u0142czesnym Wroc\u0142aw. Autorem zdj\u0119\u0107 jest czarnosk\u00f3ry artysta Gordon Parks, a problemy\/tematy na niej poruszone dotykaj\u0105 mi\u0119dzy innymi zagadnie\u0144 zwi\u0105zanych z walk\u0105, z segregacj\u0105 rasow\u0105, dyskryminacj\u0105 i ruchami obywatelskimi.<\/p><p>W trakcie warsztatu postaramy si\u0119 opowiedzie\u0107 Wam przedstawiony \u015bwiat pos\u0142uguj\u0105c si\u0119 s\u0142owem i d\u017awi\u0119kiem. Je\u015bli jeste\u015bcie ciekawi, jak jeszcze \u2013 pozawzrokowo \u2013 mo\u017cna do\u015bwiadcza\u0107 tego wizualnego medium, zapraszamy na warsztaty.<\/p><p>Prowadzenie:<br \/>Magdalena Skowro\u0144ska i Bartek Lis<\/p>\t\t\t\t\t\t\t\t<\/div>\n\t\t\t\t<\/div>\n\t\t\t\t\t<\/div>\n\t\t<\/div>\n\t\t\t\t\t<\/div>\n\t\t<\/section>\n\t\t\t\t<\/div>\n\t\t","protected":false},"excerpt":{"rendered":"<p>Aparat to moja bro\u0144 \u2013 taki tytu\u0142 nosi jedna z fotograficznych wystaw, kt\u00f3re aktualnie mo\u017cna ogl\u0105da\u0107 w Muzeum Wsp\u00f3\u0142czesnym Wroc\u0142aw. Autorem zdj\u0119\u0107 jest czarnosk\u00f3ry artysta Gordon Parks, a problemy\/tematy na niej poruszone dotykaj\u0105 mi\u0119dzy innymi zagadnie\u0144 zwi\u0105zanych z walk\u0105, z segregacj\u0105 rasow\u0105, dyskryminacj\u0105 i ruchami obywatelskimi. W trakcie warsztatu postaramy si\u0119 opowiedzie\u0107 Wam przedstawiony \u015bwiat [&hellip;]<\/p>\n","protected":false},"author":6,"featured_media":26871,"parent":0,"template":"","meta":{"footnotes":""},"kategorie-edukacja":[27],"class_list":["post-26870","edukacja","type-edukacja","status-publish","has-post-thumbnail","hentry","kategorie-edukacja-bez-barier"],"_links":{"self":[{"href":"https:\/\/muzeumwspolczesne.pl\/en\/wp-json\/wp\/v2\/edukacja\/26870","targetHints":{"allow":["GET"]}}],"collection":[{"href":"https:\/\/muzeumwspolczesne.pl\/en\/wp-json\/wp\/v2\/edukacja"}],"about":[{"href":"https:\/\/muzeumwspolczesne.pl\/en\/wp-json\/wp\/v2\/types\/edukacja"}],"author":[{"embeddable":true,"href":"https:\/\/muzeumwspolczesne.pl\/en\/wp-json\/wp\/v2\/users\/6"}],"version-history":[{"count":4,"href":"https:\/\/muzeumwspolczesne.pl\/en\/wp-json\/wp\/v2\/edukacja\/26870\/revisions"}],"predecessor-version":[{"id":26875,"href":"https:\/\/muzeumwspolczesne.pl\/en\/wp-json\/wp\/v2\/edukacja\/26870\/revisions\/26875"}],"wp:featuredmedia":[{"embeddable":true,"href":"https:\/\/muzeumwspolczesne.pl\/en\/wp-json\/wp\/v2\/media\/26871"}],"wp:attachment":[{"href":"https:\/\/muzeumwspolczesne.pl\/en\/wp-json\/wp\/v2\/media?parent=26870"}],"wp:term":[{"taxonomy":"kategorie-edukacja","embeddable":true,"href":"https:\/\/muzeumwspolczesne.pl\/en\/wp-json\/wp\/v2\/kategorie-edukacja?post=26870"}],"curies":[{"name":"wp","href":"https:\/\/api.w.org\/{rel}","templated":true}]}}

<div data-elementor-type="wp-post" data-elementor-id="26870" class="elementor elementor-26870" data-elementor-post-type="edukacja">
						<section class="elementor-section elementor-top-section elementor-element elementor-element-39333ee elementor-section-boxed elementor-section-height-default elementor-section-height-default" data-id="39333ee" data-element_type="section">
						<div class="elementor-container elementor-column-gap-default">
					<div class="elementor-column elementor-col-100 elementor-top-column elementor-element elementor-element-108e9fd" data-id="108e9fd" data-element_type="column">
			<div class="elementor-widget-wrap elementor-element-populated">
						<div class="elementor-element elementor-element-bb290f7 elementor-widget elementor-widget-text-editor" data-id="bb290f7" data-element_type="widget" data-widget_type="text-editor.default">
				<div class="elementor-widget-container">
									<p><em>Aparat to moja broń</em> – taki tytuł nosi jedna z fotograficznych wystaw, które aktualnie można oglądać w Muzeum Współczesnym Wrocław. Autorem zdjęć jest czarnoskóry artysta Gordon Parks, a problemy/tematy na niej poruszone dotykają między innymi zagadnień związanych z walką, z segregacją rasową, dyskryminacją i ruchami obywatelskimi.</p><p>W trakcie warsztatu postaramy się opowiedzieć Wam przedstawiony świat posługując się słowem i dźwiękiem. Jeśli jesteście ciekawi, jak jeszcze – pozawzrokowo – można doświadczać tego wizualnego medium, zapraszamy na warsztaty.</p><p>Prowadzenie:<br />Magdalena Skowrońska i Bartek Lis</p>								</div>
				</div>
					</div>
		</div>
					</div>
		</section>
				</div>

<p>Aparat to moja broń – taki tytuł nosi jedna z fotograficznych wystaw, które aktualnie można oglądać w Muzeum Współczesnym Wrocław. Autorem zdjęć jest czarnoskóry artysta Gordon Parks, a problemy/tematy na niej poruszone dotykają między innymi zagadnień związanych z walką, z segregacją rasową, dyskryminacją i ruchami obywatelskimi. W trakcie warsztatu postaramy się opowiedzieć Wam przedstawiony świat [&hellip;]</p>
