{"id":26884,"date":"2017-03-22T16:19:00","date_gmt":"2017-03-22T16:19:00","guid":{"rendered":"https:\/\/muzeumwspolczesne.pl\/?post_type=edukacja&#038;p=26884"},"modified":"2024-01-29T16:20:23","modified_gmt":"2024-01-29T16:20:23","slug":"cragg-haptycznie-warsztaty-sensualne","status":"publish","type":"edukacja","link":"https:\/\/muzeumwspolczesne.pl\/en\/zapowiedzi\/cragg-haptycznie-warsztaty-sensualne\/","title":{"rendered":"CRAGG HAPTYCZNIE. WARSZTATY SENSUALNE"},"content":{"rendered":"\t\t<div data-elementor-type=\"wp-post\" data-elementor-id=\"26884\" class=\"elementor elementor-26884\" data-elementor-post-type=\"edukacja\">\n\t\t\t\t\t\t<section class=\"elementor-section elementor-top-section elementor-element elementor-element-b00e08a elementor-section-boxed elementor-section-height-default elementor-section-height-default\" data-id=\"b00e08a\" data-element_type=\"section\">\n\t\t\t\t\t\t<div class=\"elementor-container elementor-column-gap-default\">\n\t\t\t\t\t<div class=\"elementor-column elementor-col-100 elementor-top-column elementor-element elementor-element-7b20547\" data-id=\"7b20547\" data-element_type=\"column\">\n\t\t\t<div class=\"elementor-widget-wrap elementor-element-populated\">\n\t\t\t\t\t\t<div class=\"elementor-element elementor-element-28cd6fc elementor-widget elementor-widget-text-editor\" data-id=\"28cd6fc\" data-element_type=\"widget\" data-widget_type=\"text-editor.default\">\n\t\t\t\t<div class=\"elementor-widget-container\">\n\t\t\t\t\t\t\t\t\t<p>Opowiemy Wam wystaw\u0119 rze\u017ab Tony\u2019ego Cragga w spos\u00f3b niecodzienny. Wy\u0142\u0105czamy wzrok, zak\u0142adamy specjalne r\u0119kawiczki i zamieniamy si\u0119 w dotykowych odkrywc\u00f3w. Kosmiczny \u015bwiat prac Tony\u2019ego Cragga nabierze dla Was nowego znaczenia, je\u015bli tylko\u2026 pozwolicie sobie nie patrze\u0107!<\/p><p>Na warsztaty szczeg\u00f3lnie zapraszamy osoby z niepe\u0142nosprawno\u015bci\u0105 wzroku.<br \/>Obowi\u0105zuj\u0105 zapisy (do 20.3): b.lis@muzeumwspolczesne.pl<\/p>\t\t\t\t\t\t\t\t<\/div>\n\t\t\t\t<\/div>\n\t\t\t\t\t<\/div>\n\t\t<\/div>\n\t\t\t\t\t<\/div>\n\t\t<\/section>\n\t\t\t\t<section class=\"elementor-section elementor-top-section elementor-element elementor-element-91c5a72 elementor-section-boxed elementor-section-height-default elementor-section-height-default\" data-id=\"91c5a72\" data-element_type=\"section\">\n\t\t\t\t\t\t<div class=\"elementor-container elementor-column-gap-default\">\n\t\t\t\t\t<div class=\"elementor-column elementor-col-100 elementor-top-column elementor-element elementor-element-b23eb67\" data-id=\"b23eb67\" data-element_type=\"column\">\n\t\t\t<div class=\"elementor-widget-wrap elementor-element-populated\">\n\t\t\t\t\t\t<div class=\"elementor-element elementor-element-2c27243 elementor-widget elementor-widget-text-editor\" data-id=\"2c27243\" data-element_type=\"widget\" data-widget_type=\"text-editor.default\">\n\t\t\t\t<div class=\"elementor-widget-container\">\n\t\t\t\t\t\t\t\t\t<p><span style=\"letter-spacing: normal; font-family: BauPLRegular, sans-serif; font-size: 11px; background-color: rgb(251, 251, 251);\">Integracyjne warsztaty sensualne w przestrzeni wystawy \u201eTony Cragg. Rze\u017aba\u201d<\/span><br style=\"letter-spacing: normal; font-family: BauPLRegular, sans-serif; font-size: 11px;\"><br style=\"letter-spacing: normal; font-family: BauPLRegular, sans-serif; font-size: 11px;\"><span style=\"letter-spacing: normal; font-family: BauPLRegular, sans-serif; font-size: 11px; background-color: rgb(251, 251, 251);\">Prowadzenie:&nbsp;<\/span><br style=\"letter-spacing: normal; font-family: BauPLRegular, sans-serif; font-size: 11px;\"><span style=\"letter-spacing: normal; font-family: BauPLRegular, sans-serif; font-size: 11px; background-color: rgb(251, 251, 251);\">Magdalena Skowro\u0144ska i Bartek Lis<\/span><br><\/p>\t\t\t\t\t\t\t\t<\/div>\n\t\t\t\t<\/div>\n\t\t\t\t\t<\/div>\n\t\t<\/div>\n\t\t\t\t\t<\/div>\n\t\t<\/section>\n\t\t\t\t<\/div>\n\t\t","protected":false},"excerpt":{"rendered":"<p>Opowiemy Wam wystaw\u0119 rze\u017ab Tony\u2019ego Cragga w spos\u00f3b niecodzienny. Wy\u0142\u0105czamy wzrok, zak\u0142adamy specjalne r\u0119kawiczki i zamieniamy si\u0119 w dotykowych odkrywc\u00f3w. Kosmiczny \u015bwiat prac Tony\u2019ego Cragga nabierze dla Was nowego znaczenia, je\u015bli tylko\u2026 pozwolicie sobie nie patrze\u0107! Na warsztaty szczeg\u00f3lnie zapraszamy osoby z niepe\u0142nosprawno\u015bci\u0105 wzroku.Obowi\u0105zuj\u0105 zapisy (do 20.3): b.lis@muzeumwspolczesne.pl Integracyjne warsztaty sensualne w przestrzeni wystawy \u201eTony [&hellip;]<\/p>\n","protected":false},"author":6,"featured_media":26885,"parent":0,"template":"","meta":{"footnotes":""},"kategorie-edukacja":[27],"class_list":["post-26884","edukacja","type-edukacja","status-publish","has-post-thumbnail","hentry","kategorie-edukacja-bez-barier"],"_links":{"self":[{"href":"https:\/\/muzeumwspolczesne.pl\/en\/wp-json\/wp\/v2\/edukacja\/26884","targetHints":{"allow":["GET"]}}],"collection":[{"href":"https:\/\/muzeumwspolczesne.pl\/en\/wp-json\/wp\/v2\/edukacja"}],"about":[{"href":"https:\/\/muzeumwspolczesne.pl\/en\/wp-json\/wp\/v2\/types\/edukacja"}],"author":[{"embeddable":true,"href":"https:\/\/muzeumwspolczesne.pl\/en\/wp-json\/wp\/v2\/users\/6"}],"version-history":[{"count":4,"href":"https:\/\/muzeumwspolczesne.pl\/en\/wp-json\/wp\/v2\/edukacja\/26884\/revisions"}],"predecessor-version":[{"id":26889,"href":"https:\/\/muzeumwspolczesne.pl\/en\/wp-json\/wp\/v2\/edukacja\/26884\/revisions\/26889"}],"wp:featuredmedia":[{"embeddable":true,"href":"https:\/\/muzeumwspolczesne.pl\/en\/wp-json\/wp\/v2\/media\/26885"}],"wp:attachment":[{"href":"https:\/\/muzeumwspolczesne.pl\/en\/wp-json\/wp\/v2\/media?parent=26884"}],"wp:term":[{"taxonomy":"kategorie-edukacja","embeddable":true,"href":"https:\/\/muzeumwspolczesne.pl\/en\/wp-json\/wp\/v2\/kategorie-edukacja?post=26884"}],"curies":[{"name":"wp","href":"https:\/\/api.w.org\/{rel}","templated":true}]}}

<div data-elementor-type="wp-post" data-elementor-id="26884" class="elementor elementor-26884" data-elementor-post-type="edukacja">
						<section class="elementor-section elementor-top-section elementor-element elementor-element-b00e08a elementor-section-boxed elementor-section-height-default elementor-section-height-default" data-id="b00e08a" data-element_type="section">
						<div class="elementor-container elementor-column-gap-default">
					<div class="elementor-column elementor-col-100 elementor-top-column elementor-element elementor-element-7b20547" data-id="7b20547" data-element_type="column">
			<div class="elementor-widget-wrap elementor-element-populated">
						<div class="elementor-element elementor-element-28cd6fc elementor-widget elementor-widget-text-editor" data-id="28cd6fc" data-element_type="widget" data-widget_type="text-editor.default">
				<div class="elementor-widget-container">
									<p>Opowiemy Wam wystawę rzeźb Tony’ego Cragga w sposób niecodzienny. Wyłączamy wzrok, zakładamy specjalne rękawiczki i zamieniamy się w dotykowych odkrywców. Kosmiczny świat prac Tony’ego Cragga nabierze dla Was nowego znaczenia, jeśli tylko… pozwolicie sobie nie patrzeć!</p><p>Na warsztaty szczególnie zapraszamy osoby z niepełnosprawnością wzroku.<br />Obowiązują zapisy (do 20.3): b.lis@muzeumwspolczesne.pl</p>								</div>
				</div>
					</div>
		</div>
					</div>
		</section>
				<section class="elementor-section elementor-top-section elementor-element elementor-element-91c5a72 elementor-section-boxed elementor-section-height-default elementor-section-height-default" data-id="91c5a72" data-element_type="section">
						<div class="elementor-container elementor-column-gap-default">
					<div class="elementor-column elementor-col-100 elementor-top-column elementor-element elementor-element-b23eb67" data-id="b23eb67" data-element_type="column">
			<div class="elementor-widget-wrap elementor-element-populated">
						<div class="elementor-element elementor-element-2c27243 elementor-widget elementor-widget-text-editor" data-id="2c27243" data-element_type="widget" data-widget_type="text-editor.default">
				<div class="elementor-widget-container">
									<p><span style="letter-spacing: normal; font-family: BauPLRegular, sans-serif; font-size: 11px; background-color: rgb(251, 251, 251);">Integracyjne warsztaty sensualne w przestrzeni wystawy „Tony Cragg. Rzeźba”</span><br style="letter-spacing: normal; font-family: BauPLRegular, sans-serif; font-size: 11px;"><br style="letter-spacing: normal; font-family: BauPLRegular, sans-serif; font-size: 11px;"><span style="letter-spacing: normal; font-family: BauPLRegular, sans-serif; font-size: 11px; background-color: rgb(251, 251, 251);">Prowadzenie:&nbsp;</span><br style="letter-spacing: normal; font-family: BauPLRegular, sans-serif; font-size: 11px;"><span style="letter-spacing: normal; font-family: BauPLRegular, sans-serif; font-size: 11px; background-color: rgb(251, 251, 251);">Magdalena Skowrońska i Bartek Lis</span><br></p>								</div>
				</div>
					</div>
		</div>
					</div>
		</section>
				</div>

<p>Opowiemy Wam wystawę rzeźb Tony’ego Cragga w sposób niecodzienny. Wyłączamy wzrok, zakładamy specjalne rękawiczki i zamieniamy się w dotykowych odkrywców. Kosmiczny świat prac Tony’ego Cragga nabierze dla Was nowego znaczenia, jeśli tylko… pozwolicie sobie nie patrzeć! Na warsztaty szczególnie zapraszamy osoby z niepełnosprawnością wzroku.Obowiązują zapisy (do 20.3): b.lis@muzeumwspolczesne.pl Integracyjne warsztaty sensualne w przestrzeni wystawy „Tony [&hellip;]</p>
