{"id":26896,"date":"2016-12-19T16:21:00","date_gmt":"2016-12-19T16:21:00","guid":{"rendered":"https:\/\/muzeumwspolczesne.pl\/?post_type=edukacja&#038;p=26896"},"modified":"2024-01-29T16:22:21","modified_gmt":"2024-01-29T16:22:21","slug":"rozrusznik-bez-barier-wystawa","status":"publish","type":"edukacja","link":"https:\/\/muzeumwspolczesne.pl\/en\/zapowiedzi\/rozrusznik-bez-barier-wystawa\/","title":{"rendered":"ROZRUSZNIK BEZ BARIER \u2013 WYSTAWA"},"content":{"rendered":"\t\t<div data-elementor-type=\"wp-post\" data-elementor-id=\"26896\" class=\"elementor elementor-26896\" data-elementor-post-type=\"edukacja\">\n\t\t\t\t\t\t<section class=\"elementor-section elementor-top-section elementor-element elementor-element-13cdd39 elementor-section-boxed elementor-section-height-default elementor-section-height-default\" data-id=\"13cdd39\" data-element_type=\"section\">\n\t\t\t\t\t\t<div class=\"elementor-container elementor-column-gap-default\">\n\t\t\t\t\t<div class=\"elementor-column elementor-col-100 elementor-top-column elementor-element elementor-element-a5f92ec\" data-id=\"a5f92ec\" data-element_type=\"column\">\n\t\t\t<div class=\"elementor-widget-wrap elementor-element-populated\">\n\t\t\t\t\t\t<div class=\"elementor-element elementor-element-2c7afd3 elementor-widget elementor-widget-text-editor\" data-id=\"2c7afd3\" data-element_type=\"widget\" data-widget_type=\"text-editor.default\">\n\t\t\t\t<div class=\"elementor-widget-container\">\n\t\t\t\t\t\t\t\t\t<p>Serdecznie zach\u0119camy do zwiedzania wystawy prezentuj\u0105cej realizacje artystyczne, kt\u00f3re powsta\u0142y podczas tegorocznych warsztat\u00f3w dla klas integracyjnych oraz o\u015brodk\u00f3w terapeutycznych.<\/p><p>Rozrusznik Bez Barier to projekt artystyczno-poznawczy dla os\u00f3b o szczeg\u00f3lnych potrzebach edukacyjnych: dzieci, m\u0142odzie\u017cy i doros\u0142ych. Podczas 24 spotka\u0144 w 2016 roku zajmowali\u015bmy si\u0119 obecno\u015bci\u0105 d\u017awi\u0119ku i ruchu w sztuce. W warsztatach wzi\u0119\u0142o udzia\u0142 8 plac\u00f3wek o r\u00f3\u017cnym profilu dzia\u0142alno\u015bci skierowanej do wyj\u0105tkowej grupy odbiorc\u00f3w:<\/p><p><strong>Zesp\u00f3\u0142 Szk\u00f3\u0142 Nr 12 w Samodzielnym Publicznym Zak\u0142adzie Opieki Zdrowotnej<\/strong><\/p><p>Ostoja Dolno\u015bl\u0105skie Stowarzyszenie Pomocy Dzieciom i M\u0142odzie\u017cy (Warsztat Terapii Zaj\u0119ciowej ul. Litomska, Centrum Terapeutyczno Rehabilitacyjne, ul. Budziszy\u0144ska)<\/p><p>Specjalny O\u015brodek Szkolno-Wychowawczy nr 1 we Wroc\u0142awiu<\/p><p>SP 58 we Wroc\u0142awiu, klasa o profilu integracyjnym<\/p><p>Handicap \u2013 Stowarzyszenie na Rzecz Wyr\u00f3wnywania Szans Rozwojowych Dziecka o Obni\u017conej Sprawno\u015bci<\/p><p>Specjalny O\u015brodek Szkolno-Wychowawczy Nr 7, Przedszkole Specjalne<\/p><p>Dolno\u015bl\u0105skie Centrum Zdrowia Psychicznego<\/p><p><strong>Stowarzyszenie Twoje Nowe Mo\u017cliwo\u015bci<\/strong><\/p><p>Wernisa\u017c: 19 grudnia 2016 (poniedzia\u0142ek) godz. 12.00 w siedzibie Muzeum Wsp\u00f3\u0142czesnego Wroc\u0142aw \u2013 schron przy pl. Strzegomskim 2A.<\/p><p>Czas trwania wystawy: 19.12.2016 \u2013 10.01.2017<\/p><p>Wi\u0119cej o warsztatach: <strong><a title=\"ROZRUSZNIK BEZ BARIER \u2013 WARSZTATY INTEGRACYJNE (WIOSNA)\" href=\"https:\/\/kopiamuzeum.wambox.pl\/home\/wambox\/domains\/wambox.pl\/public_html\/kopiamuzeum\/edukacja\/rozrusznik-bez-barier-warsztaty-integracyjne\/\">cykl wiosenny<\/a><\/strong> \/<a title=\"ROZRUSZNIK BEZ BARIER \u2013 WARSZTATY INTEGRACYJNE (JESIE\u0143)\" href=\"https:\/\/kopiamuzeum.wambox.pl\/home\/wambox\/domains\/wambox.pl\/public_html\/kopiamuzeum\/edukacja\/rozrusznik-bez-barier-warsztaty-integracyjne-jesien\/\"> <strong>cykl jesienny<\/strong><\/a><\/p>\t\t\t\t\t\t\t\t<\/div>\n\t\t\t\t<\/div>\n\t\t\t\t\t<\/div>\n\t\t<\/div>\n\t\t\t\t\t<\/div>\n\t\t<\/section>\n\t\t\t\t<section class=\"elementor-section elementor-top-section elementor-element elementor-element-1c08a75 elementor-section-boxed elementor-section-height-default elementor-section-height-default\" data-id=\"1c08a75\" data-element_type=\"section\">\n\t\t\t\t\t\t<div class=\"elementor-container elementor-column-gap-default\">\n\t\t\t\t\t<div class=\"elementor-column elementor-col-100 elementor-top-column elementor-element elementor-element-c2ea441\" data-id=\"c2ea441\" data-element_type=\"column\">\n\t\t\t<div class=\"elementor-widget-wrap elementor-element-populated\">\n\t\t\t\t\t\t<div class=\"elementor-element elementor-element-49e100a elementor-widget elementor-widget-image\" data-id=\"49e100a\" data-element_type=\"widget\" data-widget_type=\"image.default\">\n\t\t\t\t<div class=\"elementor-widget-container\">\n\t\t\t\t\t\t\t\t\t\t\t\t\t\t\t<img fetchpriority=\"high\" decoding=\"async\" width=\"664\" height=\"663\" src=\"https:\/\/muzeumwspolczesne.pl\/wp-content\/uploads\/2017\/05\/image.jpeg\" class=\"attachment-large size-large wp-image-26880\" alt=\"\" srcset=\"https:\/\/muzeumwspolczesne.pl\/wp-content\/uploads\/2017\/05\/image.jpeg 664w, https:\/\/muzeumwspolczesne.pl\/wp-content\/uploads\/2017\/05\/image-300x300.jpeg 300w, https:\/\/muzeumwspolczesne.pl\/wp-content\/uploads\/2017\/05\/image-150x150.jpeg 150w, https:\/\/muzeumwspolczesne.pl\/wp-content\/uploads\/2017\/05\/image-12x12.jpeg 12w\" sizes=\"(max-width: 664px) 100vw, 664px\" \/>\t\t\t\t\t\t\t\t\t\t\t\t\t\t\t<\/div>\n\t\t\t\t<\/div>\n\t\t\t\t\t<\/div>\n\t\t<\/div>\n\t\t\t\t\t<\/div>\n\t\t<\/section>\n\t\t\t\t<section class=\"elementor-section elementor-top-section elementor-element elementor-element-04b23ff elementor-section-boxed elementor-section-height-default elementor-section-height-default\" data-id=\"04b23ff\" data-element_type=\"section\">\n\t\t\t\t\t\t<div class=\"elementor-container elementor-column-gap-default\">\n\t\t\t\t\t<div class=\"elementor-column elementor-col-100 elementor-top-column elementor-element elementor-element-953000f\" data-id=\"953000f\" data-element_type=\"column\">\n\t\t\t<div class=\"elementor-widget-wrap elementor-element-populated\">\n\t\t\t\t\t\t<div class=\"elementor-element elementor-element-897a066 elementor-widget elementor-widget-text-editor\" data-id=\"897a066\" data-element_type=\"widget\" data-widget_type=\"text-editor.default\">\n\t\t\t\t<div class=\"elementor-widget-container\">\n\t\t\t\t\t\t\t\t\t<p><span style=\"letter-spacing: normal; font-family: BauPLRegular, sans-serif; font-size: 11px; background-color: rgb(251, 251, 251);\">Program realizowany ze \u015brodk\u00f3w Ministerstwa Kultury&nbsp;<\/span><br style=\"letter-spacing: normal; font-family: BauPLRegular, sans-serif; font-size: 11px;\"><span style=\"letter-spacing: normal; font-family: BauPLRegular, sans-serif; font-size: 11px; background-color: rgb(251, 251, 251);\">i Dziedzictwa Narodowego.&nbsp;<\/span><br style=\"letter-spacing: normal; font-family: BauPLRegular, sans-serif; font-size: 11px;\"><br style=\"letter-spacing: normal; font-family: BauPLRegular, sans-serif; font-size: 11px;\"><span style=\"letter-spacing: normal; font-family: BauPLRegular, sans-serif; font-size: 11px; background-color: rgb(251, 251, 251);\">Prowadzenie zaj\u0119\u0107: Joanna Seku\u0142a<\/span><br style=\"letter-spacing: normal; font-family: BauPLRegular, sans-serif; font-size: 11px;\"><br style=\"letter-spacing: normal; font-family: BauPLRegular, sans-serif; font-size: 11px;\"><span style=\"letter-spacing: normal; font-family: BauPLRegular, sans-serif; font-size: 11px; background-color: rgb(251, 251, 251);\">Przygotowanie wystawy podsumowuj\u0105cej: Joanna Seku\u0142a oraz Magdalena Skowro\u0144ska<\/span><br><\/p>\t\t\t\t\t\t\t\t<\/div>\n\t\t\t\t<\/div>\n\t\t\t\t\t<\/div>\n\t\t<\/div>\n\t\t\t\t\t<\/div>\n\t\t<\/section>\n\t\t\t\t<\/div>\n\t\t","protected":false},"excerpt":{"rendered":"<p>Serdecznie zach\u0119camy do zwiedzania wystawy prezentuj\u0105cej realizacje artystyczne, kt\u00f3re powsta\u0142y podczas tegorocznych warsztat\u00f3w dla klas integracyjnych oraz o\u015brodk\u00f3w terapeutycznych. Rozrusznik Bez Barier to projekt artystyczno-poznawczy dla os\u00f3b o szczeg\u00f3lnych potrzebach edukacyjnych: dzieci, m\u0142odzie\u017cy i doros\u0142ych. Podczas 24 spotka\u0144 w 2016 roku zajmowali\u015bmy si\u0119 obecno\u015bci\u0105 d\u017awi\u0119ku i ruchu w sztuce. W warsztatach wzi\u0119\u0142o udzia\u0142 8 plac\u00f3wek [&hellip;]<\/p>\n","protected":false},"author":6,"featured_media":26897,"parent":0,"template":"","meta":{"footnotes":""},"kategorie-edukacja":[27],"class_list":["post-26896","edukacja","type-edukacja","status-publish","has-post-thumbnail","hentry","kategorie-edukacja-bez-barier"],"_links":{"self":[{"href":"https:\/\/muzeumwspolczesne.pl\/en\/wp-json\/wp\/v2\/edukacja\/26896","targetHints":{"allow":["GET"]}}],"collection":[{"href":"https:\/\/muzeumwspolczesne.pl\/en\/wp-json\/wp\/v2\/edukacja"}],"about":[{"href":"https:\/\/muzeumwspolczesne.pl\/en\/wp-json\/wp\/v2\/types\/edukacja"}],"author":[{"embeddable":true,"href":"https:\/\/muzeumwspolczesne.pl\/en\/wp-json\/wp\/v2\/users\/6"}],"version-history":[{"count":4,"href":"https:\/\/muzeumwspolczesne.pl\/en\/wp-json\/wp\/v2\/edukacja\/26896\/revisions"}],"predecessor-version":[{"id":26901,"href":"https:\/\/muzeumwspolczesne.pl\/en\/wp-json\/wp\/v2\/edukacja\/26896\/revisions\/26901"}],"wp:featuredmedia":[{"embeddable":true,"href":"https:\/\/muzeumwspolczesne.pl\/en\/wp-json\/wp\/v2\/media\/26897"}],"wp:attachment":[{"href":"https:\/\/muzeumwspolczesne.pl\/en\/wp-json\/wp\/v2\/media?parent=26896"}],"wp:term":[{"taxonomy":"kategorie-edukacja","embeddable":true,"href":"https:\/\/muzeumwspolczesne.pl\/en\/wp-json\/wp\/v2\/kategorie-edukacja?post=26896"}],"curies":[{"name":"wp","href":"https:\/\/api.w.org\/{rel}","templated":true}]}}

<div data-elementor-type="wp-post" data-elementor-id="26896" class="elementor elementor-26896" data-elementor-post-type="edukacja">
						<section class="elementor-section elementor-top-section elementor-element elementor-element-13cdd39 elementor-section-boxed elementor-section-height-default elementor-section-height-default" data-id="13cdd39" data-element_type="section">
						<div class="elementor-container elementor-column-gap-default">
					<div class="elementor-column elementor-col-100 elementor-top-column elementor-element elementor-element-a5f92ec" data-id="a5f92ec" data-element_type="column">
			<div class="elementor-widget-wrap elementor-element-populated">
						<div class="elementor-element elementor-element-2c7afd3 elementor-widget elementor-widget-text-editor" data-id="2c7afd3" data-element_type="widget" data-widget_type="text-editor.default">
				<div class="elementor-widget-container">
									<p>Serdecznie zachęcamy do zwiedzania wystawy prezentującej realizacje artystyczne, które powstały podczas tegorocznych warsztatów dla klas integracyjnych oraz ośrodków terapeutycznych.</p><p>Rozrusznik Bez Barier to projekt artystyczno-poznawczy dla osób o szczególnych potrzebach edukacyjnych: dzieci, młodzieży i dorosłych. Podczas 24 spotkań w 2016 roku zajmowaliśmy się obecnością dźwięku i ruchu w sztuce. W warsztatach wzięło udział 8 placówek o różnym profilu działalności skierowanej do wyjątkowej grupy odbiorców:</p><p><strong>Zespół Szkół Nr 12 w Samodzielnym Publicznym Zakładzie Opieki Zdrowotnej</strong></p><p>Ostoja Dolnośląskie Stowarzyszenie Pomocy Dzieciom i Młodzieży (Warsztat Terapii Zajęciowej ul. Litomska, Centrum Terapeutyczno Rehabilitacyjne, ul. Budziszyńska)</p><p>Specjalny Ośrodek Szkolno-Wychowawczy nr 1 we Wrocławiu</p><p>SP 58 we Wrocławiu, klasa o profilu integracyjnym</p><p>Handicap – Stowarzyszenie na Rzecz Wyrównywania Szans Rozwojowych Dziecka o Obniżonej Sprawności</p><p>Specjalny Ośrodek Szkolno-Wychowawczy Nr 7, Przedszkole Specjalne</p><p>Dolnośląskie Centrum Zdrowia Psychicznego</p><p><strong>Stowarzyszenie Twoje Nowe Możliwości</strong></p><p>Wernisaż: 19 grudnia 2016 (poniedziałek) godz. 12.00 w siedzibie Muzeum Współczesnego Wrocław – schron przy pl. Strzegomskim 2A.</p><p>Czas trwania wystawy: 19.12.2016 – 10.01.2017</p><p>Więcej o warsztatach: <strong><a title="ROZRUSZNIK BEZ BARIER – WARSZTATY INTEGRACYJNE (WIOSNA)" href="https://kopiamuzeum.wambox.pl/home/wambox/domains/wambox.pl/public_html/kopiamuzeum/edukacja/rozrusznik-bez-barier-warsztaty-integracyjne/">cykl wiosenny</a></strong> /<a title="ROZRUSZNIK BEZ BARIER – WARSZTATY INTEGRACYJNE (JESIEŃ)" href="https://kopiamuzeum.wambox.pl/home/wambox/domains/wambox.pl/public_html/kopiamuzeum/edukacja/rozrusznik-bez-barier-warsztaty-integracyjne-jesien/"> <strong>cykl jesienny</strong></a></p>								</div>
				</div>
					</div>
		</div>
					</div>
		</section>
				<section class="elementor-section elementor-top-section elementor-element elementor-element-1c08a75 elementor-section-boxed elementor-section-height-default elementor-section-height-default" data-id="1c08a75" data-element_type="section">
						<div class="elementor-container elementor-column-gap-default">
					<div class="elementor-column elementor-col-100 elementor-top-column elementor-element elementor-element-c2ea441" data-id="c2ea441" data-element_type="column">
			<div class="elementor-widget-wrap elementor-element-populated">
						<div class="elementor-element elementor-element-49e100a elementor-widget elementor-widget-image" data-id="49e100a" data-element_type="widget" data-widget_type="image.default">
				<div class="elementor-widget-container">
															<img fetchpriority="high" decoding="async" width="664" height="663" src="https://muzeumwspolczesne.pl/wp-content/uploads/2017/05/image.jpeg" class="attachment-large size-large wp-image-26880" alt="" srcset="https://muzeumwspolczesne.pl/wp-content/uploads/2017/05/image.jpeg 664w, https://muzeumwspolczesne.pl/wp-content/uploads/2017/05/image-300x300.jpeg 300w, https://muzeumwspolczesne.pl/wp-content/uploads/2017/05/image-150x150.jpeg 150w, https://muzeumwspolczesne.pl/wp-content/uploads/2017/05/image-12x12.jpeg 12w" sizes="(max-width: 664px) 100vw, 664px" />															</div>
				</div>
					</div>
		</div>
					</div>
		</section>
				<section class="elementor-section elementor-top-section elementor-element elementor-element-04b23ff elementor-section-boxed elementor-section-height-default elementor-section-height-default" data-id="04b23ff" data-element_type="section">
						<div class="elementor-container elementor-column-gap-default">
					<div class="elementor-column elementor-col-100 elementor-top-column elementor-element elementor-element-953000f" data-id="953000f" data-element_type="column">
			<div class="elementor-widget-wrap elementor-element-populated">
						<div class="elementor-element elementor-element-897a066 elementor-widget elementor-widget-text-editor" data-id="897a066" data-element_type="widget" data-widget_type="text-editor.default">
				<div class="elementor-widget-container">
									<p><span style="letter-spacing: normal; font-family: BauPLRegular, sans-serif; font-size: 11px; background-color: rgb(251, 251, 251);">Program realizowany ze środków Ministerstwa Kultury&nbsp;</span><br style="letter-spacing: normal; font-family: BauPLRegular, sans-serif; font-size: 11px;"><span style="letter-spacing: normal; font-family: BauPLRegular, sans-serif; font-size: 11px; background-color: rgb(251, 251, 251);">i Dziedzictwa Narodowego.&nbsp;</span><br style="letter-spacing: normal; font-family: BauPLRegular, sans-serif; font-size: 11px;"><br style="letter-spacing: normal; font-family: BauPLRegular, sans-serif; font-size: 11px;"><span style="letter-spacing: normal; font-family: BauPLRegular, sans-serif; font-size: 11px; background-color: rgb(251, 251, 251);">Prowadzenie zajęć: Joanna Sekuła</span><br style="letter-spacing: normal; font-family: BauPLRegular, sans-serif; font-size: 11px;"><br style="letter-spacing: normal; font-family: BauPLRegular, sans-serif; font-size: 11px;"><span style="letter-spacing: normal; font-family: BauPLRegular, sans-serif; font-size: 11px; background-color: rgb(251, 251, 251);">Przygotowanie wystawy podsumowującej: Joanna Sekuła oraz Magdalena Skowrońska</span><br></p>								</div>
				</div>
					</div>
		</div>
					</div>
		</section>
				</div>

<p>Serdecznie zachęcamy do zwiedzania wystawy prezentującej realizacje artystyczne, które powstały podczas tegorocznych warsztatów dla klas integracyjnych oraz ośrodków terapeutycznych. Rozrusznik Bez Barier to projekt artystyczno-poznawczy dla osób o szczególnych potrzebach edukacyjnych: dzieci, młodzieży i dorosłych. Podczas 24 spotkań w 2016 roku zajmowaliśmy się obecnością dźwięku i ruchu w sztuce. W warsztatach wzięło udział 8 placówek [&hellip;]</p>
