{"id":26910,"date":"2016-04-04T16:23:00","date_gmt":"2016-04-04T16:23:00","guid":{"rendered":"https:\/\/muzeumwspolczesne.pl\/?post_type=edukacja&#038;p=26910"},"modified":"2024-01-29T16:24:43","modified_gmt":"2024-01-29T16:24:43","slug":"rozrusznik-bez-barier-warsztaty-integracyjne-wiosna","status":"publish","type":"edukacja","link":"https:\/\/muzeumwspolczesne.pl\/en\/zapowiedzi\/rozrusznik-bez-barier-warsztaty-integracyjne-wiosna\/","title":{"rendered":"ROZRUSZNIK BEZ BARIER \u2013 WARSZTATY INTEGRACYJNE (WIOSNA)"},"content":{"rendered":"\t\t<div data-elementor-type=\"wp-post\" data-elementor-id=\"26910\" class=\"elementor elementor-26910\" data-elementor-post-type=\"edukacja\">\n\t\t\t\t\t\t<section class=\"elementor-section elementor-top-section elementor-element elementor-element-38a37bc elementor-section-boxed elementor-section-height-default elementor-section-height-default\" data-id=\"38a37bc\" data-element_type=\"section\">\n\t\t\t\t\t\t<div class=\"elementor-container elementor-column-gap-default\">\n\t\t\t\t\t<div class=\"elementor-column elementor-col-100 elementor-top-column elementor-element elementor-element-4e93616\" data-id=\"4e93616\" data-element_type=\"column\">\n\t\t\t<div class=\"elementor-widget-wrap elementor-element-populated\">\n\t\t\t\t\t\t<div class=\"elementor-element elementor-element-99a941b elementor-widget elementor-widget-text-editor\" data-id=\"99a941b\" data-element_type=\"widget\" data-widget_type=\"text-editor.default\">\n\t\t\t\t<div class=\"elementor-widget-container\">\n\t\t\t\t\t\t\t\t\t<p>Wiosenny cyklu bezp\u0142atnych warsztat\u00f3w w ramach \u201eRozrusznika bez barier\u201d kierujemy do <strong>klas integracyjnych, uczni\u00f3w o szczeg\u00f3lnych potrzebach edukacyjnych oraz o\u015brodk\u00f3w terapeutycznych<\/strong> \u2013 zar\u00f3wno do dzieci, m\u0142odzie\u017cy, jak i os\u00f3b doros\u0142ych.<strong> D\u0179WI\u0118KI <\/strong>\u2013 to temat, kt\u00f3rym b\u0119dziemy zajmowa\u0107 si\u0119 podczas wiosennego cyklu warsztat\u00f3w. Zainteresowanym proponujemy udzia\u0142 w cyklu trzech powi\u0105zanych ze sob\u0105 spotka\u0144 lub jeden wybrany warsztat:<\/p><p><strong>1. Odg\u0142osy, brzmienia.<\/strong><\/p><p>Podczas warsztat\u00f3w poznamy istot\u0119, a tak\u017ce wszechobecno\u015b\u0107 i r\u00f3\u017cnorodno\u015b\u0107 d\u017awi\u0119k\u00f3w w naszej codzienno\u015bci. Zastanowimy si\u0119 czy d\u017awi\u0119ki mo\u017cna odbiera\u0107 innymi zmys\u0142ami ni\u017c jedynie s\u0142uch. Spr\u00f3bujemy przyporz\u0105dkowa\u0107 brzmienia kolorom, smakom, obrazom oraz zapachom. Inspiracj\u0105 do dalszych dzia\u0142a\u0144 b\u0119d\u0105 przyk\u0142ady dzie\u0142 sztuki,<br \/>w kt\u00f3rych muzyka odgrywa wa\u017cn\u0105, niekiedy g\u0142\u00f3wn\u0105 lub jedyn\u0105 rol\u0119. Wykorzystamy tak\u017ce nietypow\u0105 przestrze\u0144 schronu do stworzenia efemerycznej instalacji d\u017awi\u0119kowej.<\/p><p><strong>2. \u201eMilczenie d\u017awi\u0119k\u00f3w\u201d (wystawa do 30.05.2016)<\/strong><\/p><p>Nietypowy i paradoksalny tytu\u0142 wystawy zawiedzie nas w \u015bwiat dzie\u0142, b\u0119d\u0105cych pr\u00f3b\u0105 wyobra\u017cenia<br \/>i zbli\u017cenia si\u0119 do fenomenu ciszy \u2013 przestrzeni czystej d\u017awi\u0119kowo i emocjonalnie. Zaobserwujemy, w jaki spos\u00f3b arty\u015bci przek\u0142adaj\u0105 \u201ecisz\u0119\u201d na j\u0119zyk wizualny oraz jak to, co jest nieobecno\u015bci\u0105 d\u017awi\u0119k\u00f3w inspiruje artyst\u00f3w do tworzenia. Do\u015bwiadczymy dos\u0142owno\u015bci \u201eciszy\u201d oraz zwi\u0105zanych z ni\u0105 metafor, wzbogacaj\u0105c tym samym indywidualny zas\u00f3b poj\u0119\u0107<br \/>i odczuwania. Po zwiedzaniu wystawy b\u0119dziemy mogli sami stworzy\u0107 w\u0142asne obiekty \u2013 dzie\u0142a, inspirowane \u201emilczeniem d\u017awi\u0119k\u00f3w\u201d.<\/p><p><strong>3. (Nie)obecno\u015b\u0107 ciszy.<\/strong><\/p><p>Czy cisza istnieje? Na to pytanie pr\u00f3bowa\u0142o odpowiedzie\u0107 wielu. Pr\u00f3bowali opowiedzie\u0107 o niej min. filozofowie, muzycy, arty\u015bci, naukowcy. Ka\u017cdy<br \/>w j\u0119zyku swojej dziedziny. Podczas warsztat\u00f3w zmierzymy si\u0119 z jej ogromem, powag\u0105, a r\u00f3wnie\u017c zak\u0142opotaniem, kt\u00f3re mo\u017ce wywo\u0142a\u0107. Przeanalizujemy si\u0142\u0119 ekspresji dzie\u0142\/dzia\u0142a\u0144 tw\u00f3rczych, wykorzystuj\u0105cych cisz\u0119 jako form\u0119 ekspresji. Do\u015bwiadczymy mocy tej pustki, kt\u00f3ra daje wytchnienie, sk\u0142ania do refleksji, niepokoi lub nawet irytuje. Przyjrzymy si\u0119 funkcjonowaniu ciszy w naszym \u017cyciu, w relacjach z innymi, w samotno\u015bci. Prawdopodobnie do\u015bwiadczenia i efekty naszych dzia\u0142a\u0144 b\u0119d\u0105 dla nas zaskakuj\u0105ce.<\/p><p>Terminy warsztat\u00f3w:<br \/><strong>Poniedzia\u0142ki g. 10.30 \u2013 12.00 <\/strong><br \/>(istnieje mo\u017cliwo\u015b\u0107 rezerwacji innego terminu po wcze\u015bniejszym ustaleniu telefonicznym)<\/p><p><strong>Zapisy<\/strong>:<br \/>Joanna Seku\u0142a tel. 501 466 319<\/p>\t\t\t\t\t\t\t\t<\/div>\n\t\t\t\t<\/div>\n\t\t\t\t\t<\/div>\n\t\t<\/div>\n\t\t\t\t\t<\/div>\n\t\t<\/section>\n\t\t\t\t<section class=\"elementor-section elementor-top-section elementor-element elementor-element-70fefee elementor-section-boxed elementor-section-height-default elementor-section-height-default\" data-id=\"70fefee\" data-element_type=\"section\">\n\t\t\t\t\t\t<div class=\"elementor-container elementor-column-gap-default\">\n\t\t\t\t\t<div class=\"elementor-column elementor-col-100 elementor-top-column elementor-element elementor-element-93bb81a\" data-id=\"93bb81a\" data-element_type=\"column\">\n\t\t\t<div class=\"elementor-widget-wrap elementor-element-populated\">\n\t\t\t\t\t\t<div class=\"elementor-element elementor-element-2d16ffd elementor-widget elementor-widget-image\" data-id=\"2d16ffd\" data-element_type=\"widget\" data-widget_type=\"image.default\">\n\t\t\t\t<div class=\"elementor-widget-container\">\n\t\t\t\t\t\t\t\t\t\t\t\t\t\t\t<img fetchpriority=\"high\" decoding=\"async\" width=\"664\" height=\"663\" src=\"https:\/\/muzeumwspolczesne.pl\/wp-content\/uploads\/2016\/04\/image.jpeg\" class=\"attachment-large size-large wp-image-26913\" alt=\"\" srcset=\"https:\/\/muzeumwspolczesne.pl\/wp-content\/uploads\/2016\/04\/image.jpeg 664w, https:\/\/muzeumwspolczesne.pl\/wp-content\/uploads\/2016\/04\/image-300x300.jpeg 300w, https:\/\/muzeumwspolczesne.pl\/wp-content\/uploads\/2016\/04\/image-150x150.jpeg 150w, https:\/\/muzeumwspolczesne.pl\/wp-content\/uploads\/2016\/04\/image-12x12.jpeg 12w\" sizes=\"(max-width: 664px) 100vw, 664px\" \/>\t\t\t\t\t\t\t\t\t\t\t\t\t\t\t<\/div>\n\t\t\t\t<\/div>\n\t\t\t\t\t<\/div>\n\t\t<\/div>\n\t\t\t\t\t<\/div>\n\t\t<\/section>\n\t\t\t\t<section class=\"elementor-section elementor-top-section elementor-element elementor-element-f9073d7 elementor-section-boxed elementor-section-height-default elementor-section-height-default\" data-id=\"f9073d7\" data-element_type=\"section\">\n\t\t\t\t\t\t<div class=\"elementor-container elementor-column-gap-default\">\n\t\t\t\t\t<div class=\"elementor-column elementor-col-100 elementor-top-column elementor-element elementor-element-06d29ea\" data-id=\"06d29ea\" data-element_type=\"column\">\n\t\t\t<div class=\"elementor-widget-wrap elementor-element-populated\">\n\t\t\t\t\t\t<div class=\"elementor-element elementor-element-9530274 elementor-widget elementor-widget-text-editor\" data-id=\"9530274\" data-element_type=\"widget\" data-widget_type=\"text-editor.default\">\n\t\t\t\t<div class=\"elementor-widget-container\">\n\t\t\t\t\t\t\t\t\t<p><span style=\"letter-spacing: normal; font-family: BauPLRegular, sans-serif; font-size: 11px; background-color: rgb(251, 251, 251);\">Program realizowany ze \u015brodk\u00f3w Ministerstwa Kultury&nbsp;<\/span><br style=\"letter-spacing: normal; font-family: BauPLRegular, sans-serif; font-size: 11px;\"><span style=\"letter-spacing: normal; font-family: BauPLRegular, sans-serif; font-size: 11px; background-color: rgb(251, 251, 251);\">i Dziedzictwa Narodowego.&nbsp;<\/span><br style=\"letter-spacing: normal; font-family: BauPLRegular, sans-serif; font-size: 11px;\"><br style=\"letter-spacing: normal; font-family: BauPLRegular, sans-serif; font-size: 11px;\"><span style=\"letter-spacing: normal; font-family: BauPLRegular, sans-serif; font-size: 11px; background-color: rgb(251, 251, 251);\">Prowadzenie zaj\u0119\u0107&nbsp;<\/span><br style=\"letter-spacing: normal; font-family: BauPLRegular, sans-serif; font-size: 11px;\"><span style=\"letter-spacing: normal; font-family: BauPLRegular, sans-serif; font-size: 11px; background-color: rgb(251, 251, 251);\">i opracowanie prelekcji: Joanna Seku\u0142a<\/span><br style=\"letter-spacing: normal; font-family: BauPLRegular, sans-serif; font-size: 11px;\"><br style=\"letter-spacing: normal; font-family: BauPLRegular, sans-serif; font-size: 11px;\"><span style=\"letter-spacing: normal; font-family: BauPLRegular, sans-serif; font-size: 11px; background-color: rgb(251, 251, 251);\">Kuratorka programu edukacyjnego: Magdalena Skowro\u0144ska<\/span><br><\/p>\t\t\t\t\t\t\t\t<\/div>\n\t\t\t\t<\/div>\n\t\t\t\t\t<\/div>\n\t\t<\/div>\n\t\t\t\t\t<\/div>\n\t\t<\/section>\n\t\t\t\t<\/div>\n\t\t","protected":false},"excerpt":{"rendered":"<p>Wiosenny cyklu bezp\u0142atnych warsztat\u00f3w w ramach \u201eRozrusznika bez barier\u201d kierujemy do klas integracyjnych, uczni\u00f3w o szczeg\u00f3lnych potrzebach edukacyjnych oraz o\u015brodk\u00f3w terapeutycznych \u2013 zar\u00f3wno do dzieci, m\u0142odzie\u017cy, jak i os\u00f3b doros\u0142ych. D\u0179WI\u0118KI \u2013 to temat, kt\u00f3rym b\u0119dziemy zajmowa\u0107 si\u0119 podczas wiosennego cyklu warsztat\u00f3w. Zainteresowanym proponujemy udzia\u0142 w cyklu trzech powi\u0105zanych ze sob\u0105 spotka\u0144 lub jeden wybrany [&hellip;]<\/p>\n","protected":false},"author":6,"featured_media":26911,"parent":0,"template":"","meta":{"footnotes":""},"kategorie-edukacja":[27],"class_list":["post-26910","edukacja","type-edukacja","status-publish","has-post-thumbnail","hentry","kategorie-edukacja-bez-barier"],"_links":{"self":[{"href":"https:\/\/muzeumwspolczesne.pl\/en\/wp-json\/wp\/v2\/edukacja\/26910","targetHints":{"allow":["GET"]}}],"collection":[{"href":"https:\/\/muzeumwspolczesne.pl\/en\/wp-json\/wp\/v2\/edukacja"}],"about":[{"href":"https:\/\/muzeumwspolczesne.pl\/en\/wp-json\/wp\/v2\/types\/edukacja"}],"author":[{"embeddable":true,"href":"https:\/\/muzeumwspolczesne.pl\/en\/wp-json\/wp\/v2\/users\/6"}],"version-history":[{"count":4,"href":"https:\/\/muzeumwspolczesne.pl\/en\/wp-json\/wp\/v2\/edukacja\/26910\/revisions"}],"predecessor-version":[{"id":26916,"href":"https:\/\/muzeumwspolczesne.pl\/en\/wp-json\/wp\/v2\/edukacja\/26910\/revisions\/26916"}],"wp:featuredmedia":[{"embeddable":true,"href":"https:\/\/muzeumwspolczesne.pl\/en\/wp-json\/wp\/v2\/media\/26911"}],"wp:attachment":[{"href":"https:\/\/muzeumwspolczesne.pl\/en\/wp-json\/wp\/v2\/media?parent=26910"}],"wp:term":[{"taxonomy":"kategorie-edukacja","embeddable":true,"href":"https:\/\/muzeumwspolczesne.pl\/en\/wp-json\/wp\/v2\/kategorie-edukacja?post=26910"}],"curies":[{"name":"wp","href":"https:\/\/api.w.org\/{rel}","templated":true}]}}

<div data-elementor-type="wp-post" data-elementor-id="26910" class="elementor elementor-26910" data-elementor-post-type="edukacja">
						<section class="elementor-section elementor-top-section elementor-element elementor-element-38a37bc elementor-section-boxed elementor-section-height-default elementor-section-height-default" data-id="38a37bc" data-element_type="section">
						<div class="elementor-container elementor-column-gap-default">
					<div class="elementor-column elementor-col-100 elementor-top-column elementor-element elementor-element-4e93616" data-id="4e93616" data-element_type="column">
			<div class="elementor-widget-wrap elementor-element-populated">
						<div class="elementor-element elementor-element-99a941b elementor-widget elementor-widget-text-editor" data-id="99a941b" data-element_type="widget" data-widget_type="text-editor.default">
				<div class="elementor-widget-container">
									<p>Wiosenny cyklu bezpłatnych warsztatów w ramach „Rozrusznika bez barier” kierujemy do <strong>klas integracyjnych, uczniów o szczególnych potrzebach edukacyjnych oraz ośrodków terapeutycznych</strong> – zarówno do dzieci, młodzieży, jak i osób dorosłych.<strong> DŹWIĘKI </strong>– to temat, którym będziemy zajmować się podczas wiosennego cyklu warsztatów. Zainteresowanym proponujemy udział w cyklu trzech powiązanych ze sobą spotkań lub jeden wybrany warsztat:</p><p><strong>1. Odgłosy, brzmienia.</strong></p><p>Podczas warsztatów poznamy istotę, a także wszechobecność i różnorodność dźwięków w naszej codzienności. Zastanowimy się czy dźwięki można odbierać innymi zmysłami niż jedynie słuch. Spróbujemy przyporządkować brzmienia kolorom, smakom, obrazom oraz zapachom. Inspiracją do dalszych działań będą przykłady dzieł sztuki,<br />w których muzyka odgrywa ważną, niekiedy główną lub jedyną rolę. Wykorzystamy także nietypową przestrzeń schronu do stworzenia efemerycznej instalacji dźwiękowej.</p><p><strong>2. „Milczenie dźwięków” (wystawa do 30.05.2016)</strong></p><p>Nietypowy i paradoksalny tytuł wystawy zawiedzie nas w świat dzieł, będących próbą wyobrażenia<br />i zbliżenia się do fenomenu ciszy – przestrzeni czystej dźwiękowo i emocjonalnie. Zaobserwujemy, w jaki sposób artyści przekładają „ciszę” na język wizualny oraz jak to, co jest nieobecnością dźwięków inspiruje artystów do tworzenia. Doświadczymy dosłowności „ciszy” oraz związanych z nią metafor, wzbogacając tym samym indywidualny zasób pojęć<br />i odczuwania. Po zwiedzaniu wystawy będziemy mogli sami stworzyć własne obiekty – dzieła, inspirowane „milczeniem dźwięków”.</p><p><strong>3. (Nie)obecność ciszy.</strong></p><p>Czy cisza istnieje? Na to pytanie próbowało odpowiedzieć wielu. Próbowali opowiedzieć o niej min. filozofowie, muzycy, artyści, naukowcy. Każdy<br />w języku swojej dziedziny. Podczas warsztatów zmierzymy się z jej ogromem, powagą, a również zakłopotaniem, które może wywołać. Przeanalizujemy siłę ekspresji dzieł/działań twórczych, wykorzystujących ciszę jako formę ekspresji. Doświadczymy mocy tej pustki, która daje wytchnienie, skłania do refleksji, niepokoi lub nawet irytuje. Przyjrzymy się funkcjonowaniu ciszy w naszym życiu, w relacjach z innymi, w samotności. Prawdopodobnie doświadczenia i efekty naszych działań będą dla nas zaskakujące.</p><p>Terminy warsztatów:<br /><strong>Poniedziałki g. 10.30 – 12.00 </strong><br />(istnieje możliwość rezerwacji innego terminu po wcześniejszym ustaleniu telefonicznym)</p><p><strong>Zapisy</strong>:<br />Joanna Sekuła tel. 501 466 319</p>								</div>
				</div>
					</div>
		</div>
					</div>
		</section>
				<section class="elementor-section elementor-top-section elementor-element elementor-element-70fefee elementor-section-boxed elementor-section-height-default elementor-section-height-default" data-id="70fefee" data-element_type="section">
						<div class="elementor-container elementor-column-gap-default">
					<div class="elementor-column elementor-col-100 elementor-top-column elementor-element elementor-element-93bb81a" data-id="93bb81a" data-element_type="column">
			<div class="elementor-widget-wrap elementor-element-populated">
						<div class="elementor-element elementor-element-2d16ffd elementor-widget elementor-widget-image" data-id="2d16ffd" data-element_type="widget" data-widget_type="image.default">
				<div class="elementor-widget-container">
															<img fetchpriority="high" decoding="async" width="664" height="663" src="https://muzeumwspolczesne.pl/wp-content/uploads/2016/04/image.jpeg" class="attachment-large size-large wp-image-26913" alt="" srcset="https://muzeumwspolczesne.pl/wp-content/uploads/2016/04/image.jpeg 664w, https://muzeumwspolczesne.pl/wp-content/uploads/2016/04/image-300x300.jpeg 300w, https://muzeumwspolczesne.pl/wp-content/uploads/2016/04/image-150x150.jpeg 150w, https://muzeumwspolczesne.pl/wp-content/uploads/2016/04/image-12x12.jpeg 12w" sizes="(max-width: 664px) 100vw, 664px" />															</div>
				</div>
					</div>
		</div>
					</div>
		</section>
				<section class="elementor-section elementor-top-section elementor-element elementor-element-f9073d7 elementor-section-boxed elementor-section-height-default elementor-section-height-default" data-id="f9073d7" data-element_type="section">
						<div class="elementor-container elementor-column-gap-default">
					<div class="elementor-column elementor-col-100 elementor-top-column elementor-element elementor-element-06d29ea" data-id="06d29ea" data-element_type="column">
			<div class="elementor-widget-wrap elementor-element-populated">
						<div class="elementor-element elementor-element-9530274 elementor-widget elementor-widget-text-editor" data-id="9530274" data-element_type="widget" data-widget_type="text-editor.default">
				<div class="elementor-widget-container">
									<p><span style="letter-spacing: normal; font-family: BauPLRegular, sans-serif; font-size: 11px; background-color: rgb(251, 251, 251);">Program realizowany ze środków Ministerstwa Kultury&nbsp;</span><br style="letter-spacing: normal; font-family: BauPLRegular, sans-serif; font-size: 11px;"><span style="letter-spacing: normal; font-family: BauPLRegular, sans-serif; font-size: 11px; background-color: rgb(251, 251, 251);">i Dziedzictwa Narodowego.&nbsp;</span><br style="letter-spacing: normal; font-family: BauPLRegular, sans-serif; font-size: 11px;"><br style="letter-spacing: normal; font-family: BauPLRegular, sans-serif; font-size: 11px;"><span style="letter-spacing: normal; font-family: BauPLRegular, sans-serif; font-size: 11px; background-color: rgb(251, 251, 251);">Prowadzenie zajęć&nbsp;</span><br style="letter-spacing: normal; font-family: BauPLRegular, sans-serif; font-size: 11px;"><span style="letter-spacing: normal; font-family: BauPLRegular, sans-serif; font-size: 11px; background-color: rgb(251, 251, 251);">i opracowanie prelekcji: Joanna Sekuła</span><br style="letter-spacing: normal; font-family: BauPLRegular, sans-serif; font-size: 11px;"><br style="letter-spacing: normal; font-family: BauPLRegular, sans-serif; font-size: 11px;"><span style="letter-spacing: normal; font-family: BauPLRegular, sans-serif; font-size: 11px; background-color: rgb(251, 251, 251);">Kuratorka programu edukacyjnego: Magdalena Skowrońska</span><br></p>								</div>
				</div>
					</div>
		</div>
					</div>
		</section>
				</div>

<p>Wiosenny cyklu bezpłatnych warsztatów w ramach „Rozrusznika bez barier” kierujemy do klas integracyjnych, uczniów o szczególnych potrzebach edukacyjnych oraz ośrodków terapeutycznych – zarówno do dzieci, młodzieży, jak i osób dorosłych. DŹWIĘKI – to temat, którym będziemy zajmować się podczas wiosennego cyklu warsztatów. Zainteresowanym proponujemy udział w cyklu trzech powiązanych ze sobą spotkań lub jeden wybrany [&hellip;]</p>
