{"id":26917,"date":"2016-04-27T16:24:00","date_gmt":"2016-04-27T16:24:00","guid":{"rendered":"https:\/\/muzeumwspolczesne.pl\/?post_type=edukacja&#038;p=26917"},"modified":"2024-01-29T16:25:41","modified_gmt":"2024-01-29T16:25:41","slug":"powrot-do-korzeni-integracyjne-warsztaty-sensualne","status":"publish","type":"edukacja","link":"https:\/\/muzeumwspolczesne.pl\/en\/zapowiedzi\/powrot-do-korzeni-integracyjne-warsztaty-sensualne\/","title":{"rendered":"POWR\u00d3T DO KORZENI. INTEGRACYJNE WARSZTATY SENSUALNE"},"content":{"rendered":"\t\t<div data-elementor-type=\"wp-post\" data-elementor-id=\"26917\" class=\"elementor elementor-26917\" data-elementor-post-type=\"edukacja\">\n\t\t\t\t\t\t<section class=\"elementor-section elementor-top-section elementor-element elementor-element-8eedab7 elementor-section-boxed elementor-section-height-default elementor-section-height-default\" data-id=\"8eedab7\" data-element_type=\"section\">\n\t\t\t\t\t\t<div class=\"elementor-container elementor-column-gap-default\">\n\t\t\t\t\t<div class=\"elementor-column elementor-col-100 elementor-top-column elementor-element elementor-element-1c3951d\" data-id=\"1c3951d\" data-element_type=\"column\">\n\t\t\t<div class=\"elementor-widget-wrap elementor-element-populated\">\n\t\t\t\t\t\t<div class=\"elementor-element elementor-element-2493ac0 elementor-widget elementor-widget-text-editor\" data-id=\"2493ac0\" data-element_type=\"widget\" data-widget_type=\"text-editor.default\">\n\t\t\t\t<div class=\"elementor-widget-container\">\n\t\t\t\t\t\t\t\t\t<p>\u017byjemy w \u015bwiecie, w kt\u00f3rym jeste\u015bmy codziennie atakowani licznymi bod\u017acami. W tym sensualnym chaosie nasze odczuwanie \u015bwiata zewn\u0119trznego si\u0119 st\u0119pia. A gdyby tak na chwil\u0119 si\u0119 zatrzyma\u0107 i zej\u015b\u0107 pod ziemi\u0119? Mo\u017ce by\u0142by to dobry pretekst do tego, by w ciszy, wi\u0119kszym skupieniu i uwadze na zmys\u0142y prze\u017cywa\u0107 samego siebie? Pobawi\u0107 wyobra\u017ani\u0105, d\u017awi\u0119kami i zapachami.<\/p><p>Warsztat wok\u00f3\u0142 interaktywnej instalacji Patrycji Mastej \u201eW Ziemi\u201d b\u0119dzie pr\u00f3b\u0105 odci\u0119cia si\u0119 od wizualno\u015bci, ws\u0142uchania w sw\u00f3j wewn\u0119trzny rytm i puls Ziemi.<\/p><p>Je\u017celi jeste\u015bcie gotowi do tego, by zej\u015b\u0107 g\u0142\u0119boko pod ziemi\u0119 \u2013 zapraszamy!<\/p><p><strong>Szczeg\u00f3lnie zapraszamy osoby z niepe\u0142nosprawno\u015bci\u0105 wzroku.<br \/>Zapisy (od 15 do 25 kwietnia): b.lis@muzeumwspolczesne.pl (liczba miejsc ograniczona)<\/strong><\/p>\t\t\t\t\t\t\t\t<\/div>\n\t\t\t\t<\/div>\n\t\t\t\t\t<\/div>\n\t\t<\/div>\n\t\t\t\t\t<\/div>\n\t\t<\/section>\n\t\t\t\t<section class=\"elementor-section elementor-top-section elementor-element elementor-element-7e96eec elementor-section-boxed elementor-section-height-default elementor-section-height-default\" data-id=\"7e96eec\" data-element_type=\"section\">\n\t\t\t\t\t\t<div class=\"elementor-container elementor-column-gap-default\">\n\t\t\t\t\t<div class=\"elementor-column elementor-col-100 elementor-top-column elementor-element elementor-element-d530d8f\" data-id=\"d530d8f\" data-element_type=\"column\">\n\t\t\t<div class=\"elementor-widget-wrap elementor-element-populated\">\n\t\t\t\t\t\t<div class=\"elementor-element elementor-element-dd9c5d6 elementor-widget elementor-widget-text-editor\" data-id=\"dd9c5d6\" data-element_type=\"widget\" data-widget_type=\"text-editor.default\">\n\t\t\t\t<div class=\"elementor-widget-container\">\n\t\t\t\t\t\t\t\t\t<p><span style=\"letter-spacing: normal; font-family: BauPLRegular, sans-serif; font-size: 11px; background-color: rgb(251, 251, 251);\">Integracyjne warsztaty sensualne w przestrzeni wystawy Patrycji Mastej \u201eW Ziemi\u201d<\/span><br style=\"letter-spacing: normal; font-family: BauPLRegular, sans-serif; font-size: 11px;\"><br style=\"letter-spacing: normal; font-family: BauPLRegular, sans-serif; font-size: 11px;\"><span style=\"letter-spacing: normal; font-family: BauPLRegular, sans-serif; font-size: 11px; background-color: rgb(251, 251, 251);\">Prowadzenie:&nbsp;<\/span><br style=\"letter-spacing: normal; font-family: BauPLRegular, sans-serif; font-size: 11px;\"><span style=\"letter-spacing: normal; font-family: BauPLRegular, sans-serif; font-size: 11px; background-color: rgb(251, 251, 251);\">Magdalena Skowro\u0144ska i Bartek Lis<\/span><br><\/p>\t\t\t\t\t\t\t\t<\/div>\n\t\t\t\t<\/div>\n\t\t\t\t\t<\/div>\n\t\t<\/div>\n\t\t\t\t\t<\/div>\n\t\t<\/section>\n\t\t\t\t<\/div>\n\t\t","protected":false},"excerpt":{"rendered":"<p>\u017byjemy w \u015bwiecie, w kt\u00f3rym jeste\u015bmy codziennie atakowani licznymi bod\u017acami. W tym sensualnym chaosie nasze odczuwanie \u015bwiata zewn\u0119trznego si\u0119 st\u0119pia. A gdyby tak na chwil\u0119 si\u0119 zatrzyma\u0107 i zej\u015b\u0107 pod ziemi\u0119? Mo\u017ce by\u0142by to dobry pretekst do tego, by w ciszy, wi\u0119kszym skupieniu i uwadze na zmys\u0142y prze\u017cywa\u0107 samego siebie? Pobawi\u0107 wyobra\u017ani\u0105, d\u017awi\u0119kami i zapachami. [&hellip;]<\/p>\n","protected":false},"author":6,"featured_media":26918,"parent":0,"template":"","meta":{"footnotes":""},"kategorie-edukacja":[27],"class_list":["post-26917","edukacja","type-edukacja","status-publish","has-post-thumbnail","hentry","kategorie-edukacja-bez-barier"],"_links":{"self":[{"href":"https:\/\/muzeumwspolczesne.pl\/en\/wp-json\/wp\/v2\/edukacja\/26917","targetHints":{"allow":["GET"]}}],"collection":[{"href":"https:\/\/muzeumwspolczesne.pl\/en\/wp-json\/wp\/v2\/edukacja"}],"about":[{"href":"https:\/\/muzeumwspolczesne.pl\/en\/wp-json\/wp\/v2\/types\/edukacja"}],"author":[{"embeddable":true,"href":"https:\/\/muzeumwspolczesne.pl\/en\/wp-json\/wp\/v2\/users\/6"}],"version-history":[{"count":4,"href":"https:\/\/muzeumwspolczesne.pl\/en\/wp-json\/wp\/v2\/edukacja\/26917\/revisions"}],"predecessor-version":[{"id":26922,"href":"https:\/\/muzeumwspolczesne.pl\/en\/wp-json\/wp\/v2\/edukacja\/26917\/revisions\/26922"}],"wp:featuredmedia":[{"embeddable":true,"href":"https:\/\/muzeumwspolczesne.pl\/en\/wp-json\/wp\/v2\/media\/26918"}],"wp:attachment":[{"href":"https:\/\/muzeumwspolczesne.pl\/en\/wp-json\/wp\/v2\/media?parent=26917"}],"wp:term":[{"taxonomy":"kategorie-edukacja","embeddable":true,"href":"https:\/\/muzeumwspolczesne.pl\/en\/wp-json\/wp\/v2\/kategorie-edukacja?post=26917"}],"curies":[{"name":"wp","href":"https:\/\/api.w.org\/{rel}","templated":true}]}}

POWRÓT DO KORZENI. INTEGRACYJNE WARSZTATY SENSUALNE

<div data-elementor-type="wp-post" data-elementor-id="26917" class="elementor elementor-26917" data-elementor-post-type="edukacja">
						<section class="elementor-section elementor-top-section elementor-element elementor-element-8eedab7 elementor-section-boxed elementor-section-height-default elementor-section-height-default" data-id="8eedab7" data-element_type="section">
						<div class="elementor-container elementor-column-gap-default">
					<div class="elementor-column elementor-col-100 elementor-top-column elementor-element elementor-element-1c3951d" data-id="1c3951d" data-element_type="column">
			<div class="elementor-widget-wrap elementor-element-populated">
						<div class="elementor-element elementor-element-2493ac0 elementor-widget elementor-widget-text-editor" data-id="2493ac0" data-element_type="widget" data-widget_type="text-editor.default">
				<div class="elementor-widget-container">
									<p>Żyjemy w świecie, w którym jesteśmy codziennie atakowani licznymi bodźcami. W tym sensualnym chaosie nasze odczuwanie świata zewnętrznego się stępia. A gdyby tak na chwilę się zatrzymać i zejść pod ziemię? Może byłby to dobry pretekst do tego, by w ciszy, większym skupieniu i uwadze na zmysły przeżywać samego siebie? Pobawić wyobraźnią, dźwiękami i zapachami.</p><p>Warsztat wokół interaktywnej instalacji Patrycji Mastej „W Ziemi” będzie próbą odcięcia się od wizualności, wsłuchania w swój wewnętrzny rytm i puls Ziemi.</p><p>Jeżeli jesteście gotowi do tego, by zejść głęboko pod ziemię – zapraszamy!</p><p><strong>Szczególnie zapraszamy osoby z niepełnosprawnością wzroku.<br />Zapisy (od 15 do 25 kwietnia): b.lis@muzeumwspolczesne.pl (liczba miejsc ograniczona)</strong></p>								</div>
				</div>
					</div>
		</div>
					</div>
		</section>
				<section class="elementor-section elementor-top-section elementor-element elementor-element-7e96eec elementor-section-boxed elementor-section-height-default elementor-section-height-default" data-id="7e96eec" data-element_type="section">
						<div class="elementor-container elementor-column-gap-default">
					<div class="elementor-column elementor-col-100 elementor-top-column elementor-element elementor-element-d530d8f" data-id="d530d8f" data-element_type="column">
			<div class="elementor-widget-wrap elementor-element-populated">
						<div class="elementor-element elementor-element-dd9c5d6 elementor-widget elementor-widget-text-editor" data-id="dd9c5d6" data-element_type="widget" data-widget_type="text-editor.default">
				<div class="elementor-widget-container">
									<p><span style="letter-spacing: normal; font-family: BauPLRegular, sans-serif; font-size: 11px; background-color: rgb(251, 251, 251);">Integracyjne warsztaty sensualne w przestrzeni wystawy Patrycji Mastej „W Ziemi”</span><br style="letter-spacing: normal; font-family: BauPLRegular, sans-serif; font-size: 11px;"><br style="letter-spacing: normal; font-family: BauPLRegular, sans-serif; font-size: 11px;"><span style="letter-spacing: normal; font-family: BauPLRegular, sans-serif; font-size: 11px; background-color: rgb(251, 251, 251);">Prowadzenie:&nbsp;</span><br style="letter-spacing: normal; font-family: BauPLRegular, sans-serif; font-size: 11px;"><span style="letter-spacing: normal; font-family: BauPLRegular, sans-serif; font-size: 11px; background-color: rgb(251, 251, 251);">Magdalena Skowrońska i Bartek Lis</span><br></p>								</div>
				</div>
					</div>
		</div>
					</div>
		</section>
				</div>

<p>Żyjemy w świecie, w którym jesteśmy codziennie atakowani licznymi bodźcami. W tym sensualnym chaosie nasze odczuwanie świata zewnętrznego się stępia. A gdyby tak na chwilę się zatrzymać i zejść pod ziemię? Może byłby to dobry pretekst do tego, by w ciszy, większym skupieniu i uwadze na zmysły przeżywać samego siebie? Pobawić wyobraźnią, dźwiękami i zapachami. [&hellip;]</p>
