{"id":26924,"date":"2015-11-12T16:25:00","date_gmt":"2015-11-12T16:25:00","guid":{"rendered":"https:\/\/muzeumwspolczesne.pl\/?post_type=edukacja&#038;p=26924"},"modified":"2024-01-29T16:26:26","modified_gmt":"2024-01-29T16:26:26","slug":"skora-integracyjne-warsztaty-sensualne","status":"publish","type":"edukacja","link":"https:\/\/muzeumwspolczesne.pl\/en\/zapowiedzi\/skora-integracyjne-warsztaty-sensualne\/","title":{"rendered":"SK\u00d3RA. INTEGRACYJNE WARSZTATY SENSUALNE"},"content":{"rendered":"\t\t<div data-elementor-type=\"wp-post\" data-elementor-id=\"26924\" class=\"elementor elementor-26924\" data-elementor-post-type=\"edukacja\">\n\t\t\t\t\t\t<section class=\"elementor-section elementor-top-section elementor-element elementor-element-bb6af7f elementor-section-boxed elementor-section-height-default elementor-section-height-default\" data-id=\"bb6af7f\" data-element_type=\"section\">\n\t\t\t\t\t\t<div class=\"elementor-container elementor-column-gap-default\">\n\t\t\t\t\t<div class=\"elementor-column elementor-col-100 elementor-top-column elementor-element elementor-element-0d3e4a5\" data-id=\"0d3e4a5\" data-element_type=\"column\">\n\t\t\t<div class=\"elementor-widget-wrap elementor-element-populated\">\n\t\t\t\t\t\t<div class=\"elementor-element elementor-element-12ef6c2 elementor-widget elementor-widget-text-editor\" data-id=\"12ef6c2\" data-element_type=\"widget\" data-widget_type=\"text-editor.default\">\n\t\t\t\t<div class=\"elementor-widget-container\">\n\t\t\t\t\t\t\t\t\t<p>Zapraszamy do udzia\u0142u w integracyjnych warsztatach sensualnych wok\u00f3\u0142 wystawy Laureany Toledo i Dr. Lakry PUNXDEFEKTUOZOZ.<\/p><p>Prowadzenie: Bartek Lis, Magdalena Skowro\u0144ska.<\/p><p>Tym razem chcemy zabra\u0107 Was w niezwyk\u0142\u0105 podr\u00f3\u017c do Meksyku. Nie spodziewajcie si\u0119 jednak kiczowatych sombrero i piekielnych upa\u0142\u00f3w. Przewodnikiem po najnowszej historii tego kraju b\u0119dzie dla nas dw\u00f3jka artyst\u00f3w wizualnych: Laureana Toledo i Dr Lakra, kt\u00f3rych wystaw\u0119 mo\u017cemy ogl\u0105da\u0107 na pi\u0105tym pi\u0119trze Muzeum Wsp\u00f3\u0142czesnego Wroc\u0142aw.<\/p><p>Muzyka punk i tatua\u017ce b\u0119d\u0105 motywem przewodnim naszych sensualnych warsztat\u00f3w.<\/p><p><strong>Wst\u0119p bezp\u0142atny \u2013 szczeg\u00f3lnie zapraszamy osoby z niepe\u0142nosprawno\u015bci\u0105 wzroku!<br \/>Informacja o zapisach: b.lis@muzeumwspolczesne.pl<\/strong><\/p>\t\t\t\t\t\t\t\t<\/div>\n\t\t\t\t<\/div>\n\t\t\t\t\t<\/div>\n\t\t<\/div>\n\t\t\t\t\t<\/div>\n\t\t<\/section>\n\t\t\t\t<section class=\"elementor-section elementor-top-section elementor-element elementor-element-edeae89 elementor-section-boxed elementor-section-height-default elementor-section-height-default\" data-id=\"edeae89\" data-element_type=\"section\">\n\t\t\t\t\t\t<div class=\"elementor-container elementor-column-gap-default\">\n\t\t\t\t\t<div class=\"elementor-column elementor-col-100 elementor-top-column elementor-element elementor-element-e9fd0ca\" data-id=\"e9fd0ca\" data-element_type=\"column\">\n\t\t\t<div class=\"elementor-widget-wrap elementor-element-populated\">\n\t\t\t\t\t\t<div class=\"elementor-element elementor-element-c46e0dc elementor-widget elementor-widget-text-editor\" data-id=\"c46e0dc\" data-element_type=\"widget\" data-widget_type=\"text-editor.default\">\n\t\t\t\t<div class=\"elementor-widget-container\">\n\t\t\t\t\t\t\t\t\t<p><span style=\"letter-spacing: normal; font-family: BauPLRegular, sans-serif; font-size: 11px; background-color: rgb(251, 251, 251);\">PUNXDEFEKTUOZOZ: Sk\u00f3ra<\/span><br style=\"letter-spacing: normal; font-family: BauPLRegular, sans-serif; font-size: 11px;\"><br style=\"letter-spacing: normal; font-family: BauPLRegular, sans-serif; font-size: 11px;\"><span style=\"letter-spacing: normal; font-family: BauPLRegular, sans-serif; font-size: 11px; background-color: rgb(251, 251, 251);\">Integracyjne warsztaty sensualne wok\u00f3\u0142 wystawy Laureany Toledo i Dr. Lakry<\/span><br><\/p>\t\t\t\t\t\t\t\t<\/div>\n\t\t\t\t<\/div>\n\t\t\t\t\t<\/div>\n\t\t<\/div>\n\t\t\t\t\t<\/div>\n\t\t<\/section>\n\t\t\t\t<\/div>\n\t\t","protected":false},"excerpt":{"rendered":"<p>Zapraszamy do udzia\u0142u w integracyjnych warsztatach sensualnych wok\u00f3\u0142 wystawy Laureany Toledo i Dr. Lakry PUNXDEFEKTUOZOZ. Prowadzenie: Bartek Lis, Magdalena Skowro\u0144ska. Tym razem chcemy zabra\u0107 Was w niezwyk\u0142\u0105 podr\u00f3\u017c do Meksyku. Nie spodziewajcie si\u0119 jednak kiczowatych sombrero i piekielnych upa\u0142\u00f3w. Przewodnikiem po najnowszej historii tego kraju b\u0119dzie dla nas dw\u00f3jka artyst\u00f3w wizualnych: Laureana Toledo i Dr [&hellip;]<\/p>\n","protected":false},"author":6,"featured_media":26925,"parent":0,"template":"","meta":{"footnotes":""},"kategorie-edukacja":[27],"class_list":["post-26924","edukacja","type-edukacja","status-publish","has-post-thumbnail","hentry","kategorie-edukacja-bez-barier"],"_links":{"self":[{"href":"https:\/\/muzeumwspolczesne.pl\/en\/wp-json\/wp\/v2\/edukacja\/26924","targetHints":{"allow":["GET"]}}],"collection":[{"href":"https:\/\/muzeumwspolczesne.pl\/en\/wp-json\/wp\/v2\/edukacja"}],"about":[{"href":"https:\/\/muzeumwspolczesne.pl\/en\/wp-json\/wp\/v2\/types\/edukacja"}],"author":[{"embeddable":true,"href":"https:\/\/muzeumwspolczesne.pl\/en\/wp-json\/wp\/v2\/users\/6"}],"version-history":[{"count":7,"href":"https:\/\/muzeumwspolczesne.pl\/en\/wp-json\/wp\/v2\/edukacja\/26924\/revisions"}],"predecessor-version":[{"id":26932,"href":"https:\/\/muzeumwspolczesne.pl\/en\/wp-json\/wp\/v2\/edukacja\/26924\/revisions\/26932"}],"wp:featuredmedia":[{"embeddable":true,"href":"https:\/\/muzeumwspolczesne.pl\/en\/wp-json\/wp\/v2\/media\/26925"}],"wp:attachment":[{"href":"https:\/\/muzeumwspolczesne.pl\/en\/wp-json\/wp\/v2\/media?parent=26924"}],"wp:term":[{"taxonomy":"kategorie-edukacja","embeddable":true,"href":"https:\/\/muzeumwspolczesne.pl\/en\/wp-json\/wp\/v2\/kategorie-edukacja?post=26924"}],"curies":[{"name":"wp","href":"https:\/\/api.w.org\/{rel}","templated":true}]}}

SKÓRA. INTEGRACYJNE WARSZTATY SENSUALNE

<div data-elementor-type="wp-post" data-elementor-id="26924" class="elementor elementor-26924" data-elementor-post-type="edukacja">
						<section class="elementor-section elementor-top-section elementor-element elementor-element-bb6af7f elementor-section-boxed elementor-section-height-default elementor-section-height-default" data-id="bb6af7f" data-element_type="section">
						<div class="elementor-container elementor-column-gap-default">
					<div class="elementor-column elementor-col-100 elementor-top-column elementor-element elementor-element-0d3e4a5" data-id="0d3e4a5" data-element_type="column">
			<div class="elementor-widget-wrap elementor-element-populated">
						<div class="elementor-element elementor-element-12ef6c2 elementor-widget elementor-widget-text-editor" data-id="12ef6c2" data-element_type="widget" data-widget_type="text-editor.default">
				<div class="elementor-widget-container">
									<p>Zapraszamy do udziału w integracyjnych warsztatach sensualnych wokół wystawy Laureany Toledo i Dr. Lakry PUNXDEFEKTUOZOZ.</p><p>Prowadzenie: Bartek Lis, Magdalena Skowrońska.</p><p>Tym razem chcemy zabrać Was w niezwykłą podróż do Meksyku. Nie spodziewajcie się jednak kiczowatych sombrero i piekielnych upałów. Przewodnikiem po najnowszej historii tego kraju będzie dla nas dwójka artystów wizualnych: Laureana Toledo i Dr Lakra, których wystawę możemy oglądać na piątym piętrze Muzeum Współczesnego Wrocław.</p><p>Muzyka punk i tatuaże będą motywem przewodnim naszych sensualnych warsztatów.</p><p><strong>Wstęp bezpłatny – szczególnie zapraszamy osoby z niepełnosprawnością wzroku!<br />Informacja o zapisach: b.lis@muzeumwspolczesne.pl</strong></p>								</div>
				</div>
					</div>
		</div>
					</div>
		</section>
				<section class="elementor-section elementor-top-section elementor-element elementor-element-edeae89 elementor-section-boxed elementor-section-height-default elementor-section-height-default" data-id="edeae89" data-element_type="section">
						<div class="elementor-container elementor-column-gap-default">
					<div class="elementor-column elementor-col-100 elementor-top-column elementor-element elementor-element-e9fd0ca" data-id="e9fd0ca" data-element_type="column">
			<div class="elementor-widget-wrap elementor-element-populated">
						<div class="elementor-element elementor-element-c46e0dc elementor-widget elementor-widget-text-editor" data-id="c46e0dc" data-element_type="widget" data-widget_type="text-editor.default">
				<div class="elementor-widget-container">
									<p><span style="letter-spacing: normal; font-family: BauPLRegular, sans-serif; font-size: 11px; background-color: rgb(251, 251, 251);">PUNXDEFEKTUOZOZ: Skóra</span><br style="letter-spacing: normal; font-family: BauPLRegular, sans-serif; font-size: 11px;"><br style="letter-spacing: normal; font-family: BauPLRegular, sans-serif; font-size: 11px;"><span style="letter-spacing: normal; font-family: BauPLRegular, sans-serif; font-size: 11px; background-color: rgb(251, 251, 251);">Integracyjne warsztaty sensualne wokół wystawy Laureany Toledo i Dr. Lakry</span><br></p>								</div>
				</div>
					</div>
		</div>
					</div>
		</section>
				</div>

<p>Zapraszamy do udziału w integracyjnych warsztatach sensualnych wokół wystawy Laureany Toledo i Dr. Lakry PUNXDEFEKTUOZOZ. Prowadzenie: Bartek Lis, Magdalena Skowrońska. Tym razem chcemy zabrać Was w niezwykłą podróż do Meksyku. Nie spodziewajcie się jednak kiczowatych sombrero i piekielnych upałów. Przewodnikiem po najnowszej historii tego kraju będzie dla nas dwójka artystów wizualnych: Laureana Toledo i Dr [&hellip;]</p>
