{"id":26933,"date":"2015-10-07T16:26:00","date_gmt":"2015-10-07T16:26:00","guid":{"rendered":"https:\/\/muzeumwspolczesne.pl\/?post_type=edukacja&#038;p=26933"},"modified":"2024-01-29T16:27:42","modified_gmt":"2024-01-29T16:27:42","slug":"inne-spojrzenie-integracyjne-warsztaty-sensualne","status":"publish","type":"edukacja","link":"https:\/\/muzeumwspolczesne.pl\/en\/zapowiedzi\/inne-spojrzenie-integracyjne-warsztaty-sensualne\/","title":{"rendered":"INNE SPOJRZENIE. INTEGRACYJNE WARSZTATY SENSUALNE"},"content":{"rendered":"\t\t<div data-elementor-type=\"wp-post\" data-elementor-id=\"26933\" class=\"elementor elementor-26933\" data-elementor-post-type=\"edukacja\">\n\t\t\t\t\t\t<section class=\"elementor-section elementor-top-section elementor-element elementor-element-c5350bd elementor-section-boxed elementor-section-height-default elementor-section-height-default\" data-id=\"c5350bd\" data-element_type=\"section\">\n\t\t\t\t\t\t<div class=\"elementor-container elementor-column-gap-default\">\n\t\t\t\t\t<div class=\"elementor-column elementor-col-100 elementor-top-column elementor-element elementor-element-b0093a7\" data-id=\"b0093a7\" data-element_type=\"column\">\n\t\t\t<div class=\"elementor-widget-wrap elementor-element-populated\">\n\t\t\t\t\t\t<div class=\"elementor-element elementor-element-7d0682a elementor-widget elementor-widget-text-editor\" data-id=\"7d0682a\" data-element_type=\"widget\" data-widget_type=\"text-editor.default\">\n\t\t\t\t<div class=\"elementor-widget-container\">\n\t\t\t\t\t\t\t\t\t<p>Zapraszamy do wzi\u0119cia udzia\u0142u w sensualnej \u2013 anga\u017cuj\u0105cej r\u00f3\u017cne zmys\u0142y \u2013 wyprawie w \u015bwiat wsp\u00f3\u0142czesnej sztuki chorwackiej. Chcesz si\u0119 dowiedzie\u0107 wi\u0119cej na czym polega niezwyk\u0142o\u015b\u0107 \u015bwiata przedstawianego przez ba\u0142ka\u0144skich artyst\u00f3w \u2013 koniecznie zaplanuj wizyt\u0119 w naszym Muzeum.<\/p><p>Szczeg\u00f3lnie zapraszamy osoby z niepe\u0142nosprawno\u015bci\u0105 wzroku. Zapewniamy pomoc w dotarciu na miejsce warsztatu.<\/p><p>W programie miedzy innymi \u2013 zwiedzanie wystawy oraz audiodeskrypcja wybranych prac.<\/p><p>Prowadzenie: Bartek Lis i Magdalena Skowro\u0144ska<\/p><p>Wst\u0119p bezp\u0142atny.<br \/>Obowi\u0105zuj\u0105 zapisy: b.lis@muzeumwspolczesne.pl (liczba miejsc ograniczona).<br \/>Zg\u0142oszenia przyjmujemy do 5.10.15.<\/p>\t\t\t\t\t\t\t\t<\/div>\n\t\t\t\t<\/div>\n\t\t\t\t\t<\/div>\n\t\t<\/div>\n\t\t\t\t\t<\/div>\n\t\t<\/section>\n\t\t\t\t<section class=\"elementor-section elementor-top-section elementor-element elementor-element-2074e81 elementor-section-boxed elementor-section-height-default elementor-section-height-default\" data-id=\"2074e81\" data-element_type=\"section\">\n\t\t\t\t\t\t<div class=\"elementor-container elementor-column-gap-default\">\n\t\t\t\t\t<div class=\"elementor-column elementor-col-100 elementor-top-column elementor-element elementor-element-8c57015\" data-id=\"8c57015\" data-element_type=\"column\">\n\t\t\t<div class=\"elementor-widget-wrap elementor-element-populated\">\n\t\t\t\t\t\t<div class=\"elementor-element elementor-element-e5cc6f3 elementor-widget elementor-widget-text-editor\" data-id=\"e5cc6f3\" data-element_type=\"widget\" data-widget_type=\"text-editor.default\">\n\t\t\t\t<div class=\"elementor-widget-container\">\n\t\t\t\t\t\t\t\t\t<p><span style=\"letter-spacing: normal; font-family: BauPLRegular, sans-serif; font-size: 11px; background-color: rgb(251, 251, 251);\">INNE SPOJRZENIE.&nbsp;<\/span><br style=\"letter-spacing: normal; font-family: BauPLRegular, sans-serif; font-size: 11px;\"><span style=\"letter-spacing: normal; font-family: BauPLRegular, sans-serif; font-size: 11px; background-color: rgb(251, 251, 251);\">Integracyjne warsztaty sensualne wok\u00f3\u0142 wystawy \u201eNowa sztuka dla nowego spo\u0142ecze\u0144stwa\u201d<\/span><br><\/p>\t\t\t\t\t\t\t\t<\/div>\n\t\t\t\t<\/div>\n\t\t\t\t\t<\/div>\n\t\t<\/div>\n\t\t\t\t\t<\/div>\n\t\t<\/section>\n\t\t\t\t<\/div>\n\t\t","protected":false},"excerpt":{"rendered":"<p>Zapraszamy do wzi\u0119cia udzia\u0142u w sensualnej \u2013 anga\u017cuj\u0105cej r\u00f3\u017cne zmys\u0142y \u2013 wyprawie w \u015bwiat wsp\u00f3\u0142czesnej sztuki chorwackiej. Chcesz si\u0119 dowiedzie\u0107 wi\u0119cej na czym polega niezwyk\u0142o\u015b\u0107 \u015bwiata przedstawianego przez ba\u0142ka\u0144skich artyst\u00f3w \u2013 koniecznie zaplanuj wizyt\u0119 w naszym Muzeum. Szczeg\u00f3lnie zapraszamy osoby z niepe\u0142nosprawno\u015bci\u0105 wzroku. Zapewniamy pomoc w dotarciu na miejsce warsztatu. W programie miedzy innymi \u2013 [&hellip;]<\/p>\n","protected":false},"author":6,"featured_media":26934,"parent":0,"template":"","meta":{"footnotes":""},"kategorie-edukacja":[27],"class_list":["post-26933","edukacja","type-edukacja","status-publish","has-post-thumbnail","hentry","kategorie-edukacja-bez-barier"],"_links":{"self":[{"href":"https:\/\/muzeumwspolczesne.pl\/en\/wp-json\/wp\/v2\/edukacja\/26933","targetHints":{"allow":["GET"]}}],"collection":[{"href":"https:\/\/muzeumwspolczesne.pl\/en\/wp-json\/wp\/v2\/edukacja"}],"about":[{"href":"https:\/\/muzeumwspolczesne.pl\/en\/wp-json\/wp\/v2\/types\/edukacja"}],"author":[{"embeddable":true,"href":"https:\/\/muzeumwspolczesne.pl\/en\/wp-json\/wp\/v2\/users\/6"}],"version-history":[{"count":4,"href":"https:\/\/muzeumwspolczesne.pl\/en\/wp-json\/wp\/v2\/edukacja\/26933\/revisions"}],"predecessor-version":[{"id":26938,"href":"https:\/\/muzeumwspolczesne.pl\/en\/wp-json\/wp\/v2\/edukacja\/26933\/revisions\/26938"}],"wp:featuredmedia":[{"embeddable":true,"href":"https:\/\/muzeumwspolczesne.pl\/en\/wp-json\/wp\/v2\/media\/26934"}],"wp:attachment":[{"href":"https:\/\/muzeumwspolczesne.pl\/en\/wp-json\/wp\/v2\/media?parent=26933"}],"wp:term":[{"taxonomy":"kategorie-edukacja","embeddable":true,"href":"https:\/\/muzeumwspolczesne.pl\/en\/wp-json\/wp\/v2\/kategorie-edukacja?post=26933"}],"curies":[{"name":"wp","href":"https:\/\/api.w.org\/{rel}","templated":true}]}}

<div data-elementor-type="wp-post" data-elementor-id="26933" class="elementor elementor-26933" data-elementor-post-type="edukacja">
						<section class="elementor-section elementor-top-section elementor-element elementor-element-c5350bd elementor-section-boxed elementor-section-height-default elementor-section-height-default" data-id="c5350bd" data-element_type="section">
						<div class="elementor-container elementor-column-gap-default">
					<div class="elementor-column elementor-col-100 elementor-top-column elementor-element elementor-element-b0093a7" data-id="b0093a7" data-element_type="column">
			<div class="elementor-widget-wrap elementor-element-populated">
						<div class="elementor-element elementor-element-7d0682a elementor-widget elementor-widget-text-editor" data-id="7d0682a" data-element_type="widget" data-widget_type="text-editor.default">
				<div class="elementor-widget-container">
									<p>Zapraszamy do wzięcia udziału w sensualnej – angażującej różne zmysły – wyprawie w świat współczesnej sztuki chorwackiej. Chcesz się dowiedzieć więcej na czym polega niezwykłość świata przedstawianego przez bałkańskich artystów – koniecznie zaplanuj wizytę w naszym Muzeum.</p><p>Szczególnie zapraszamy osoby z niepełnosprawnością wzroku. Zapewniamy pomoc w dotarciu na miejsce warsztatu.</p><p>W programie miedzy innymi – zwiedzanie wystawy oraz audiodeskrypcja wybranych prac.</p><p>Prowadzenie: Bartek Lis i Magdalena Skowrońska</p><p>Wstęp bezpłatny.<br />Obowiązują zapisy: b.lis@muzeumwspolczesne.pl (liczba miejsc ograniczona).<br />Zgłoszenia przyjmujemy do 5.10.15.</p>								</div>
				</div>
					</div>
		</div>
					</div>
		</section>
				<section class="elementor-section elementor-top-section elementor-element elementor-element-2074e81 elementor-section-boxed elementor-section-height-default elementor-section-height-default" data-id="2074e81" data-element_type="section">
						<div class="elementor-container elementor-column-gap-default">
					<div class="elementor-column elementor-col-100 elementor-top-column elementor-element elementor-element-8c57015" data-id="8c57015" data-element_type="column">
			<div class="elementor-widget-wrap elementor-element-populated">
						<div class="elementor-element elementor-element-e5cc6f3 elementor-widget elementor-widget-text-editor" data-id="e5cc6f3" data-element_type="widget" data-widget_type="text-editor.default">
				<div class="elementor-widget-container">
									<p><span style="letter-spacing: normal; font-family: BauPLRegular, sans-serif; font-size: 11px; background-color: rgb(251, 251, 251);">INNE SPOJRZENIE.&nbsp;</span><br style="letter-spacing: normal; font-family: BauPLRegular, sans-serif; font-size: 11px;"><span style="letter-spacing: normal; font-family: BauPLRegular, sans-serif; font-size: 11px; background-color: rgb(251, 251, 251);">Integracyjne warsztaty sensualne wokół wystawy „Nowa sztuka dla nowego społeczeństwa”</span><br></p>								</div>
				</div>
					</div>
		</div>
					</div>
		</section>
				</div>

<p>Zapraszamy do wzięcia udziału w sensualnej – angażującej różne zmysły – wyprawie w świat współczesnej sztuki chorwackiej. Chcesz się dowiedzieć więcej na czym polega niezwykłość świata przedstawianego przez bałkańskich artystów – koniecznie zaplanuj wizytę w naszym Muzeum. Szczególnie zapraszamy osoby z niepełnosprawnością wzroku. Zapewniamy pomoc w dotarciu na miejsce warsztatu. W programie miedzy innymi – [&hellip;]</p>
