{"id":26945,"date":"2015-04-27T16:28:00","date_gmt":"2015-04-27T16:28:00","guid":{"rendered":"https:\/\/muzeumwspolczesne.pl\/?post_type=edukacja&#038;p=26945"},"modified":"2024-01-29T16:29:58","modified_gmt":"2024-01-29T16:29:58","slug":"warsztaty-na-boso-powrot-na-ziemie","status":"publish","type":"edukacja","link":"https:\/\/muzeumwspolczesne.pl\/en\/zapowiedzi\/warsztaty-na-boso-powrot-na-ziemie\/","title":{"rendered":"WARSZTATY NA BOSO. POWR\u00d3T NA ZIEMI\u0118"},"content":{"rendered":"\t\t<div data-elementor-type=\"wp-post\" data-elementor-id=\"26945\" class=\"elementor elementor-26945\" data-elementor-post-type=\"edukacja\">\n\t\t\t\t\t\t<section class=\"elementor-section elementor-top-section elementor-element elementor-element-eda2d43 elementor-section-boxed elementor-section-height-default elementor-section-height-default\" data-id=\"eda2d43\" data-element_type=\"section\">\n\t\t\t\t\t\t<div class=\"elementor-container elementor-column-gap-default\">\n\t\t\t\t\t<div class=\"elementor-column elementor-col-100 elementor-top-column elementor-element elementor-element-446e2b4\" data-id=\"446e2b4\" data-element_type=\"column\">\n\t\t\t<div class=\"elementor-widget-wrap elementor-element-populated\">\n\t\t\t\t\t\t<div class=\"elementor-element elementor-element-23d49e9 elementor-widget elementor-widget-text-editor\" data-id=\"23d49e9\" data-element_type=\"widget\" data-widget_type=\"text-editor.default\">\n\t\t\t\t<div class=\"elementor-widget-container\">\n\t\t\t\t\t\t\t\t\t<p>Jak\u0105 faktur\u0119, konsystencj\u0119 i temperatur\u0119 mo\u017ce mie\u0107 ziemia? Cz\u0119sto o tym zapominamy. Kultura, cywilizacja, kaza\u0142y za\u0142o\u017cy\u0107 buty, ciep\u0142e skarpety. Odseparowa\u0142y nas od niej. Sztuka mo\u017ce sta\u0107 si\u0119 ciekawym pretekstem do naszego \u201epowrotu na Ziemi\u0119\u201d.<\/p><p>Ten powr\u00f3t b\u0119dzie do\u015b\u0107 dos\u0142owny, bowiem tematem naszego spotkania b\u0119dzie ziemia, do kt\u00f3rej do\u015bwiadczania zamierzamy przede wszystkim wykorzysta\u0107 nasze stopy. Przygotowali\u015bmy dla Was seri\u0119 \u0107wicze\u0144 \u2013 eksperyment\u00f3w, kt\u00f3re stan\u0105 si\u0119 polem do nowego do\u015bwiadczania sztuki i \u015bwiata wok\u00f3\u0142. Tego dnia wszyscy pracujemy bez skarpetek! Na boso!<\/p><p>Czy jeste\u015bcie gotowi wr\u00f3ci\u0107 do czas\u00f3w dzieci\u0144stwa i pochodzi\u0107 \u201ena bosaka\u201d, otworzy\u0107 si\u0119 na dotykowe bod\u017ace, inne ni\u017c te do\u015bwiadczane za pomoc\u0105 d\u0142oni?<br \/>Do zg\u0142osze\u0144 zach\u0119camy osoby z niepe\u0142nosprawno\u015bci\u0105 wzroku, dlatego prosimy w zg\u0142oszeniu zawrze\u0107 informacj\u0119 czy jest si\u0119 osob\u0105 niewidom\u0105. Zapewniamy pomoc w dotarciu do miejsca warsztatu (Muzeum Wsp\u00f3\u0142czesne Wroc\u0142aw, pl. Strzegomski 2a).<\/p><p><strong>Zapraszamy!<\/strong><\/p><p><strong>Bartek Lis<br \/><\/strong><strong>Magdalena Skowro\u0144ska<\/strong><\/p>\t\t\t\t\t\t\t\t<\/div>\n\t\t\t\t<\/div>\n\t\t\t\t\t<\/div>\n\t\t<\/div>\n\t\t\t\t\t<\/div>\n\t\t<\/section>\n\t\t\t\t<section class=\"elementor-section elementor-top-section elementor-element elementor-element-616c735 elementor-section-boxed elementor-section-height-default elementor-section-height-default\" data-id=\"616c735\" data-element_type=\"section\">\n\t\t\t\t\t\t<div class=\"elementor-container elementor-column-gap-default\">\n\t\t\t\t\t<div class=\"elementor-column elementor-col-100 elementor-top-column elementor-element elementor-element-45498b4\" data-id=\"45498b4\" data-element_type=\"column\">\n\t\t\t<div class=\"elementor-widget-wrap elementor-element-populated\">\n\t\t\t\t\t\t<div class=\"elementor-element elementor-element-66893f1 elementor-widget elementor-widget-text-editor\" data-id=\"66893f1\" data-element_type=\"widget\" data-widget_type=\"text-editor.default\">\n\t\t\t\t<div class=\"elementor-widget-container\">\n\t\t\t\t\t\t\t\t\t<p><span style=\"letter-spacing: normal; font-family: BauPLRegular, sans-serif; font-size: 11px; background-color: rgb(251, 251, 251);\">Wydarzenie specjalne towarzysz\u0105ce \u201eziemskim\u201d wystawom w Muzeum Wsp\u00f3\u0142czesnym Wroc\u0142aw &#8211; \u201eZiemia rodzinna\u201d Agnieszki Brze\u017ca\u0144skiej oraz \u201eZiemia\u201d<\/span><br style=\"letter-spacing: normal; font-family: BauPLRegular, sans-serif; font-size: 11px;\"><br style=\"letter-spacing: normal; font-family: BauPLRegular, sans-serif; font-size: 11px;\"><span style=\"letter-spacing: normal; font-family: BauPLRegular, sans-serif; font-size: 11px; background-color: rgb(251, 251, 251);\">Liczba uczestnik\u00f3w ograniczona \u2013 decyduje kolejno\u015b\u0107 zg\u0142osze\u0144<\/span><br style=\"letter-spacing: normal; font-family: BauPLRegular, sans-serif; font-size: 11px;\"><br style=\"letter-spacing: normal; font-family: BauPLRegular, sans-serif; font-size: 11px;\"><span style=\"letter-spacing: normal; font-family: BauPLRegular, sans-serif; font-size: 11px; background-color: rgb(251, 251, 251);\">Zg\u0142oszenia prosimy przesy\u0142a\u0107 do dnia 25 kwietnia (sobota), do godziny 12:00 na adres: b.lis@muzeumwspolczesne.pl<\/span><br style=\"letter-spacing: normal; font-family: BauPLRegular, sans-serif; font-size: 11px;\"><br style=\"letter-spacing: normal; font-family: BauPLRegular, sans-serif; font-size: 11px;\"><span style=\"letter-spacing: normal; font-family: BauPLRegular, sans-serif; font-size: 11px; background-color: rgb(251, 251, 251);\">Udzia\u0142 jest bezp\u0142atny<\/span><br><\/p>\t\t\t\t\t\t\t\t<\/div>\n\t\t\t\t<\/div>\n\t\t\t\t\t<\/div>\n\t\t<\/div>\n\t\t\t\t\t<\/div>\n\t\t<\/section>\n\t\t\t\t<\/div>\n\t\t","protected":false},"excerpt":{"rendered":"<p>Jak\u0105 faktur\u0119, konsystencj\u0119 i temperatur\u0119 mo\u017ce mie\u0107 ziemia? Cz\u0119sto o tym zapominamy. Kultura, cywilizacja, kaza\u0142y za\u0142o\u017cy\u0107 buty, ciep\u0142e skarpety. Odseparowa\u0142y nas od niej. Sztuka mo\u017ce sta\u0107 si\u0119 ciekawym pretekstem do naszego \u201epowrotu na Ziemi\u0119\u201d. Ten powr\u00f3t b\u0119dzie do\u015b\u0107 dos\u0142owny, bowiem tematem naszego spotkania b\u0119dzie ziemia, do kt\u00f3rej do\u015bwiadczania zamierzamy przede wszystkim wykorzysta\u0107 nasze stopy. Przygotowali\u015bmy [&hellip;]<\/p>\n","protected":false},"author":6,"featured_media":26946,"parent":0,"template":"","meta":{"footnotes":""},"kategorie-edukacja":[27],"class_list":["post-26945","edukacja","type-edukacja","status-publish","has-post-thumbnail","hentry","kategorie-edukacja-bez-barier"],"_links":{"self":[{"href":"https:\/\/muzeumwspolczesne.pl\/en\/wp-json\/wp\/v2\/edukacja\/26945","targetHints":{"allow":["GET"]}}],"collection":[{"href":"https:\/\/muzeumwspolczesne.pl\/en\/wp-json\/wp\/v2\/edukacja"}],"about":[{"href":"https:\/\/muzeumwspolczesne.pl\/en\/wp-json\/wp\/v2\/types\/edukacja"}],"author":[{"embeddable":true,"href":"https:\/\/muzeumwspolczesne.pl\/en\/wp-json\/wp\/v2\/users\/6"}],"version-history":[{"count":4,"href":"https:\/\/muzeumwspolczesne.pl\/en\/wp-json\/wp\/v2\/edukacja\/26945\/revisions"}],"predecessor-version":[{"id":26950,"href":"https:\/\/muzeumwspolczesne.pl\/en\/wp-json\/wp\/v2\/edukacja\/26945\/revisions\/26950"}],"wp:featuredmedia":[{"embeddable":true,"href":"https:\/\/muzeumwspolczesne.pl\/en\/wp-json\/wp\/v2\/media\/26946"}],"wp:attachment":[{"href":"https:\/\/muzeumwspolczesne.pl\/en\/wp-json\/wp\/v2\/media?parent=26945"}],"wp:term":[{"taxonomy":"kategorie-edukacja","embeddable":true,"href":"https:\/\/muzeumwspolczesne.pl\/en\/wp-json\/wp\/v2\/kategorie-edukacja?post=26945"}],"curies":[{"name":"wp","href":"https:\/\/api.w.org\/{rel}","templated":true}]}}

WARSZTATY NA BOSO. POWRÓT NA ZIEMIĘ

<div data-elementor-type="wp-post" data-elementor-id="26945" class="elementor elementor-26945" data-elementor-post-type="edukacja">
						<section class="elementor-section elementor-top-section elementor-element elementor-element-eda2d43 elementor-section-boxed elementor-section-height-default elementor-section-height-default" data-id="eda2d43" data-element_type="section">
						<div class="elementor-container elementor-column-gap-default">
					<div class="elementor-column elementor-col-100 elementor-top-column elementor-element elementor-element-446e2b4" data-id="446e2b4" data-element_type="column">
			<div class="elementor-widget-wrap elementor-element-populated">
						<div class="elementor-element elementor-element-23d49e9 elementor-widget elementor-widget-text-editor" data-id="23d49e9" data-element_type="widget" data-widget_type="text-editor.default">
				<div class="elementor-widget-container">
									<p>Jaką fakturę, konsystencję i temperaturę może mieć ziemia? Często o tym zapominamy. Kultura, cywilizacja, kazały założyć buty, ciepłe skarpety. Odseparowały nas od niej. Sztuka może stać się ciekawym pretekstem do naszego „powrotu na Ziemię”.</p><p>Ten powrót będzie dość dosłowny, bowiem tematem naszego spotkania będzie ziemia, do której doświadczania zamierzamy przede wszystkim wykorzystać nasze stopy. Przygotowaliśmy dla Was serię ćwiczeń – eksperymentów, które staną się polem do nowego doświadczania sztuki i świata wokół. Tego dnia wszyscy pracujemy bez skarpetek! Na boso!</p><p>Czy jesteście gotowi wrócić do czasów dzieciństwa i pochodzić „na bosaka”, otworzyć się na dotykowe bodźce, inne niż te doświadczane za pomocą dłoni?<br />Do zgłoszeń zachęcamy osoby z niepełnosprawnością wzroku, dlatego prosimy w zgłoszeniu zawrzeć informację czy jest się osobą niewidomą. Zapewniamy pomoc w dotarciu do miejsca warsztatu (Muzeum Współczesne Wrocław, pl. Strzegomski 2a).</p><p><strong>Zapraszamy!</strong></p><p><strong>Bartek Lis<br /></strong><strong>Magdalena Skowrońska</strong></p>								</div>
				</div>
					</div>
		</div>
					</div>
		</section>
				<section class="elementor-section elementor-top-section elementor-element elementor-element-616c735 elementor-section-boxed elementor-section-height-default elementor-section-height-default" data-id="616c735" data-element_type="section">
						<div class="elementor-container elementor-column-gap-default">
					<div class="elementor-column elementor-col-100 elementor-top-column elementor-element elementor-element-45498b4" data-id="45498b4" data-element_type="column">
			<div class="elementor-widget-wrap elementor-element-populated">
						<div class="elementor-element elementor-element-66893f1 elementor-widget elementor-widget-text-editor" data-id="66893f1" data-element_type="widget" data-widget_type="text-editor.default">
				<div class="elementor-widget-container">
									<p><span style="letter-spacing: normal; font-family: BauPLRegular, sans-serif; font-size: 11px; background-color: rgb(251, 251, 251);">Wydarzenie specjalne towarzyszące „ziemskim” wystawom w Muzeum Współczesnym Wrocław &#8211; „Ziemia rodzinna” Agnieszki Brzeżańskiej oraz „Ziemia”</span><br style="letter-spacing: normal; font-family: BauPLRegular, sans-serif; font-size: 11px;"><br style="letter-spacing: normal; font-family: BauPLRegular, sans-serif; font-size: 11px;"><span style="letter-spacing: normal; font-family: BauPLRegular, sans-serif; font-size: 11px; background-color: rgb(251, 251, 251);">Liczba uczestników ograniczona – decyduje kolejność zgłoszeń</span><br style="letter-spacing: normal; font-family: BauPLRegular, sans-serif; font-size: 11px;"><br style="letter-spacing: normal; font-family: BauPLRegular, sans-serif; font-size: 11px;"><span style="letter-spacing: normal; font-family: BauPLRegular, sans-serif; font-size: 11px; background-color: rgb(251, 251, 251);">Zgłoszenia prosimy przesyłać do dnia 25 kwietnia (sobota), do godziny 12:00 na adres: b.lis@muzeumwspolczesne.pl</span><br style="letter-spacing: normal; font-family: BauPLRegular, sans-serif; font-size: 11px;"><br style="letter-spacing: normal; font-family: BauPLRegular, sans-serif; font-size: 11px;"><span style="letter-spacing: normal; font-family: BauPLRegular, sans-serif; font-size: 11px; background-color: rgb(251, 251, 251);">Udział jest bezpłatny</span><br></p>								</div>
				</div>
					</div>
		</div>
					</div>
		</section>
				</div>

<p>Jaką fakturę, konsystencję i temperaturę może mieć ziemia? Często o tym zapominamy. Kultura, cywilizacja, kazały założyć buty, ciepłe skarpety. Odseparowały nas od niej. Sztuka może stać się ciekawym pretekstem do naszego „powrotu na Ziemię”. Ten powrót będzie dość dosłowny, bowiem tematem naszego spotkania będzie ziemia, do której doświadczania zamierzamy przede wszystkim wykorzystać nasze stopy. Przygotowaliśmy [&hellip;]</p>
