{"id":26951,"date":"2020-06-05T16:30:00","date_gmt":"2020-06-05T16:30:00","guid":{"rendered":"https:\/\/muzeumwspolczesne.pl\/?post_type=edukacja&#038;p=26951"},"modified":"2024-06-06T08:06:46","modified_gmt":"2024-06-06T08:06:46","slug":"kocha-co-robic-artystyczne-warsztaty-sensualne-bez-barier","status":"publish","type":"edukacja","link":"https:\/\/muzeumwspolczesne.pl\/en\/zapowiedzi\/kocha-co-robic-artystyczne-warsztaty-sensualne-bez-barier\/","title":{"rendered":"KOCHA CO ROBI\u0106 \u2014 ARTYSTYCZNE WARSZTATY SENSUALNE BEZ BARIER"},"content":{"rendered":"\t\t<div data-elementor-type=\"wp-post\" data-elementor-id=\"26951\" class=\"elementor elementor-26951\" data-elementor-post-type=\"edukacja\">\n\t\t\t\t\t\t<section class=\"elementor-section elementor-top-section elementor-element elementor-element-fe448c8 elementor-section-boxed elementor-section-height-default elementor-section-height-default\" data-id=\"fe448c8\" data-element_type=\"section\">\n\t\t\t\t\t\t<div class=\"elementor-container elementor-column-gap-default\">\n\t\t\t\t\t<div class=\"elementor-column elementor-col-100 elementor-top-column elementor-element elementor-element-c9c354b\" data-id=\"c9c354b\" data-element_type=\"column\">\n\t\t\t<div class=\"elementor-widget-wrap elementor-element-populated\">\n\t\t\t\t\t\t<div class=\"elementor-element elementor-element-0866456 elementor-widget elementor-widget-text-editor\" data-id=\"0866456\" data-element_type=\"widget\" data-widget_type=\"text-editor.default\">\n\t\t\t\t<div class=\"elementor-widget-container\">\n\t\t\t\t\t\t\t\t\t<p>M\u0119sko\u015b\u0107, kobieco\u015b\u0107, si\u0142a, w\u0142adza, seksapil \u2013 jak je rozumie\u0107, z czym si\u0119 kojarz\u0105, jak wyrazi\u0107 je w sztuce. Wzrok, s\u0142uch, dotyk, zapach \u2013 na jak wielu r\u00f3\u017cnych p\u0142aszczyznach oddzia\u0142uje na nas sztuka wsp\u00f3\u0142czesna, na jakie pozwala zast\u0119pstwa, gdy jeden ze zmys\u0142\u00f3w nie dzia\u0142a najlepiej.<br \/>\u00a0\u00a0<br \/>Fundacja Kultury bez Barier i Muzeum Wsp\u00f3\u0142czesne Wroc\u0142aw zapraszaj\u0105 na artystyczne warsztaty sensualne. Odb\u0119d\u0105 si\u0119 one 5 czerwca w Muzeum Wsp\u00f3\u0142czesnym Wroc\u0142aw (Plac Strzegomski 2). Pocz\u0105tek o godz. 17.00, przewidywany koniec ok. 18.30. Spotkanie b\u0119dzie dostosowane w pe\u0142ni do potrzeb os\u00f3b z niepe\u0142nosprawno\u015bci\u0105 sensoryczn\u0105 \u2013 niewidomych i nies\u0142ysz\u0105cych, w warsztatach mog\u0105 jednak wzi\u0105\u0107 udzia\u0142 wszyscy ch\u0119tni.<br \/>\u00a0\u00a0<br \/>Podczas p\u00f3\u0142toragodzinnego warsztatu, grupa edukatorek i edukator\u00f3w Muzeum Wsp\u00f3\u0142czesnego Wroc\u0142aw pochyli si\u0119 z uczestnikami i uczestniczkami nad akwarel\u0105 Basi Ba\u0144dy pod intryguj\u0105cym tytu\u0142em: \u201eKocha co robi\u0107 m\u00f3j m\u00f3j\u201d (2007). Spr\u00f3bujemy przedstawi\u0107 niewielkich rozmiar\u00f3w obraz wykorzystuj\u0105c do tego mo\u017cliwie jak najwi\u0119cej zmys\u0142\u00f3w. B\u0119dziemy o nim rozmawia\u0107, s\u0142ucha\u0107 audiodeskrypcji, dotyka\u0107 specjalnie przygotowanego modelu (tyflografiki). Pobawimy si\u0119 r\u00f3wnie\u017c skojarzeniami: zapachowymi, d\u017awi\u0119kowymi i smakowymi. Przekonamy si\u0119 te\u017c o mnogo\u015bci interpretacyjnych \u015bcie\u017cek i o tym, \u017ce w ka\u017cdym z nas tkwi cho\u0107 odrobina gotowo\u015bci do dzia\u0142a\u0144 artystycznych.<br \/>\u00a0\u00a0<br \/>Do \u0107wiczenia quasi-artystycznego artystka Patrycja Mastej przygotuje materia\u0142y ze swojej szafy artystycznej. B\u0119dziemy szuka\u0107 napi\u0119\u0107 cielesnych mo\u017ce nawet erotycznych kszta\u0142tuj\u0105c formy z poci\u0119tych pluszak\u00f3w (materia\u0142u i tematu przewijaj\u0105cego si\u0119 przez tw\u00f3rczo\u015b\u0107 Basi). Wprowadzimy d\u0142onie w trans poszukiwania kszta\u0142t\u00f3w dla naszych emocji \u2013 w nasze nowopowsta\u0142e przestrzenne uformowane mi\u0119kkie organy wkomponujemy materia\u0142y kontrastowe: twarde lub chropowate, \u015bliskie, guzkowate &gt; w efekcie czego powstan\u0105 indywidualne cia\u0142o-krajobrazy ( elementy b\u0119dziemy \u0142\u0105czy\u0107 za pomoc\u0105 rzep\u00f3w.<br \/>\u00a0\u00a0<br \/>Scenariusz i realizacja: Magdalena Skowro\u0144ska, Patrycja Mastej, Bartek Lis.<br \/>\u00a0\u00a0<br \/>Artystyczny warsztat sensualny zostanie zorganizowany w ramach projektu \u201eWarsztat na Zach\u0119t\u0119 II\u201d dofinansowanego przez Ministra Kultury i Dziedzictwa Narodowego.<\/p>\t\t\t\t\t\t\t\t<\/div>\n\t\t\t\t<\/div>\n\t\t\t\t\t<\/div>\n\t\t<\/div>\n\t\t\t\t\t<\/div>\n\t\t<\/section>\n\t\t\t\t<section class=\"elementor-section elementor-top-section elementor-element elementor-element-436248c elementor-section-boxed elementor-section-height-default elementor-section-height-default\" data-id=\"436248c\" data-element_type=\"section\">\n\t\t\t\t\t\t<div class=\"elementor-container elementor-column-gap-default\">\n\t\t\t\t\t<div class=\"elementor-column elementor-col-100 elementor-top-column elementor-element elementor-element-11596d7\" data-id=\"11596d7\" data-element_type=\"column\">\n\t\t\t<div class=\"elementor-widget-wrap elementor-element-populated\">\n\t\t\t\t\t\t<div class=\"elementor-element elementor-element-6d4e9dd elementor-widget elementor-widget-image\" data-id=\"6d4e9dd\" data-element_type=\"widget\" data-widget_type=\"image.default\">\n\t\t\t\t<div class=\"elementor-widget-container\">\n\t\t\t\t\t\t\t\t\t\t\t\t\t\t\t<img fetchpriority=\"high\" decoding=\"async\" width=\"664\" height=\"663\" src=\"https:\/\/muzeumwspolczesne.pl\/wp-content\/uploads\/2024\/01\/image-1534.jpeg\" class=\"attachment-large size-large wp-image-26906\" alt=\"\" srcset=\"https:\/\/muzeumwspolczesne.pl\/wp-content\/uploads\/2024\/01\/image-1534.jpeg 664w, https:\/\/muzeumwspolczesne.pl\/wp-content\/uploads\/2024\/01\/image-1534-300x300.jpeg 300w, https:\/\/muzeumwspolczesne.pl\/wp-content\/uploads\/2024\/01\/image-1534-150x150.jpeg 150w, https:\/\/muzeumwspolczesne.pl\/wp-content\/uploads\/2024\/01\/image-1534-12x12.jpeg 12w\" sizes=\"(max-width: 664px) 100vw, 664px\" \/>\t\t\t\t\t\t\t\t\t\t\t\t\t\t\t<\/div>\n\t\t\t\t<\/div>\n\t\t\t\t\t<\/div>\n\t\t<\/div>\n\t\t\t\t\t<\/div>\n\t\t<\/section>\n\t\t\t\t<section class=\"elementor-section elementor-top-section elementor-element elementor-element-1784cb8 elementor-section-boxed elementor-section-height-default elementor-section-height-default\" data-id=\"1784cb8\" data-element_type=\"section\">\n\t\t\t\t\t\t<div class=\"elementor-container elementor-column-gap-default\">\n\t\t\t\t\t<div class=\"elementor-column elementor-col-100 elementor-top-column elementor-element elementor-element-003f5d4\" data-id=\"003f5d4\" data-element_type=\"column\">\n\t\t\t<div class=\"elementor-widget-wrap elementor-element-populated\">\n\t\t\t\t\t\t<div class=\"elementor-element elementor-element-311ea45 elementor-widget elementor-widget-text-editor\" data-id=\"311ea45\" data-element_type=\"widget\" data-widget_type=\"text-editor.default\">\n\t\t\t\t<div class=\"elementor-widget-container\">\n\t\t\t\t\t\t\t\t\t<p><span style=\"letter-spacing: normal; font-family: BauPLRegular, sans-serif; font-size: 11px; background-color: rgb(251, 251, 251);\">Wst\u0119p jest bezp\u0142atny, prosimy jedynie o przes\u0142anie swojego zg\u0142oszenia mejlem na adres:&nbsp;<\/span><br style=\"letter-spacing: normal; font-family: BauPLRegular, sans-serif; font-size: 11px;\"><br style=\"letter-spacing: normal; font-family: BauPLRegular, sans-serif; font-size: 11px;\"><span style=\"letter-spacing: normal; font-family: BauPLRegular, sans-serif; font-size: 11px; background-color: rgb(251, 251, 251);\">b.lis@muzeumwspolczesne.pl<\/span><br style=\"letter-spacing: normal; font-family: BauPLRegular, sans-serif; font-size: 11px;\"><br style=\"letter-spacing: normal; font-family: BauPLRegular, sans-serif; font-size: 11px;\"><span style=\"letter-spacing: normal; font-family: BauPLRegular, sans-serif; font-size: 11px; background-color: rgb(251, 251, 251);\">Zg\u0142oszenia mo\u017cna przesy\u0142a\u0107 do 4 czerwca<\/span><br><\/p>\t\t\t\t\t\t\t\t<\/div>\n\t\t\t\t<\/div>\n\t\t\t\t\t<\/div>\n\t\t<\/div>\n\t\t\t\t\t<\/div>\n\t\t<\/section>\n\t\t\t\t<\/div>\n\t\t","protected":false},"excerpt":{"rendered":"<p>M\u0119sko\u015b\u0107, kobieco\u015b\u0107, si\u0142a, w\u0142adza, seksapil \u2013 jak je rozumie\u0107, z czym si\u0119 kojarz\u0105, jak wyrazi\u0107 je w sztuce. Wzrok, s\u0142uch, dotyk, zapach \u2013 na jak wielu r\u00f3\u017cnych p\u0142aszczyznach oddzia\u0142uje na nas sztuka wsp\u00f3\u0142czesna, na jakie pozwala zast\u0119pstwa, gdy jeden ze zmys\u0142\u00f3w nie dzia\u0142a najlepiej.\u00a0\u00a0Fundacja Kultury bez Barier i Muzeum Wsp\u00f3\u0142czesne Wroc\u0142aw zapraszaj\u0105 na artystyczne warsztaty [&hellip;]<\/p>\n","protected":false},"author":6,"featured_media":26952,"parent":0,"template":"","meta":{"footnotes":""},"kategorie-edukacja":[27],"class_list":["post-26951","edukacja","type-edukacja","status-publish","has-post-thumbnail","hentry","kategorie-edukacja-bez-barier"],"_links":{"self":[{"href":"https:\/\/muzeumwspolczesne.pl\/en\/wp-json\/wp\/v2\/edukacja\/26951","targetHints":{"allow":["GET"]}}],"collection":[{"href":"https:\/\/muzeumwspolczesne.pl\/en\/wp-json\/wp\/v2\/edukacja"}],"about":[{"href":"https:\/\/muzeumwspolczesne.pl\/en\/wp-json\/wp\/v2\/types\/edukacja"}],"author":[{"embeddable":true,"href":"https:\/\/muzeumwspolczesne.pl\/en\/wp-json\/wp\/v2\/users\/6"}],"version-history":[{"count":4,"href":"https:\/\/muzeumwspolczesne.pl\/en\/wp-json\/wp\/v2\/edukacja\/26951\/revisions"}],"predecessor-version":[{"id":26956,"href":"https:\/\/muzeumwspolczesne.pl\/en\/wp-json\/wp\/v2\/edukacja\/26951\/revisions\/26956"}],"wp:featuredmedia":[{"embeddable":true,"href":"https:\/\/muzeumwspolczesne.pl\/en\/wp-json\/wp\/v2\/media\/26952"}],"wp:attachment":[{"href":"https:\/\/muzeumwspolczesne.pl\/en\/wp-json\/wp\/v2\/media?parent=26951"}],"wp:term":[{"taxonomy":"kategorie-edukacja","embeddable":true,"href":"https:\/\/muzeumwspolczesne.pl\/en\/wp-json\/wp\/v2\/kategorie-edukacja?post=26951"}],"curies":[{"name":"wp","href":"https:\/\/api.w.org\/{rel}","templated":true}]}}

KOCHA CO ROBIĆ — ARTYSTYCZNE WARSZTATY SENSUALNE BEZ BARIER

<div data-elementor-type="wp-post" data-elementor-id="26951" class="elementor elementor-26951" data-elementor-post-type="edukacja">
						<section class="elementor-section elementor-top-section elementor-element elementor-element-fe448c8 elementor-section-boxed elementor-section-height-default elementor-section-height-default" data-id="fe448c8" data-element_type="section">
						<div class="elementor-container elementor-column-gap-default">
					<div class="elementor-column elementor-col-100 elementor-top-column elementor-element elementor-element-c9c354b" data-id="c9c354b" data-element_type="column">
			<div class="elementor-widget-wrap elementor-element-populated">
						<div class="elementor-element elementor-element-0866456 elementor-widget elementor-widget-text-editor" data-id="0866456" data-element_type="widget" data-widget_type="text-editor.default">
				<div class="elementor-widget-container">
									<p>Męskość, kobiecość, siła, władza, seksapil – jak je rozumieć, z czym się kojarzą, jak wyrazić je w sztuce. Wzrok, słuch, dotyk, zapach – na jak wielu różnych płaszczyznach oddziałuje na nas sztuka współczesna, na jakie pozwala zastępstwa, gdy jeden ze zmysłów nie działa najlepiej.<br />  <br />Fundacja Kultury bez Barier i Muzeum Współczesne Wrocław zapraszają na artystyczne warsztaty sensualne. Odbędą się one 5 czerwca w Muzeum Współczesnym Wrocław (Plac Strzegomski 2). Początek o godz. 17.00, przewidywany koniec ok. 18.30. Spotkanie będzie dostosowane w pełni do potrzeb osób z niepełnosprawnością sensoryczną – niewidomych i niesłyszących, w warsztatach mogą jednak wziąć udział wszyscy chętni.<br />  <br />Podczas półtoragodzinnego warsztatu, grupa edukatorek i edukatorów Muzeum Współczesnego Wrocław pochyli się z uczestnikami i uczestniczkami nad akwarelą Basi Bańdy pod intrygującym tytułem: „Kocha co robić mój mój” (2007). Spróbujemy przedstawić niewielkich rozmiarów obraz wykorzystując do tego możliwie jak najwięcej zmysłów. Będziemy o nim rozmawiać, słuchać audiodeskrypcji, dotykać specjalnie przygotowanego modelu (tyflografiki). Pobawimy się również skojarzeniami: zapachowymi, dźwiękowymi i smakowymi. Przekonamy się też o mnogości interpretacyjnych ścieżek i o tym, że w każdym z nas tkwi choć odrobina gotowości do działań artystycznych.<br />  <br />Do ćwiczenia quasi-artystycznego artystka Patrycja Mastej przygotuje materiały ze swojej szafy artystycznej. Będziemy szukać napięć cielesnych może nawet erotycznych kształtując formy z pociętych pluszaków (materiału i tematu przewijającego się przez twórczość Basi). Wprowadzimy dłonie w trans poszukiwania kształtów dla naszych emocji – w nasze nowopowstałe przestrzenne uformowane miękkie organy wkomponujemy materiały kontrastowe: twarde lub chropowate, śliskie, guzkowate &gt; w efekcie czego powstaną indywidualne ciało-krajobrazy ( elementy będziemy łączyć za pomocą rzepów.<br />  <br />Scenariusz i realizacja: Magdalena Skowrońska, Patrycja Mastej, Bartek Lis.<br />  <br />Artystyczny warsztat sensualny zostanie zorganizowany w ramach projektu „Warsztat na Zachętę II” dofinansowanego przez Ministra Kultury i Dziedzictwa Narodowego.</p>								</div>
				</div>
					</div>
		</div>
					</div>
		</section>
				<section class="elementor-section elementor-top-section elementor-element elementor-element-436248c elementor-section-boxed elementor-section-height-default elementor-section-height-default" data-id="436248c" data-element_type="section">
						<div class="elementor-container elementor-column-gap-default">
					<div class="elementor-column elementor-col-100 elementor-top-column elementor-element elementor-element-11596d7" data-id="11596d7" data-element_type="column">
			<div class="elementor-widget-wrap elementor-element-populated">
						<div class="elementor-element elementor-element-6d4e9dd elementor-widget elementor-widget-image" data-id="6d4e9dd" data-element_type="widget" data-widget_type="image.default">
				<div class="elementor-widget-container">
															<img fetchpriority="high" decoding="async" width="664" height="663" src="https://muzeumwspolczesne.pl/wp-content/uploads/2024/01/image-1534.jpeg" class="attachment-large size-large wp-image-26906" alt="" srcset="https://muzeumwspolczesne.pl/wp-content/uploads/2024/01/image-1534.jpeg 664w, https://muzeumwspolczesne.pl/wp-content/uploads/2024/01/image-1534-300x300.jpeg 300w, https://muzeumwspolczesne.pl/wp-content/uploads/2024/01/image-1534-150x150.jpeg 150w, https://muzeumwspolczesne.pl/wp-content/uploads/2024/01/image-1534-12x12.jpeg 12w" sizes="(max-width: 664px) 100vw, 664px" />															</div>
				</div>
					</div>
		</div>
					</div>
		</section>
				<section class="elementor-section elementor-top-section elementor-element elementor-element-1784cb8 elementor-section-boxed elementor-section-height-default elementor-section-height-default" data-id="1784cb8" data-element_type="section">
						<div class="elementor-container elementor-column-gap-default">
					<div class="elementor-column elementor-col-100 elementor-top-column elementor-element elementor-element-003f5d4" data-id="003f5d4" data-element_type="column">
			<div class="elementor-widget-wrap elementor-element-populated">
						<div class="elementor-element elementor-element-311ea45 elementor-widget elementor-widget-text-editor" data-id="311ea45" data-element_type="widget" data-widget_type="text-editor.default">
				<div class="elementor-widget-container">
									<p><span style="letter-spacing: normal; font-family: BauPLRegular, sans-serif; font-size: 11px; background-color: rgb(251, 251, 251);">Wstęp jest bezpłatny, prosimy jedynie o przesłanie swojego zgłoszenia mejlem na adres:&nbsp;</span><br style="letter-spacing: normal; font-family: BauPLRegular, sans-serif; font-size: 11px;"><br style="letter-spacing: normal; font-family: BauPLRegular, sans-serif; font-size: 11px;"><span style="letter-spacing: normal; font-family: BauPLRegular, sans-serif; font-size: 11px; background-color: rgb(251, 251, 251);">b.lis@muzeumwspolczesne.pl</span><br style="letter-spacing: normal; font-family: BauPLRegular, sans-serif; font-size: 11px;"><br style="letter-spacing: normal; font-family: BauPLRegular, sans-serif; font-size: 11px;"><span style="letter-spacing: normal; font-family: BauPLRegular, sans-serif; font-size: 11px; background-color: rgb(251, 251, 251);">Zgłoszenia można przesyłać do 4 czerwca</span><br></p>								</div>
				</div>
					</div>
		</div>
					</div>
		</section>
				</div>

<p>Męskość, kobiecość, siła, władza, seksapil – jak je rozumieć, z czym się kojarzą, jak wyrazić je w sztuce. Wzrok, słuch, dotyk, zapach – na jak wielu różnych płaszczyznach oddziałuje na nas sztuka współczesna, na jakie pozwala zastępstwa, gdy jeden ze zmysłów nie działa najlepiej.  Fundacja Kultury bez Barier i Muzeum Współczesne Wrocław zapraszają na artystyczne warsztaty [&hellip;]</p>
