{"id":26957,"date":"2013-03-02T16:35:00","date_gmt":"2013-03-02T16:35:00","guid":{"rendered":"https:\/\/muzeumwspolczesne.pl\/?post_type=edukacja&#038;p=26957"},"modified":"2024-01-29T16:36:43","modified_gmt":"2024-01-29T16:36:43","slug":"althamer-haptycznie-zwiedzanie-wystawy-i-warsztaty","status":"publish","type":"edukacja","link":"https:\/\/muzeumwspolczesne.pl\/en\/zapowiedzi\/althamer-haptycznie-zwiedzanie-wystawy-i-warsztaty\/","title":{"rendered":"\u201eALTHAMER HAPTYCZNIE\u201d \u2014 ZWIEDZANIE WYSTAWY I WARSZTATY"},"content":{"rendered":"\t\t<div data-elementor-type=\"wp-post\" data-elementor-id=\"26957\" class=\"elementor elementor-26957\" data-elementor-post-type=\"edukacja\">\n\t\t\t\t\t\t<section class=\"elementor-section elementor-top-section elementor-element elementor-element-e8faf87 elementor-section-boxed elementor-section-height-default elementor-section-height-default\" data-id=\"e8faf87\" data-element_type=\"section\">\n\t\t\t\t\t\t<div class=\"elementor-container elementor-column-gap-default\">\n\t\t\t\t\t<div class=\"elementor-column elementor-col-100 elementor-top-column elementor-element elementor-element-a5c95a9\" data-id=\"a5c95a9\" data-element_type=\"column\">\n\t\t\t<div class=\"elementor-widget-wrap elementor-element-populated\">\n\t\t\t\t\t\t<div class=\"elementor-element elementor-element-8338210 elementor-widget elementor-widget-text-editor\" data-id=\"8338210\" data-element_type=\"widget\" data-widget_type=\"text-editor.default\">\n\t\t\t\t<div class=\"elementor-widget-container\">\n\t\t\t\t\t\t\t\t\t<p>Od 15 lutego w Muzeum Wsp\u00f3\u0142czesnym Wroc\u0142aw mo\u017cna ogl\u0105da\u0107 wystaw\u0119 rze\u017ab Paw\u0142a Althamera \u201ePolietylen. W ciemno\u015bciach\u201d. Do Wroc\u0142awia przyby\u0142o 38 rze\u017ab, kt\u00f3re pokazywane s\u0105 po raz pierwszy w zupe\u0142nie nowych okoliczno\u015bciach. Przestrze\u0144 dawnego, poniemieckiego schronu przeciwlotniczego jest miejscem bardzo specyficznym. Okr\u0105g\u0142y kszta\u0142t, grube, wykonane z zimnego betonu \u015bciany, brak okien \u2013 wszystko to sprawia, \u017ce ciemno\u015b\u0107, brak \u015bwiat\u0142a stan\u0105 si\u0119 faktycznymi wsp\u00f3\u0142-bohaterami tej wystawy. Liczymy, \u017ce b\u0119d\u0105 uzupe\u0142nia\u0107, \u201eotula\u0107\u201d polietylenowe postaci. Jeste\u015bmy bardzo ciekawi sens\u00f3w i znacze\u0144, kt\u00f3re zaprezentowanie obiekt\u00f3w w takich warunkach, mo\u017ce sprowokowa\u0107.<\/p><p>\u201eAlthamer Haptycznie\u201d, to pomys\u0142 trzech warsztat\u00f3w, podczas kt\u00f3rych zainteresowane osoby b\u0119d\u0105 mog\u0142y wzi\u0105\u0107 udzia\u0142 w wyj\u0105tkowym oprowadzaniu, podczas kt\u00f3rego b\u0119dzie mo\u017cna dotykowo \u201ezwiedza\u0107\u201d wybrane rze\u017aby Althamera. Pod okiem konserwatorki, z ciekawymi opowie\u015bciami o materia\u0142ach, kt\u00f3re cz\u0119sto staj\u0105 si\u0119 tworzywem dla artyst\u00f3w, wroc\u0142awianie i wroc\u0142awianki b\u0119d\u0105 mieli okazj\u0119 ciekawie sp\u0119dzi\u0107 sobotnie popo\u0142udnie. Zwiedzanie zostanie poprzedzone kr\u00f3tkim wst\u0119pem, zako\u0144czy si\u0119 za\u015b zabaw\u0105, podczas kt\u00f3rej uczestnicy b\u0119d\u0105 mogli wykona\u0107 odlewy swoich twarzy (maski).<\/p><p>Szczeg\u00f3lnie zapraszamy osoby niewidome i s\u0142abo widz\u0105ce, r\u00f3wnie\u017c z opiekunami. Liczba miejsc jest ograniczona. Haptyczne zwiedzanie dla os\u00f3b powy\u017cej 15 roku \u017cycia. Prosimy o wysy\u0142anie zg\u0142osze\u0144 wraz z podaniem daty spotkania, w kt\u00f3rym chcieliby Pa\u0144stwo wzi\u0105\u0107 udzia\u0142: b.lis@muzeumwspolczesne.pl<\/p><p>Katarzyna Mikstal <br \/>Bartek Lis <br \/>Magdalena Skowro\u0144ska<\/p>\t\t\t\t\t\t\t\t<\/div>\n\t\t\t\t<\/div>\n\t\t\t\t\t<\/div>\n\t\t<\/div>\n\t\t\t\t\t<\/div>\n\t\t<\/section>\n\t\t\t\t<\/div>\n\t\t","protected":false},"excerpt":{"rendered":"<p>Od 15 lutego w Muzeum Wsp\u00f3\u0142czesnym Wroc\u0142aw mo\u017cna ogl\u0105da\u0107 wystaw\u0119 rze\u017ab Paw\u0142a Althamera \u201ePolietylen. W ciemno\u015bciach\u201d. Do Wroc\u0142awia przyby\u0142o 38 rze\u017ab, kt\u00f3re pokazywane s\u0105 po raz pierwszy w zupe\u0142nie nowych okoliczno\u015bciach. Przestrze\u0144 dawnego, poniemieckiego schronu przeciwlotniczego jest miejscem bardzo specyficznym. Okr\u0105g\u0142y kszta\u0142t, grube, wykonane z zimnego betonu \u015bciany, brak okien \u2013 wszystko to sprawia, \u017ce [&hellip;]<\/p>\n","protected":false},"author":6,"featured_media":26958,"parent":0,"template":"","meta":{"footnotes":""},"kategorie-edukacja":[27],"class_list":["post-26957","edukacja","type-edukacja","status-publish","has-post-thumbnail","hentry","kategorie-edukacja-bez-barier"],"_links":{"self":[{"href":"https:\/\/muzeumwspolczesne.pl\/en\/wp-json\/wp\/v2\/edukacja\/26957","targetHints":{"allow":["GET"]}}],"collection":[{"href":"https:\/\/muzeumwspolczesne.pl\/en\/wp-json\/wp\/v2\/edukacja"}],"about":[{"href":"https:\/\/muzeumwspolczesne.pl\/en\/wp-json\/wp\/v2\/types\/edukacja"}],"author":[{"embeddable":true,"href":"https:\/\/muzeumwspolczesne.pl\/en\/wp-json\/wp\/v2\/users\/6"}],"version-history":[{"count":4,"href":"https:\/\/muzeumwspolczesne.pl\/en\/wp-json\/wp\/v2\/edukacja\/26957\/revisions"}],"predecessor-version":[{"id":26962,"href":"https:\/\/muzeumwspolczesne.pl\/en\/wp-json\/wp\/v2\/edukacja\/26957\/revisions\/26962"}],"wp:featuredmedia":[{"embeddable":true,"href":"https:\/\/muzeumwspolczesne.pl\/en\/wp-json\/wp\/v2\/media\/26958"}],"wp:attachment":[{"href":"https:\/\/muzeumwspolczesne.pl\/en\/wp-json\/wp\/v2\/media?parent=26957"}],"wp:term":[{"taxonomy":"kategorie-edukacja","embeddable":true,"href":"https:\/\/muzeumwspolczesne.pl\/en\/wp-json\/wp\/v2\/kategorie-edukacja?post=26957"}],"curies":[{"name":"wp","href":"https:\/\/api.w.org\/{rel}","templated":true}]}}

<div data-elementor-type="wp-post" data-elementor-id="26957" class="elementor elementor-26957" data-elementor-post-type="edukacja">
						<section class="elementor-section elementor-top-section elementor-element elementor-element-e8faf87 elementor-section-boxed elementor-section-height-default elementor-section-height-default" data-id="e8faf87" data-element_type="section">
						<div class="elementor-container elementor-column-gap-default">
					<div class="elementor-column elementor-col-100 elementor-top-column elementor-element elementor-element-a5c95a9" data-id="a5c95a9" data-element_type="column">
			<div class="elementor-widget-wrap elementor-element-populated">
						<div class="elementor-element elementor-element-8338210 elementor-widget elementor-widget-text-editor" data-id="8338210" data-element_type="widget" data-widget_type="text-editor.default">
				<div class="elementor-widget-container">
									<p>Od 15 lutego w Muzeum Współczesnym Wrocław można oglądać wystawę rzeźb Pawła Althamera „Polietylen. W ciemnościach”. Do Wrocławia przybyło 38 rzeźb, które pokazywane są po raz pierwszy w zupełnie nowych okolicznościach. Przestrzeń dawnego, poniemieckiego schronu przeciwlotniczego jest miejscem bardzo specyficznym. Okrągły kształt, grube, wykonane z zimnego betonu ściany, brak okien – wszystko to sprawia, że ciemność, brak światła staną się faktycznymi współ-bohaterami tej wystawy. Liczymy, że będą uzupełniać, „otulać” polietylenowe postaci. Jesteśmy bardzo ciekawi sensów i znaczeń, które zaprezentowanie obiektów w takich warunkach, może sprowokować.</p><p>„Althamer Haptycznie”, to pomysł trzech warsztatów, podczas których zainteresowane osoby będą mogły wziąć udział w wyjątkowym oprowadzaniu, podczas którego będzie można dotykowo „zwiedzać” wybrane rzeźby Althamera. Pod okiem konserwatorki, z ciekawymi opowieściami o materiałach, które często stają się tworzywem dla artystów, wrocławianie i wrocławianki będą mieli okazję ciekawie spędzić sobotnie popołudnie. Zwiedzanie zostanie poprzedzone krótkim wstępem, zakończy się zaś zabawą, podczas której uczestnicy będą mogli wykonać odlewy swoich twarzy (maski).</p><p>Szczególnie zapraszamy osoby niewidome i słabo widzące, również z opiekunami. Liczba miejsc jest ograniczona. Haptyczne zwiedzanie dla osób powyżej 15 roku życia. Prosimy o wysyłanie zgłoszeń wraz z podaniem daty spotkania, w którym chcieliby Państwo wziąć udział: b.lis@muzeumwspolczesne.pl</p><p>Katarzyna Mikstal <br />Bartek Lis <br />Magdalena Skowrońska</p>								</div>
				</div>
					</div>
		</div>
					</div>
		</section>
				</div>

<p>Od 15 lutego w Muzeum Współczesnym Wrocław można oglądać wystawę rzeźb Pawła Althamera „Polietylen. W ciemnościach”. Do Wrocławia przybyło 38 rzeźb, które pokazywane są po raz pierwszy w zupełnie nowych okolicznościach. Przestrzeń dawnego, poniemieckiego schronu przeciwlotniczego jest miejscem bardzo specyficznym. Okrągły kształt, grube, wykonane z zimnego betonu ściany, brak okien – wszystko to sprawia, że [&hellip;]</p>
