{"id":26963,"date":"2012-11-19T16:36:00","date_gmt":"2012-11-19T16:36:00","guid":{"rendered":"https:\/\/muzeumwspolczesne.pl\/?post_type=edukacja&#038;p=26963"},"modified":"2024-01-29T16:37:46","modified_gmt":"2024-01-29T16:37:46","slug":"sztuka-to-nie-rurki-z-kremem","status":"publish","type":"edukacja","link":"https:\/\/muzeumwspolczesne.pl\/en\/zapowiedzi\/sztuka-to-nie-rurki-z-kremem\/","title":{"rendered":"SZTUKA TO NIE RURKI Z KREMEM"},"content":{"rendered":"\t\t<div data-elementor-type=\"wp-post\" data-elementor-id=\"26963\" class=\"elementor elementor-26963\" data-elementor-post-type=\"edukacja\">\n\t\t\t\t\t\t<section class=\"elementor-section elementor-top-section elementor-element elementor-element-8389244 elementor-section-boxed elementor-section-height-default elementor-section-height-default\" data-id=\"8389244\" data-element_type=\"section\">\n\t\t\t\t\t\t<div class=\"elementor-container elementor-column-gap-default\">\n\t\t\t\t\t<div class=\"elementor-column elementor-col-100 elementor-top-column elementor-element elementor-element-af35f39\" data-id=\"af35f39\" data-element_type=\"column\">\n\t\t\t<div class=\"elementor-widget-wrap elementor-element-populated\">\n\t\t\t\t\t\t<div class=\"elementor-element elementor-element-168fc2c elementor-widget elementor-widget-text-editor\" data-id=\"168fc2c\" data-element_type=\"widget\" data-widget_type=\"text-editor.default\">\n\t\t\t\t<div class=\"elementor-widget-container\">\n\t\t\t\t\t\t\t\t\t<div class=\"post-content\"><p>Zapraszamy na seri\u0119 spotka\u0144, dotycz\u0105cych zjawisk w sztuce wsp\u00f3\u0142czesnej, kt\u00f3re dopiero od niedawna znajduj\u0105 swoje miejsce w oficjalnych instytucjach artystycznych. Niekt\u00f3re z nich jeszcze do nich nie trafi\u0142y. Zajmuj\u0105 jednak ugruntowan\u0105 pozycj\u0119 na polu artystycznym i pe\u0142ni\u0105 wa\u017cn\u0105 kulturotw\u00f3rcz\u0105 rol\u0119 w procesach przemian spo\u0142ecznych. Nasi go\u015bcie przybli\u017c\u0105 obszary kultury i sztuki, kt\u00f3re wyros\u0142y poza murami instytucji i wci\u0105\u017c si\u0119 im wymykaj\u0105.<\/p><p>Pi\u0105tki, godz. 16:30<\/p><p>miejsce: Muzeum Wsp\u00f3\u0142czesne Wroc\u0142aw<br \/>plac Strzegomski 2a, przestrze\u0144 Beautiful Tube<\/p><p>Projektowi wyk\u0142ad\u00f3w towarzysz\u0105 otwarte konsultacje, skierowane do artyst\u00f3w tworz\u0105cych pozainstytucjonalnie. Zapraszamy w poniedzia\u0142ki w godzinach 16:00-17:45. Terminy spotka\u0144: 19.11 | 26.11 | 3.12 | 10.12 | 17.12. Miejsce: Beautiful Tube,\u00a0 MWW.<\/p><p>Zg\u0142oszenia: Patrycja Mastej, Alicja Grabarczyk <a href=\"mailto:p.mastej@muzeumwspolczesne.pl\" target=\"_blank\" rel=\"noopener\">p.mastej@muzeumwspolczesne.pl<\/a><\/p><p>\u00a0<\/p><\/div><p class=\"post-curator\"><span class=\"post-curator-header\">kuratorka <\/span><span class=\"post-curator-name\">Alicja Grabarczyk<\/span><\/p>\t\t\t\t\t\t\t\t<\/div>\n\t\t\t\t<\/div>\n\t\t\t\t\t<\/div>\n\t\t<\/div>\n\t\t\t\t\t<\/div>\n\t\t<\/section>\n\t\t\t\t<section class=\"elementor-section elementor-top-section elementor-element elementor-element-fc497c9 elementor-section-boxed elementor-section-height-default elementor-section-height-default\" data-id=\"fc497c9\" data-element_type=\"section\">\n\t\t\t\t\t\t<div class=\"elementor-container elementor-column-gap-default\">\n\t\t\t\t\t<div class=\"elementor-column elementor-col-100 elementor-top-column elementor-element elementor-element-a021016\" data-id=\"a021016\" data-element_type=\"column\">\n\t\t\t<div class=\"elementor-widget-wrap elementor-element-populated\">\n\t\t\t\t\t\t<div class=\"elementor-element elementor-element-de87816 elementor-widget elementor-widget-text-editor\" data-id=\"de87816\" data-element_type=\"widget\" data-widget_type=\"text-editor.default\">\n\t\t\t\t<div class=\"elementor-widget-container\">\n\t\t\t\t\t\t\t\t\t<p><span style=\"letter-spacing: normal; font-family: BauPLRegular, sans-serif; font-size: 11px; background-color: rgb(251, 251, 251);\">Prowadz\u0105cy:<\/span><br style=\"letter-spacing: normal; font-family: BauPLRegular, sans-serif; font-size: 11px;\"><br style=\"letter-spacing: normal; font-family: BauPLRegular, sans-serif; font-size: 11px;\"><span style=\"letter-spacing: normal; font-family: BauPLRegular, sans-serif; font-size: 11px; background-color: rgb(251, 251, 251);\">16.11 Adam Moryc<\/span><br style=\"letter-spacing: normal; font-family: BauPLRegular, sans-serif; font-size: 11px;\"><span style=\"letter-spacing: normal; font-family: BauPLRegular, sans-serif; font-size: 11px; background-color: rgb(251, 251, 251);\">23.11 Katarzyna Wi\u0105cek<\/span><br style=\"letter-spacing: normal; font-family: BauPLRegular, sans-serif; font-size: 11px;\"><span style=\"letter-spacing: normal; font-family: BauPLRegular, sans-serif; font-size: 11px; background-color: rgb(251, 251, 251);\">30.11 S\u0142awomir Czajkowski [ZBK]<\/span><br style=\"letter-spacing: normal; font-family: BauPLRegular, sans-serif; font-size: 11px;\"><span style=\"letter-spacing: normal; font-family: BauPLRegular, sans-serif; font-size: 11px; background-color: rgb(251, 251, 251);\">7.12 Hubert Kostkiewicz<\/span><br style=\"letter-spacing: normal; font-family: BauPLRegular, sans-serif; font-size: 11px;\"><span style=\"letter-spacing: normal; font-family: BauPLRegular, sans-serif; font-size: 11px; background-color: rgb(251, 251, 251);\">14.12 Rafa\u0142 J\u0119czmyk<\/span><br style=\"letter-spacing: normal; font-family: BauPLRegular, sans-serif; font-size: 11px;\"><br style=\"letter-spacing: normal; font-family: BauPLRegular, sans-serif; font-size: 11px;\"><br style=\"letter-spacing: normal; font-family: BauPLRegular, sans-serif; font-size: 11px;\"><span style=\"letter-spacing: normal; font-family: BauPLRegular, sans-serif; font-size: 11px; background-color: rgb(251, 251, 251);\">Program realizowany ze \u015brodk\u00f3w Ministerstwa Kultury i Dziedzictwa Narodowego.<\/span><br><\/p>\t\t\t\t\t\t\t\t<\/div>\n\t\t\t\t<\/div>\n\t\t\t\t\t<\/div>\n\t\t<\/div>\n\t\t\t\t\t<\/div>\n\t\t<\/section>\n\t\t\t\t<\/div>\n\t\t","protected":false},"excerpt":{"rendered":"<p>Zapraszamy na seri\u0119 spotka\u0144, dotycz\u0105cych zjawisk w sztuce wsp\u00f3\u0142czesnej, kt\u00f3re dopiero od niedawna znajduj\u0105 swoje miejsce w oficjalnych instytucjach artystycznych. Niekt\u00f3re z nich jeszcze do nich nie trafi\u0142y. Zajmuj\u0105 jednak ugruntowan\u0105 pozycj\u0119 na polu artystycznym i pe\u0142ni\u0105 wa\u017cn\u0105 kulturotw\u00f3rcz\u0105 rol\u0119 w procesach przemian spo\u0142ecznych. Nasi go\u015bcie przybli\u017c\u0105 obszary kultury i sztuki, kt\u00f3re wyros\u0142y poza murami [&hellip;]<\/p>\n","protected":false},"author":6,"featured_media":26964,"parent":0,"template":"","meta":{"footnotes":""},"kategorie-edukacja":[27],"class_list":["post-26963","edukacja","type-edukacja","status-publish","has-post-thumbnail","hentry","kategorie-edukacja-bez-barier"],"_links":{"self":[{"href":"https:\/\/muzeumwspolczesne.pl\/en\/wp-json\/wp\/v2\/edukacja\/26963","targetHints":{"allow":["GET"]}}],"collection":[{"href":"https:\/\/muzeumwspolczesne.pl\/en\/wp-json\/wp\/v2\/edukacja"}],"about":[{"href":"https:\/\/muzeumwspolczesne.pl\/en\/wp-json\/wp\/v2\/types\/edukacja"}],"author":[{"embeddable":true,"href":"https:\/\/muzeumwspolczesne.pl\/en\/wp-json\/wp\/v2\/users\/6"}],"version-history":[{"count":4,"href":"https:\/\/muzeumwspolczesne.pl\/en\/wp-json\/wp\/v2\/edukacja\/26963\/revisions"}],"predecessor-version":[{"id":26968,"href":"https:\/\/muzeumwspolczesne.pl\/en\/wp-json\/wp\/v2\/edukacja\/26963\/revisions\/26968"}],"wp:featuredmedia":[{"embeddable":true,"href":"https:\/\/muzeumwspolczesne.pl\/en\/wp-json\/wp\/v2\/media\/26964"}],"wp:attachment":[{"href":"https:\/\/muzeumwspolczesne.pl\/en\/wp-json\/wp\/v2\/media?parent=26963"}],"wp:term":[{"taxonomy":"kategorie-edukacja","embeddable":true,"href":"https:\/\/muzeumwspolczesne.pl\/en\/wp-json\/wp\/v2\/kategorie-edukacja?post=26963"}],"curies":[{"name":"wp","href":"https:\/\/api.w.org\/{rel}","templated":true}]}}

<div data-elementor-type="wp-post" data-elementor-id="26963" class="elementor elementor-26963" data-elementor-post-type="edukacja">
						<section class="elementor-section elementor-top-section elementor-element elementor-element-8389244 elementor-section-boxed elementor-section-height-default elementor-section-height-default" data-id="8389244" data-element_type="section">
						<div class="elementor-container elementor-column-gap-default">
					<div class="elementor-column elementor-col-100 elementor-top-column elementor-element elementor-element-af35f39" data-id="af35f39" data-element_type="column">
			<div class="elementor-widget-wrap elementor-element-populated">
						<div class="elementor-element elementor-element-168fc2c elementor-widget elementor-widget-text-editor" data-id="168fc2c" data-element_type="widget" data-widget_type="text-editor.default">
				<div class="elementor-widget-container">
									<div class="post-content"><p>Zapraszamy na serię spotkań, dotyczących zjawisk w sztuce współczesnej, które dopiero od niedawna znajdują swoje miejsce w oficjalnych instytucjach artystycznych. Niektóre z nich jeszcze do nich nie trafiły. Zajmują jednak ugruntowaną pozycję na polu artystycznym i pełnią ważną kulturotwórczą rolę w procesach przemian społecznych. Nasi goście przybliżą obszary kultury i sztuki, które wyrosły poza murami instytucji i wciąż się im wymykają.</p><p>Piątki, godz. 16:30</p><p>miejsce: Muzeum Współczesne Wrocław<br />plac Strzegomski 2a, przestrzeń Beautiful Tube</p><p>Projektowi wykładów towarzyszą otwarte konsultacje, skierowane do artystów tworzących pozainstytucjonalnie. Zapraszamy w poniedziałki w godzinach 16:00-17:45. Terminy spotkań: 19.11 | 26.11 | 3.12 | 10.12 | 17.12. Miejsce: Beautiful Tube,  MWW.</p><p>Zgłoszenia: Patrycja Mastej, Alicja Grabarczyk <a href="mailto:p.mastej@muzeumwspolczesne.pl" target="_blank" rel="noopener">p.mastej@muzeumwspolczesne.pl</a></p><p> </p></div><p class="post-curator"><span class="post-curator-header">kuratorka </span><span class="post-curator-name">Alicja Grabarczyk</span></p>								</div>
				</div>
					</div>
		</div>
					</div>
		</section>
				<section class="elementor-section elementor-top-section elementor-element elementor-element-fc497c9 elementor-section-boxed elementor-section-height-default elementor-section-height-default" data-id="fc497c9" data-element_type="section">
						<div class="elementor-container elementor-column-gap-default">
					<div class="elementor-column elementor-col-100 elementor-top-column elementor-element elementor-element-a021016" data-id="a021016" data-element_type="column">
			<div class="elementor-widget-wrap elementor-element-populated">
						<div class="elementor-element elementor-element-de87816 elementor-widget elementor-widget-text-editor" data-id="de87816" data-element_type="widget" data-widget_type="text-editor.default">
				<div class="elementor-widget-container">
									<p><span style="letter-spacing: normal; font-family: BauPLRegular, sans-serif; font-size: 11px; background-color: rgb(251, 251, 251);">Prowadzący:</span><br style="letter-spacing: normal; font-family: BauPLRegular, sans-serif; font-size: 11px;"><br style="letter-spacing: normal; font-family: BauPLRegular, sans-serif; font-size: 11px;"><span style="letter-spacing: normal; font-family: BauPLRegular, sans-serif; font-size: 11px; background-color: rgb(251, 251, 251);">16.11 Adam Moryc</span><br style="letter-spacing: normal; font-family: BauPLRegular, sans-serif; font-size: 11px;"><span style="letter-spacing: normal; font-family: BauPLRegular, sans-serif; font-size: 11px; background-color: rgb(251, 251, 251);">23.11 Katarzyna Wiącek</span><br style="letter-spacing: normal; font-family: BauPLRegular, sans-serif; font-size: 11px;"><span style="letter-spacing: normal; font-family: BauPLRegular, sans-serif; font-size: 11px; background-color: rgb(251, 251, 251);">30.11 Sławomir Czajkowski [ZBK]</span><br style="letter-spacing: normal; font-family: BauPLRegular, sans-serif; font-size: 11px;"><span style="letter-spacing: normal; font-family: BauPLRegular, sans-serif; font-size: 11px; background-color: rgb(251, 251, 251);">7.12 Hubert Kostkiewicz</span><br style="letter-spacing: normal; font-family: BauPLRegular, sans-serif; font-size: 11px;"><span style="letter-spacing: normal; font-family: BauPLRegular, sans-serif; font-size: 11px; background-color: rgb(251, 251, 251);">14.12 Rafał Jęczmyk</span><br style="letter-spacing: normal; font-family: BauPLRegular, sans-serif; font-size: 11px;"><br style="letter-spacing: normal; font-family: BauPLRegular, sans-serif; font-size: 11px;"><br style="letter-spacing: normal; font-family: BauPLRegular, sans-serif; font-size: 11px;"><span style="letter-spacing: normal; font-family: BauPLRegular, sans-serif; font-size: 11px; background-color: rgb(251, 251, 251);">Program realizowany ze środków Ministerstwa Kultury i Dziedzictwa Narodowego.</span><br></p>								</div>
				</div>
					</div>
		</div>
					</div>
		</section>
				</div>

<p>Zapraszamy na serię spotkań, dotyczących zjawisk w sztuce współczesnej, które dopiero od niedawna znajdują swoje miejsce w oficjalnych instytucjach artystycznych. Niektóre z nich jeszcze do nich nie trafiły. Zajmują jednak ugruntowaną pozycję na polu artystycznym i pełnią ważną kulturotwórczą rolę w procesach przemian społecznych. Nasi goście przybliżą obszary kultury i sztuki, które wyrosły poza murami [&hellip;]</p>
