{"id":27267,"date":"2014-07-14T11:43:00","date_gmt":"2014-07-14T11:43:00","guid":{"rendered":"https:\/\/muzeumwspolczesne.pl\/?post_type=edukacja&#038;p=27267"},"modified":"2024-01-31T11:44:30","modified_gmt":"2024-01-31T11:44:30","slug":"od-pomyslu-do-wynalazku-design-thinking-dla-dzieci","status":"publish","type":"edukacja","link":"https:\/\/muzeumwspolczesne.pl\/en\/zapowiedzi\/od-pomyslu-do-wynalazku-design-thinking-dla-dzieci\/","title":{"rendered":"OD POMYS\u0141U DO WYNALAZKU -\u00ad DESIGN THINKING DLA DZIECI"},"content":{"rendered":"\t\t<div data-elementor-type=\"wp-post\" data-elementor-id=\"27267\" class=\"elementor elementor-27267\" data-elementor-post-type=\"edukacja\">\n\t\t\t\t\t\t<section class=\"elementor-section elementor-top-section elementor-element elementor-element-6a08706 elementor-section-boxed elementor-section-height-default elementor-section-height-default\" data-id=\"6a08706\" data-element_type=\"section\">\n\t\t\t\t\t\t<div class=\"elementor-container elementor-column-gap-default\">\n\t\t\t\t\t<div class=\"elementor-column elementor-col-100 elementor-top-column elementor-element elementor-element-1407bce\" data-id=\"1407bce\" data-element_type=\"column\">\n\t\t\t<div class=\"elementor-widget-wrap elementor-element-populated\">\n\t\t\t\t\t\t<div class=\"elementor-element elementor-element-2effaec elementor-widget elementor-widget-text-editor\" data-id=\"2effaec\" data-element_type=\"widget\" data-widget_type=\"text-editor.default\">\n\t\t\t\t<div class=\"elementor-widget-container\">\n\t\t\t\t\t\t\t\t\t<p>ACH TEN WSZECHOBECNY DESIGN\u2026.<\/p><p>Ile razy w ci\u0105gu roku uk\u0142uli\u015bmy si\u0119 no\u017cyczkami,<br \/>chwycili\u015bmy wygodne ucho kubka, przeszli\u015bmy schodami Przej\u015bcia \u015awidnickiego, my\u015bl\u0105c o tym,<br \/>\u017ce to projektant u\u0142atwi\u0142 nam, b\u0105d\u017a uprzykrzy\u0142 \u017cycie? Wykonuj\u0105c nasze codzienne czynno\u015bci<br \/>rzadko widzimy, \u017ce \u017cyjemy po\u015br\u00f3d lepiej lub mniej udanych projekt\u00f3w.<\/p><p>Podczas wakacyjnych warsztat\u00f3w chcemy wprowadzi\u0107 m\u0142odych uczestnik\u00f3w (9\u00ad- 12 lat) w tajniki<br \/>projektowania.<\/p><p>WYOBRA\u0179NIA Poprzez poszczeg\u00f3lne zadania chcemy uczestnikom uzmys\u0142owi\u0107, \u017ce wszystko od<br \/>przedmiotu przez budynek po miasto zosta\u0142o zaprojektowane, a co zosta\u0142o zaprojektowane mo\u017ce<br \/>zosta\u0107 PRZE\u00adprojektowane lub zamienione czym\u015b innym, wi\u0119c do roboty \u2013 z pomoc\u0105 przychodzi<br \/>nam wyobra\u017ania!<\/p><p>ODPOWIEDZIALNO\u015a\u0106 Bez uzmys\u0142owienia sobie potrzeb i oczekiwa\u0144 u\u017cytkownik\u00f3w nie ma<br \/>designu, a m\u0105dry projekt potrafi odmieni\u0107 jako\u015b\u0107 \u017cycia. Stw\u00f3rzmy wi\u0119c utopijne miasto wygodne<br \/>dla wszystkich, funkcjonuj\u0105ce w zgodzie z natur\u0105. Pomy\u015blimy i zaprojektujemy, jak w tym mie\u015bcie<br \/>m\u00f3g\u0142by wygl\u0105da\u0107 cz\u0142owiek, jego str\u00f3j lub sprz\u0119ty.<\/p><p>ODWAGA Podczas warsztat\u00f3w czeka nas wiele dobrej zabawy na przeci\u0119ciu abstrakcyjnego<br \/>my\u015blenia, wyobra\u017ani i umiej\u0119tno\u015bci manualnych. W zaj\u0119ciach nie chodzi o stworzenie<br \/>standardowych prac plastycznych, lecz wyrobienia w dzieciach odwagi do wykorzystania<br \/>materia\u0142\u00f3w plastycznych i surowc\u00f3w wt\u00f3rnych w prototypach, makietach, a nawet elemencie<br \/>u\u017cytkowym, kt\u00f3ry pozostanie w muzeum. \u201eZupe\u0142nie przy okazji\u201d dzieci wyjd\u0105 z wiedz\u0105 czym jest<br \/>ten tajemniczy design, plan, rzut, Corbusier czy Gaudi.<\/p><p>Wi\u0119cej informacji oraz zapisy:<br \/>edukacja@muzeumwspolczesne.pl \/<br \/>tel. 71 356 42 50<br \/>Zapisy trwaj\u0105 do 11 lipca.<\/p>\t\t\t\t\t\t\t\t<\/div>\n\t\t\t\t<\/div>\n\t\t\t\t\t<\/div>\n\t\t<\/div>\n\t\t\t\t\t<\/div>\n\t\t<\/section>\n\t\t\t\t<section class=\"elementor-section elementor-top-section elementor-element elementor-element-02d1651 elementor-section-boxed elementor-section-height-default elementor-section-height-default\" data-id=\"02d1651\" data-element_type=\"section\">\n\t\t\t\t\t\t<div class=\"elementor-container elementor-column-gap-default\">\n\t\t\t\t\t<div class=\"elementor-column elementor-col-100 elementor-top-column elementor-element elementor-element-72b0f52\" data-id=\"72b0f52\" data-element_type=\"column\">\n\t\t\t<div class=\"elementor-widget-wrap elementor-element-populated\">\n\t\t\t\t\t\t<div class=\"elementor-element elementor-element-f29baf3 elementor-widget elementor-widget-image\" data-id=\"f29baf3\" data-element_type=\"widget\" data-widget_type=\"image.default\">\n\t\t\t\t<div class=\"elementor-widget-container\">\n\t\t\t\t\t\t\t\t\t\t\t\t\t\t\t<img fetchpriority=\"high\" decoding=\"async\" width=\"500\" height=\"500\" src=\"https:\/\/muzeumwspolczesne.pl\/wp-content\/uploads\/2014\/07\/image-1.jpeg\" class=\"attachment-large size-large wp-image-27270\" alt=\"\" srcset=\"https:\/\/muzeumwspolczesne.pl\/wp-content\/uploads\/2014\/07\/image-1.jpeg 500w, https:\/\/muzeumwspolczesne.pl\/wp-content\/uploads\/2014\/07\/image-1-300x300.jpeg 300w, https:\/\/muzeumwspolczesne.pl\/wp-content\/uploads\/2014\/07\/image-1-150x150.jpeg 150w, https:\/\/muzeumwspolczesne.pl\/wp-content\/uploads\/2014\/07\/image-1-12x12.jpeg 12w\" sizes=\"(max-width: 500px) 100vw, 500px\" \/>\t\t\t\t\t\t\t\t\t\t\t\t\t\t\t<\/div>\n\t\t\t\t<\/div>\n\t\t\t\t\t<\/div>\n\t\t<\/div>\n\t\t\t\t\t<\/div>\n\t\t<\/section>\n\t\t\t\t<section class=\"elementor-section elementor-top-section elementor-element elementor-element-50ba0b3 elementor-section-boxed elementor-section-height-default elementor-section-height-default\" data-id=\"50ba0b3\" data-element_type=\"section\">\n\t\t\t\t\t\t<div class=\"elementor-container elementor-column-gap-default\">\n\t\t\t\t\t<div class=\"elementor-column elementor-col-100 elementor-top-column elementor-element elementor-element-b0a35a1\" data-id=\"b0a35a1\" data-element_type=\"column\">\n\t\t\t<div class=\"elementor-widget-wrap elementor-element-populated\">\n\t\t\t\t\t\t<div class=\"elementor-element elementor-element-c0ff6b4 elementor-widget elementor-widget-text-editor\" data-id=\"c0ff6b4\" data-element_type=\"widget\" data-widget_type=\"text-editor.default\">\n\t\t\t\t<div class=\"elementor-widget-container\">\n\t\t\t\t\t\t\t\t\t<p><span style=\"letter-spacing: normal; font-family: BauPLRegular, sans-serif; font-size: 11px; background-color: rgb(251, 251, 251);\">Zaj\u0119cia odbywa\u0107 si\u0119 b\u0119d\u0105 od poniedzia\u0142ku do pi\u0105tku w godzinach 9.00- 14.00.&nbsp;<\/span><br style=\"letter-spacing: normal; font-family: BauPLRegular, sans-serif; font-size: 11px;\"><br style=\"letter-spacing: normal; font-family: BauPLRegular, sans-serif; font-size: 11px;\"><span style=\"letter-spacing: normal; font-family: BauPLRegular, sans-serif; font-size: 11px; background-color: rgb(251, 251, 251);\">Zaj\u0119cia s\u0105 odp\u0142atne. Koszt uczestnictwa: 350 z\u0142.<\/span><br style=\"letter-spacing: normal; font-family: BauPLRegular, sans-serif; font-size: 11px;\"><br style=\"letter-spacing: normal; font-family: BauPLRegular, sans-serif; font-size: 11px;\"><span style=\"letter-spacing: normal; font-family: BauPLRegular, sans-serif; font-size: 11px; background-color: rgb(251, 251, 251);\">Prowadzenie i scenariusz zaj\u0119\u0107: Krystyna Jendrzej &#8211; Gawlicz, Katarzyna Przestrzelska<\/span><br><\/p>\t\t\t\t\t\t\t\t<\/div>\n\t\t\t\t<\/div>\n\t\t\t\t\t<\/div>\n\t\t<\/div>\n\t\t\t\t\t<\/div>\n\t\t<\/section>\n\t\t\t\t<\/div>\n\t\t","protected":false},"excerpt":{"rendered":"<p>ACH TEN WSZECHOBECNY DESIGN\u2026. Ile razy w ci\u0105gu roku uk\u0142uli\u015bmy si\u0119 no\u017cyczkami,chwycili\u015bmy wygodne ucho kubka, przeszli\u015bmy schodami Przej\u015bcia \u015awidnickiego, my\u015bl\u0105c o tym,\u017ce to projektant u\u0142atwi\u0142 nam, b\u0105d\u017a uprzykrzy\u0142 \u017cycie? Wykonuj\u0105c nasze codzienne czynno\u015bcirzadko widzimy, \u017ce \u017cyjemy po\u015br\u00f3d lepiej lub mniej udanych projekt\u00f3w. Podczas wakacyjnych warsztat\u00f3w chcemy wprowadzi\u0107 m\u0142odych uczestnik\u00f3w (9\u00ad- 12 lat) w tajnikiprojektowania. WYOBRA\u0179NIA [&hellip;]<\/p>\n","protected":false},"author":6,"featured_media":27268,"parent":0,"template":"","meta":{"footnotes":""},"kategorie-edukacja":[22],"class_list":["post-27267","edukacja","type-edukacja","status-publish","has-post-thumbnail","hentry","kategorie-edukacja-dzieci"],"_links":{"self":[{"href":"https:\/\/muzeumwspolczesne.pl\/en\/wp-json\/wp\/v2\/edukacja\/27267","targetHints":{"allow":["GET"]}}],"collection":[{"href":"https:\/\/muzeumwspolczesne.pl\/en\/wp-json\/wp\/v2\/edukacja"}],"about":[{"href":"https:\/\/muzeumwspolczesne.pl\/en\/wp-json\/wp\/v2\/types\/edukacja"}],"author":[{"embeddable":true,"href":"https:\/\/muzeumwspolczesne.pl\/en\/wp-json\/wp\/v2\/users\/6"}],"version-history":[{"count":4,"href":"https:\/\/muzeumwspolczesne.pl\/en\/wp-json\/wp\/v2\/edukacja\/27267\/revisions"}],"predecessor-version":[{"id":27273,"href":"https:\/\/muzeumwspolczesne.pl\/en\/wp-json\/wp\/v2\/edukacja\/27267\/revisions\/27273"}],"wp:featuredmedia":[{"embeddable":true,"href":"https:\/\/muzeumwspolczesne.pl\/en\/wp-json\/wp\/v2\/media\/27268"}],"wp:attachment":[{"href":"https:\/\/muzeumwspolczesne.pl\/en\/wp-json\/wp\/v2\/media?parent=27267"}],"wp:term":[{"taxonomy":"kategorie-edukacja","embeddable":true,"href":"https:\/\/muzeumwspolczesne.pl\/en\/wp-json\/wp\/v2\/kategorie-edukacja?post=27267"}],"curies":[{"name":"wp","href":"https:\/\/api.w.org\/{rel}","templated":true}]}}

OD POMYSŁU DO WYNALAZKU -­ DESIGN THINKING DLA DZIECI

<div data-elementor-type="wp-post" data-elementor-id="27267" class="elementor elementor-27267" data-elementor-post-type="edukacja">
						<section class="elementor-section elementor-top-section elementor-element elementor-element-6a08706 elementor-section-boxed elementor-section-height-default elementor-section-height-default" data-id="6a08706" data-element_type="section">
						<div class="elementor-container elementor-column-gap-default">
					<div class="elementor-column elementor-col-100 elementor-top-column elementor-element elementor-element-1407bce" data-id="1407bce" data-element_type="column">
			<div class="elementor-widget-wrap elementor-element-populated">
						<div class="elementor-element elementor-element-2effaec elementor-widget elementor-widget-text-editor" data-id="2effaec" data-element_type="widget" data-widget_type="text-editor.default">
				<div class="elementor-widget-container">
									<p>ACH TEN WSZECHOBECNY DESIGN….</p><p>Ile razy w ciągu roku ukłuliśmy się nożyczkami,<br />chwyciliśmy wygodne ucho kubka, przeszliśmy schodami Przejścia Świdnickiego, myśląc o tym,<br />że to projektant ułatwił nam, bądź uprzykrzył życie? Wykonując nasze codzienne czynności<br />rzadko widzimy, że żyjemy pośród lepiej lub mniej udanych projektów.</p><p>Podczas wakacyjnych warsztatów chcemy wprowadzić młodych uczestników (9­- 12 lat) w tajniki<br />projektowania.</p><p>WYOBRAŹNIA Poprzez poszczególne zadania chcemy uczestnikom uzmysłowić, że wszystko od<br />przedmiotu przez budynek po miasto zostało zaprojektowane, a co zostało zaprojektowane może<br />zostać PRZE­projektowane lub zamienione czymś innym, więc do roboty – z pomocą przychodzi<br />nam wyobraźnia!</p><p>ODPOWIEDZIALNOŚĆ Bez uzmysłowienia sobie potrzeb i oczekiwań użytkowników nie ma<br />designu, a mądry projekt potrafi odmienić jakość życia. Stwórzmy więc utopijne miasto wygodne<br />dla wszystkich, funkcjonujące w zgodzie z naturą. Pomyślimy i zaprojektujemy, jak w tym mieście<br />mógłby wyglądać człowiek, jego strój lub sprzęty.</p><p>ODWAGA Podczas warsztatów czeka nas wiele dobrej zabawy na przecięciu abstrakcyjnego<br />myślenia, wyobraźni i umiejętności manualnych. W zajęciach nie chodzi o stworzenie<br />standardowych prac plastycznych, lecz wyrobienia w dzieciach odwagi do wykorzystania<br />materiałów plastycznych i surowców wtórnych w prototypach, makietach, a nawet elemencie<br />użytkowym, który pozostanie w muzeum. „Zupełnie przy okazji” dzieci wyjdą z wiedzą czym jest<br />ten tajemniczy design, plan, rzut, Corbusier czy Gaudi.</p><p>Więcej informacji oraz zapisy:<br />edukacja@muzeumwspolczesne.pl /<br />tel. 71 356 42 50<br />Zapisy trwają do 11 lipca.</p>								</div>
				</div>
					</div>
		</div>
					</div>
		</section>
				<section class="elementor-section elementor-top-section elementor-element elementor-element-02d1651 elementor-section-boxed elementor-section-height-default elementor-section-height-default" data-id="02d1651" data-element_type="section">
						<div class="elementor-container elementor-column-gap-default">
					<div class="elementor-column elementor-col-100 elementor-top-column elementor-element elementor-element-72b0f52" data-id="72b0f52" data-element_type="column">
			<div class="elementor-widget-wrap elementor-element-populated">
						<div class="elementor-element elementor-element-f29baf3 elementor-widget elementor-widget-image" data-id="f29baf3" data-element_type="widget" data-widget_type="image.default">
				<div class="elementor-widget-container">
															<img fetchpriority="high" decoding="async" width="500" height="500" src="https://muzeumwspolczesne.pl/wp-content/uploads/2014/07/image-1.jpeg" class="attachment-large size-large wp-image-27270" alt="" srcset="https://muzeumwspolczesne.pl/wp-content/uploads/2014/07/image-1.jpeg 500w, https://muzeumwspolczesne.pl/wp-content/uploads/2014/07/image-1-300x300.jpeg 300w, https://muzeumwspolczesne.pl/wp-content/uploads/2014/07/image-1-150x150.jpeg 150w, https://muzeumwspolczesne.pl/wp-content/uploads/2014/07/image-1-12x12.jpeg 12w" sizes="(max-width: 500px) 100vw, 500px" />															</div>
				</div>
					</div>
		</div>
					</div>
		</section>
				<section class="elementor-section elementor-top-section elementor-element elementor-element-50ba0b3 elementor-section-boxed elementor-section-height-default elementor-section-height-default" data-id="50ba0b3" data-element_type="section">
						<div class="elementor-container elementor-column-gap-default">
					<div class="elementor-column elementor-col-100 elementor-top-column elementor-element elementor-element-b0a35a1" data-id="b0a35a1" data-element_type="column">
			<div class="elementor-widget-wrap elementor-element-populated">
						<div class="elementor-element elementor-element-c0ff6b4 elementor-widget elementor-widget-text-editor" data-id="c0ff6b4" data-element_type="widget" data-widget_type="text-editor.default">
				<div class="elementor-widget-container">
									<p><span style="letter-spacing: normal; font-family: BauPLRegular, sans-serif; font-size: 11px; background-color: rgb(251, 251, 251);">Zajęcia odbywać się będą od poniedziałku do piątku w godzinach 9.00- 14.00.&nbsp;</span><br style="letter-spacing: normal; font-family: BauPLRegular, sans-serif; font-size: 11px;"><br style="letter-spacing: normal; font-family: BauPLRegular, sans-serif; font-size: 11px;"><span style="letter-spacing: normal; font-family: BauPLRegular, sans-serif; font-size: 11px; background-color: rgb(251, 251, 251);">Zajęcia są odpłatne. Koszt uczestnictwa: 350 zł.</span><br style="letter-spacing: normal; font-family: BauPLRegular, sans-serif; font-size: 11px;"><br style="letter-spacing: normal; font-family: BauPLRegular, sans-serif; font-size: 11px;"><span style="letter-spacing: normal; font-family: BauPLRegular, sans-serif; font-size: 11px; background-color: rgb(251, 251, 251);">Prowadzenie i scenariusz zajęć: Krystyna Jendrzej &#8211; Gawlicz, Katarzyna Przestrzelska</span><br></p>								</div>
				</div>
					</div>
		</div>
					</div>
		</section>
				</div>

<p>ACH TEN WSZECHOBECNY DESIGN…. Ile razy w ciągu roku ukłuliśmy się nożyczkami,chwyciliśmy wygodne ucho kubka, przeszliśmy schodami Przejścia Świdnickiego, myśląc o tym,że to projektant ułatwił nam, bądź uprzykrzył życie? Wykonując nasze codzienne czynnościrzadko widzimy, że żyjemy pośród lepiej lub mniej udanych projektów. Podczas wakacyjnych warsztatów chcemy wprowadzić młodych uczestników (9­- 12 lat) w tajnikiprojektowania. WYOBRAŹNIA [&hellip;]</p>
