{"id":27360,"date":"2013-10-25T11:54:00","date_gmt":"2013-10-25T11:54:00","guid":{"rendered":"https:\/\/muzeumwspolczesne.pl\/?post_type=edukacja&#038;p=27360"},"modified":"2024-01-31T11:55:10","modified_gmt":"2024-01-31T11:55:10","slug":"zrob-sobie-podworko-pamietnik-szczepinski","status":"publish","type":"edukacja","link":"https:\/\/muzeumwspolczesne.pl\/en\/zapowiedzi\/zrob-sobie-podworko-pamietnik-szczepinski\/","title":{"rendered":"ZR\u00d3B SOBIE PODW\u00d3RKO + PAMI\u0118TNIK SZCZEPI\u0143SKI"},"content":{"rendered":"\t\t<div data-elementor-type=\"wp-post\" data-elementor-id=\"27360\" class=\"elementor elementor-27360\" data-elementor-post-type=\"edukacja\">\n\t\t\t\t\t\t<section class=\"elementor-section elementor-top-section elementor-element elementor-element-ca77fdd elementor-section-boxed elementor-section-height-default elementor-section-height-default\" data-id=\"ca77fdd\" data-element_type=\"section\">\n\t\t\t\t\t\t<div class=\"elementor-container elementor-column-gap-default\">\n\t\t\t\t\t<div class=\"elementor-column elementor-col-100 elementor-top-column elementor-element elementor-element-a37b44a\" data-id=\"a37b44a\" data-element_type=\"column\">\n\t\t\t<div class=\"elementor-widget-wrap elementor-element-populated\">\n\t\t\t\t\t\t<div class=\"elementor-element elementor-element-722dd4d elementor-widget elementor-widget-text-editor\" data-id=\"722dd4d\" data-element_type=\"widget\" data-widget_type=\"text-editor.default\">\n\t\t\t\t<div class=\"elementor-widget-container\">\n\t\t\t\t\t\t\t\t\t<p>\u201cZr\u00f3b sobie podw\u00f3rko\u201d to skierowany do m\u0142odzie\u017cy projekt rewitalizacji jednego z wroc\u0142awskich podw\u00f3rek \u2013 nieco oddalonego od centrum, by\u0107 mo\u017ce zaniedbanego i z pewno\u015bci\u0105 nieucz\u0119szczanego przez turyst\u00f3w. Jego koncepcj\u0119 opracowa\u0142y Magdalena Kreis i Natalia Romaszkan (do dzie\u0142a! duet PRZEtw\u00f3rczy), a o umo\u017cliwienie realizacji zadba\u0142o Biuro Festiwalowe Impart 2016 wraz z Narodowym Centrum Kultury.<br \/>\u00a0\u00a0<br \/>W czasie trwania projektu zrealizowany zostanie r\u00f3wnie\u017c \u201cPami\u0119tnik Szczepi\u0144ski\u201d, czyli stworzony przez Patrycj\u0119 Mastej (Muzeum Wsp\u00f3\u0142czesne Wroc\u0142aw) warsztat tw\u00f3rczego poszukiwania<br \/>i opowiadania osobistych historii, kt\u00f3ry adresowany jest do mieszka\u0144c\u00f3w osiedla Szczepin.<br \/>\u00a0\u00a0<br \/>Do udzia\u0142u w warsztatach zaprosili\u015bmy mieszkaj\u0105cych na Szczepinie gimnazjalist\u00f3w. To oni wybior\u0105 miejsce ich zdaniem ciekawe, wymagaj\u0105ce interwencji. Wspomagani przez prowadz\u0105cych zaj\u0119cia wroc\u0142awskich artyst\u00f3w \u2013 Beat\u0119 Rojek, Anne<br \/>Rymarz i Kamila Radka \u2013 zdecyduj\u0105 r\u00f3wnie\u017c o formie dzia\u0142ania rewitalizacyjnego, kt\u00f3re mo\u017ce przyj\u0105\u0107 najrozmaitsz\u0105 posta\u0107 \u2013 zimowego ogrodu, muralu, miejsca do wypoczynku czy tablicy og\u0142osze\u0144.<br \/>\u00a0\u00a0<br \/>Decyzj\u0119 o tym, co i gdzie b\u0119dzie si\u0119 dzia\u0142o pozostawiamy m\u0142odym ludziom, ufaj\u0105c, \u017ce ich zdanie jest niezwykle wa\u017cne w procesie my\u015blenia o najbli\u017cszym im otoczeniu. M\u0142odzie\u017c przejdzie przez ca\u0142y proces rewitalizacji \u2013 od fazy definiowania potrzeb spo\u0142ecznych, przez projektowanie, na wykonaniu wymy\u015blonych obiekt\u00f3w sko\u0144czywszy.<br \/>\u00a0\u00a0<br \/>Serdecznie zapraszamy wszystkich zainteresowanych, a w szczeg\u00f3lno\u015bci mieszka\u0144c\u00f3w Szczepina, na publiczn\u0105 prezentacj\u0119 zrewitalizowanego podw\u00f3rka i podsumowuj\u0105c\u0105 projekt wystaw\u0119 w Muzeum Wsp\u00f3\u0142czesnym Wroc\u0142aw.<\/p>\t\t\t\t\t\t\t\t<\/div>\n\t\t\t\t<\/div>\n\t\t\t\t\t<\/div>\n\t\t<\/div>\n\t\t\t\t\t<\/div>\n\t\t<\/section>\n\t\t\t\t<section class=\"elementor-section elementor-top-section elementor-element elementor-element-955b505 elementor-section-boxed elementor-section-height-default elementor-section-height-default\" data-id=\"955b505\" data-element_type=\"section\">\n\t\t\t\t\t\t<div class=\"elementor-container elementor-column-gap-default\">\n\t\t\t\t\t<div class=\"elementor-column elementor-col-100 elementor-top-column elementor-element elementor-element-8665c07\" data-id=\"8665c07\" data-element_type=\"column\">\n\t\t\t<div class=\"elementor-widget-wrap elementor-element-populated\">\n\t\t\t\t\t\t<div class=\"elementor-element elementor-element-738da4f elementor-widget elementor-widget-gallery\" data-id=\"738da4f\" data-element_type=\"widget\" data-settings=\"{&quot;lazyload&quot;:&quot;yes&quot;,&quot;gallery_layout&quot;:&quot;grid&quot;,&quot;columns&quot;:4,&quot;columns_tablet&quot;:2,&quot;columns_mobile&quot;:1,&quot;gap&quot;:{&quot;unit&quot;:&quot;px&quot;,&quot;size&quot;:10,&quot;sizes&quot;:[]},&quot;gap_tablet&quot;:{&quot;unit&quot;:&quot;px&quot;,&quot;size&quot;:10,&quot;sizes&quot;:[]},&quot;gap_mobile&quot;:{&quot;unit&quot;:&quot;px&quot;,&quot;size&quot;:10,&quot;sizes&quot;:[]},&quot;link_to&quot;:&quot;file&quot;,&quot;aspect_ratio&quot;:&quot;3:2&quot;,&quot;overlay_background&quot;:&quot;yes&quot;,&quot;content_hover_animation&quot;:&quot;fade-in&quot;}\" data-widget_type=\"gallery.default\">\n\t\t\t\t<div class=\"elementor-widget-container\">\n\t\t\t\t\t\t\t<div class=\"elementor-gallery__container\">\n\t\t\t\t\t\t\t<a class=\"e-gallery-item elementor-gallery-item elementor-animated-content\" href=\"https:\/\/muzeumwspolczesne.pl\/wp-content\/uploads\/2024\/01\/image-1648.jpeg\" data-elementor-open-lightbox=\"yes\" data-elementor-lightbox-slideshow=\"738da4f\" data-elementor-lightbox-title=\"image\" data-e-action-hash=\"#elementor-action%3Aaction%3Dlightbox%26settings%3DeyJpZCI6MjczNjMsInVybCI6Imh0dHBzOlwvXC9tdXpldW13c3BvbGN6ZXNuZS5wbFwvd3AtY29udGVudFwvdXBsb2Fkc1wvMjAyNFwvMDFcL2ltYWdlLTE2NDguanBlZyIsInNsaWRlc2hvdyI6IjczOGRhNGYifQ%3D%3D\">\n\t\t\t\t\t<div class=\"e-gallery-image elementor-gallery-item__image\" data-thumbnail=\"https:\/\/muzeumwspolczesne.pl\/wp-content\/uploads\/2024\/01\/image-1648-300x243.jpeg\" data-width=\"300\" data-height=\"243\" aria-label=\"\" role=\"img\" ><\/div>\n\t\t\t\t\t\t\t\t\t\t\t<div class=\"elementor-gallery-item__overlay\"><\/div>\n\t\t\t\t\t\t\t\t\t\t\t\t\t\t<\/a>\n\t\t\t\t\t\t\t<a class=\"e-gallery-item elementor-gallery-item elementor-animated-content\" href=\"https:\/\/muzeumwspolczesne.pl\/wp-content\/uploads\/2024\/01\/image-1649.jpeg\" data-elementor-open-lightbox=\"yes\" data-elementor-lightbox-slideshow=\"738da4f\" data-elementor-lightbox-title=\"image\" data-e-action-hash=\"#elementor-action%3Aaction%3Dlightbox%26settings%3DeyJpZCI6MjczNjQsInVybCI6Imh0dHBzOlwvXC9tdXpldW13c3BvbGN6ZXNuZS5wbFwvd3AtY29udGVudFwvdXBsb2Fkc1wvMjAyNFwvMDFcL2ltYWdlLTE2NDkuanBlZyIsInNsaWRlc2hvdyI6IjczOGRhNGYifQ%3D%3D\">\n\t\t\t\t\t<div class=\"e-gallery-image elementor-gallery-item__image\" data-thumbnail=\"https:\/\/muzeumwspolczesne.pl\/wp-content\/uploads\/2024\/01\/image-1649-244x300.jpeg\" data-width=\"244\" data-height=\"300\" aria-label=\"\" role=\"img\" ><\/div>\n\t\t\t\t\t\t\t\t\t\t\t<div class=\"elementor-gallery-item__overlay\"><\/div>\n\t\t\t\t\t\t\t\t\t\t\t\t\t\t<\/a>\n\t\t\t\t\t<\/div>\n\t\t\t\t\t<\/div>\n\t\t\t\t<\/div>\n\t\t\t\t\t<\/div>\n\t\t<\/div>\n\t\t\t\t\t<\/div>\n\t\t<\/section>\n\t\t\t\t<\/div>\n\t\t","protected":false},"excerpt":{"rendered":"<p>\u201cZr\u00f3b sobie podw\u00f3rko\u201d to skierowany do m\u0142odzie\u017cy projekt rewitalizacji jednego z wroc\u0142awskich podw\u00f3rek \u2013 nieco oddalonego od centrum, by\u0107 mo\u017ce zaniedbanego i z pewno\u015bci\u0105 nieucz\u0119szczanego przez turyst\u00f3w. Jego koncepcj\u0119 opracowa\u0142y Magdalena Kreis i Natalia Romaszkan (do dzie\u0142a! duet PRZEtw\u00f3rczy), a o umo\u017cliwienie realizacji zadba\u0142o Biuro Festiwalowe Impart 2016 wraz z Narodowym Centrum Kultury.\u00a0\u00a0W czasie trwania [&hellip;]<\/p>\n","protected":false},"author":6,"featured_media":27361,"parent":0,"template":"","meta":{"footnotes":""},"kategorie-edukacja":[22,24],"class_list":["post-27360","edukacja","type-edukacja","status-publish","has-post-thumbnail","hentry","kategorie-edukacja-dzieci","kategorie-edukacja-mlodziez"],"_links":{"self":[{"href":"https:\/\/muzeumwspolczesne.pl\/en\/wp-json\/wp\/v2\/edukacja\/27360","targetHints":{"allow":["GET"]}}],"collection":[{"href":"https:\/\/muzeumwspolczesne.pl\/en\/wp-json\/wp\/v2\/edukacja"}],"about":[{"href":"https:\/\/muzeumwspolczesne.pl\/en\/wp-json\/wp\/v2\/types\/edukacja"}],"author":[{"embeddable":true,"href":"https:\/\/muzeumwspolczesne.pl\/en\/wp-json\/wp\/v2\/users\/6"}],"version-history":[{"count":4,"href":"https:\/\/muzeumwspolczesne.pl\/en\/wp-json\/wp\/v2\/edukacja\/27360\/revisions"}],"predecessor-version":[{"id":27367,"href":"https:\/\/muzeumwspolczesne.pl\/en\/wp-json\/wp\/v2\/edukacja\/27360\/revisions\/27367"}],"wp:featuredmedia":[{"embeddable":true,"href":"https:\/\/muzeumwspolczesne.pl\/en\/wp-json\/wp\/v2\/media\/27361"}],"wp:attachment":[{"href":"https:\/\/muzeumwspolczesne.pl\/en\/wp-json\/wp\/v2\/media?parent=27360"}],"wp:term":[{"taxonomy":"kategorie-edukacja","embeddable":true,"href":"https:\/\/muzeumwspolczesne.pl\/en\/wp-json\/wp\/v2\/kategorie-edukacja?post=27360"}],"curies":[{"name":"wp","href":"https:\/\/api.w.org\/{rel}","templated":true}]}}

ZRÓB SOBIE PODWÓRKO + PAMIĘTNIK SZCZEPIŃSKI

<div data-elementor-type="wp-post" data-elementor-id="27360" class="elementor elementor-27360" data-elementor-post-type="edukacja">
						<section class="elementor-section elementor-top-section elementor-element elementor-element-ca77fdd elementor-section-boxed elementor-section-height-default elementor-section-height-default" data-id="ca77fdd" data-element_type="section">
						<div class="elementor-container elementor-column-gap-default">
					<div class="elementor-column elementor-col-100 elementor-top-column elementor-element elementor-element-a37b44a" data-id="a37b44a" data-element_type="column">
			<div class="elementor-widget-wrap elementor-element-populated">
						<div class="elementor-element elementor-element-722dd4d elementor-widget elementor-widget-text-editor" data-id="722dd4d" data-element_type="widget" data-widget_type="text-editor.default">
				<div class="elementor-widget-container">
									<p>“Zrób sobie podwórko” to skierowany do młodzieży projekt rewitalizacji jednego z wrocławskich podwórek – nieco oddalonego od centrum, być może zaniedbanego i z pewnością nieuczęszczanego przez turystów. Jego koncepcję opracowały Magdalena Kreis i Natalia Romaszkan (do dzieła! duet PRZEtwórczy), a o umożliwienie realizacji zadbało Biuro Festiwalowe Impart 2016 wraz z Narodowym Centrum Kultury.<br />  <br />W czasie trwania projektu zrealizowany zostanie również “Pamiętnik Szczepiński”, czyli stworzony przez Patrycję Mastej (Muzeum Współczesne Wrocław) warsztat twórczego poszukiwania<br />i opowiadania osobistych historii, który adresowany jest do mieszkańców osiedla Szczepin.<br />  <br />Do udziału w warsztatach zaprosiliśmy mieszkających na Szczepinie gimnazjalistów. To oni wybiorą miejsce ich zdaniem ciekawe, wymagające interwencji. Wspomagani przez prowadzących zajęcia wrocławskich artystów – Beatę Rojek, Anne<br />Rymarz i Kamila Radka – zdecydują również o formie działania rewitalizacyjnego, które może przyjąć najrozmaitszą postać – zimowego ogrodu, muralu, miejsca do wypoczynku czy tablicy ogłoszeń.<br />  <br />Decyzję o tym, co i gdzie będzie się działo pozostawiamy młodym ludziom, ufając, że ich zdanie jest niezwykle ważne w procesie myślenia o najbliższym im otoczeniu. Młodzież przejdzie przez cały proces rewitalizacji – od fazy definiowania potrzeb społecznych, przez projektowanie, na wykonaniu wymyślonych obiektów skończywszy.<br />  <br />Serdecznie zapraszamy wszystkich zainteresowanych, a w szczególności mieszkańców Szczepina, na publiczną prezentację zrewitalizowanego podwórka i podsumowującą projekt wystawę w Muzeum Współczesnym Wrocław.</p>								</div>
				</div>
					</div>
		</div>
					</div>
		</section>
				<section class="elementor-section elementor-top-section elementor-element elementor-element-955b505 elementor-section-boxed elementor-section-height-default elementor-section-height-default" data-id="955b505" data-element_type="section">
						<div class="elementor-container elementor-column-gap-default">
					<div class="elementor-column elementor-col-100 elementor-top-column elementor-element elementor-element-8665c07" data-id="8665c07" data-element_type="column">
			<div class="elementor-widget-wrap elementor-element-populated">
						<div class="elementor-element elementor-element-738da4f elementor-widget elementor-widget-gallery" data-id="738da4f" data-element_type="widget" data-settings="{&quot;lazyload&quot;:&quot;yes&quot;,&quot;gallery_layout&quot;:&quot;grid&quot;,&quot;columns&quot;:4,&quot;columns_tablet&quot;:2,&quot;columns_mobile&quot;:1,&quot;gap&quot;:{&quot;unit&quot;:&quot;px&quot;,&quot;size&quot;:10,&quot;sizes&quot;:[]},&quot;gap_tablet&quot;:{&quot;unit&quot;:&quot;px&quot;,&quot;size&quot;:10,&quot;sizes&quot;:[]},&quot;gap_mobile&quot;:{&quot;unit&quot;:&quot;px&quot;,&quot;size&quot;:10,&quot;sizes&quot;:[]},&quot;link_to&quot;:&quot;file&quot;,&quot;aspect_ratio&quot;:&quot;3:2&quot;,&quot;overlay_background&quot;:&quot;yes&quot;,&quot;content_hover_animation&quot;:&quot;fade-in&quot;}" data-widget_type="gallery.default">
				<div class="elementor-widget-container">
							<div class="elementor-gallery__container">
							<a class="e-gallery-item elementor-gallery-item elementor-animated-content" href="https://muzeumwspolczesne.pl/wp-content/uploads/2024/01/image-1648.jpeg" data-elementor-open-lightbox="yes" data-elementor-lightbox-slideshow="738da4f" data-elementor-lightbox-title="image" data-e-action-hash="#elementor-action%3Aaction%3Dlightbox%26settings%3DeyJpZCI6MjczNjMsInVybCI6Imh0dHBzOlwvXC9tdXpldW13c3BvbGN6ZXNuZS5wbFwvd3AtY29udGVudFwvdXBsb2Fkc1wvMjAyNFwvMDFcL2ltYWdlLTE2NDguanBlZyIsInNsaWRlc2hvdyI6IjczOGRhNGYifQ%3D%3D">
					<div class="e-gallery-image elementor-gallery-item__image" data-thumbnail="https://muzeumwspolczesne.pl/wp-content/uploads/2024/01/image-1648-300x243.jpeg" data-width="300" data-height="243" aria-label="" role="img" ></div>
											<div class="elementor-gallery-item__overlay"></div>
														</a>
							<a class="e-gallery-item elementor-gallery-item elementor-animated-content" href="https://muzeumwspolczesne.pl/wp-content/uploads/2024/01/image-1649.jpeg" data-elementor-open-lightbox="yes" data-elementor-lightbox-slideshow="738da4f" data-elementor-lightbox-title="image" data-e-action-hash="#elementor-action%3Aaction%3Dlightbox%26settings%3DeyJpZCI6MjczNjQsInVybCI6Imh0dHBzOlwvXC9tdXpldW13c3BvbGN6ZXNuZS5wbFwvd3AtY29udGVudFwvdXBsb2Fkc1wvMjAyNFwvMDFcL2ltYWdlLTE2NDkuanBlZyIsInNsaWRlc2hvdyI6IjczOGRhNGYifQ%3D%3D">
					<div class="e-gallery-image elementor-gallery-item__image" data-thumbnail="https://muzeumwspolczesne.pl/wp-content/uploads/2024/01/image-1649-244x300.jpeg" data-width="244" data-height="300" aria-label="" role="img" ></div>
											<div class="elementor-gallery-item__overlay"></div>
														</a>
					</div>
					</div>
				</div>
					</div>
		</div>
					</div>
		</section>
				</div>

<p>“Zrób sobie podwórko” to skierowany do młodzieży projekt rewitalizacji jednego z wrocławskich podwórek – nieco oddalonego od centrum, być może zaniedbanego i z pewnością nieuczęszczanego przez turystów. Jego koncepcję opracowały Magdalena Kreis i Natalia Romaszkan (do dzieła! duet PRZEtwórczy), a o umożliwienie realizacji zadbało Biuro Festiwalowe Impart 2016 wraz z Narodowym Centrum Kultury.  W czasie trwania [&hellip;]</p>
