{"id":27439,"date":"2013-07-03T13:02:00","date_gmt":"2013-07-03T13:02:00","guid":{"rendered":"https:\/\/muzeumwspolczesne.pl\/?post_type=edukacja&#038;p=27439"},"modified":"2024-01-31T12:03:17","modified_gmt":"2024-01-31T12:03:17","slug":"poczatek-lata-z-rozrusznikiem-wystaw","status":"publish","type":"edukacja","link":"https:\/\/muzeumwspolczesne.pl\/en\/zapowiedzi\/poczatek-lata-z-rozrusznikiem-wystaw\/","title":{"rendered":"POCZ\u0104TEK LATA Z ROZRUSZNIKIEM WYSTAW"},"content":{"rendered":"\t\t<div data-elementor-type=\"wp-post\" data-elementor-id=\"27439\" class=\"elementor elementor-27439\" data-elementor-post-type=\"edukacja\">\n\t\t\t\t\t\t<section class=\"elementor-section elementor-top-section elementor-element elementor-element-200366d elementor-section-boxed elementor-section-height-default elementor-section-height-default\" data-id=\"200366d\" data-element_type=\"section\">\n\t\t\t\t\t\t<div class=\"elementor-container elementor-column-gap-default\">\n\t\t\t\t\t<div class=\"elementor-column elementor-col-100 elementor-top-column elementor-element elementor-element-ab0972e\" data-id=\"ab0972e\" data-element_type=\"column\">\n\t\t\t<div class=\"elementor-widget-wrap elementor-element-populated\">\n\t\t\t\t\t\t<div class=\"elementor-element elementor-element-6daef58 elementor-widget elementor-widget-text-editor\" data-id=\"6daef58\" data-element_type=\"widget\" data-widget_type=\"text-editor.default\">\n\t\t\t\t<div class=\"elementor-widget-container\">\n\t\t\t\t\t\t\t\t\t<p><strong>Artystyczny piknik przy MWW. <\/strong><\/p><p>Zapraszamy do \u015bwi\u0119towania pocz\u0105tku wakacji w MWW wraz z Rozrusznikiem Wystaw, w ramach kt\u00f3rego animujemy wystawy r\u00f3wnie\u017c w tygodniu. Rozpocz\u0119cie lata w muzeum uhonorujemy artystycznym piknikiem, kt\u00f3ry wype\u0142ni\u0105 rozmaite dzia\u0142ania edukacyjne.<\/p><p>Co si\u0119 kryje w cieniu schronu? Na to pytanie odpowiemy podczas dzia\u0142a\u0144 warsztatowych \u201eW cieniu schronu\u201d. Umiejscowiony na chodniku przed muzeum cie\u0144 zostanie okie\u0142znany w kolorow\u0105 form\u0119, kt\u00f3r\u0105 intuicyjnie wype\u0142nimy wyobra\u017conymi przedstawieniami. Dla uczestnik\u00f3w pikniku zaplanowali\u015bmy r\u00f3wnie\u017c zabaw\u0119 mikserem \u015bwiat\u00f3w, tworzenie przestrzennych instalacji z gotowych przedmiot\u00f3w oraz wizyt\u0119 w Samoobs\u0142ugowym Muzeum, kt\u00f3rego aktualna edycja to \u201eSzczepin w lukrze LUXUSu\u201d, autorstwa Patrycji Mastej. Podczas zwiedzania wystawy grupy LUXUS porozmawiamy o tym, czym jest luksus i dlaczego schron zamieni\u0142 si\u0119 w magazyn.<\/p><p>W programie dzia\u0142a\u0144:<\/p><p>\u2013 malowanie cienia schronu<\/p><p>\u2013 przestrzenny luksus \u2013 budowanie instalacji z \u201eprzedmiot\u00f3w luksusowych\u201d<\/p><p>\u2013 mikser \u015awiat\u00f3w<\/p><p>\u2013 zabawa interaktywn\u0105 instalacj\u0105 \u201eSzczepin w lukrze LUXUSu\u201d z cyklu Samoobs\u0142ugowe Muzeum<\/p><p>\u2013 zwiedzanie wystawy grupy LUXUS<\/p><p>Patroni medialni:<\/p>\t\t\t\t\t\t\t\t<\/div>\n\t\t\t\t<\/div>\n\t\t\t\t\t<\/div>\n\t\t<\/div>\n\t\t\t\t\t<\/div>\n\t\t<\/section>\n\t\t\t\t<section class=\"elementor-section elementor-top-section elementor-element elementor-element-82855b2 elementor-section-boxed elementor-section-height-default elementor-section-height-default\" data-id=\"82855b2\" data-element_type=\"section\">\n\t\t\t\t\t\t<div class=\"elementor-container elementor-column-gap-default\">\n\t\t\t\t\t<div class=\"elementor-column elementor-col-100 elementor-top-column elementor-element elementor-element-75d284b\" data-id=\"75d284b\" data-element_type=\"column\">\n\t\t\t<div class=\"elementor-widget-wrap elementor-element-populated\">\n\t\t\t\t\t\t<div class=\"elementor-element elementor-element-4cfb157 elementor-widget elementor-widget-gallery\" data-id=\"4cfb157\" data-element_type=\"widget\" data-settings=\"{&quot;lazyload&quot;:&quot;yes&quot;,&quot;gallery_layout&quot;:&quot;grid&quot;,&quot;columns&quot;:4,&quot;columns_tablet&quot;:2,&quot;columns_mobile&quot;:1,&quot;gap&quot;:{&quot;unit&quot;:&quot;px&quot;,&quot;size&quot;:10,&quot;sizes&quot;:[]},&quot;gap_tablet&quot;:{&quot;unit&quot;:&quot;px&quot;,&quot;size&quot;:10,&quot;sizes&quot;:[]},&quot;gap_mobile&quot;:{&quot;unit&quot;:&quot;px&quot;,&quot;size&quot;:10,&quot;sizes&quot;:[]},&quot;link_to&quot;:&quot;file&quot;,&quot;aspect_ratio&quot;:&quot;3:2&quot;,&quot;overlay_background&quot;:&quot;yes&quot;,&quot;content_hover_animation&quot;:&quot;fade-in&quot;}\" data-widget_type=\"gallery.default\">\n\t\t\t\t<div class=\"elementor-widget-container\">\n\t\t\t\t\t\t\t<div class=\"elementor-gallery__container\">\n\t\t\t\t\t\t\t<a class=\"e-gallery-item elementor-gallery-item elementor-animated-content\" href=\"https:\/\/muzeumwspolczesne.pl\/wp-content\/uploads\/2024\/01\/image-1691.jpeg\" data-elementor-open-lightbox=\"yes\" data-elementor-lightbox-slideshow=\"4cfb157\" data-elementor-lightbox-title=\"image\" data-e-action-hash=\"#elementor-action%3Aaction%3Dlightbox%26settings%3DeyJpZCI6Mjc0NDIsInVybCI6Imh0dHBzOlwvXC9tdXpldW13c3BvbGN6ZXNuZS5wbFwvd3AtY29udGVudFwvdXBsb2Fkc1wvMjAyNFwvMDFcL2ltYWdlLTE2OTEuanBlZyIsInNsaWRlc2hvdyI6IjRjZmIxNTcifQ%3D%3D\">\n\t\t\t\t\t<div class=\"e-gallery-image elementor-gallery-item__image\" data-thumbnail=\"https:\/\/muzeumwspolczesne.pl\/wp-content\/uploads\/2024\/01\/image-1691-300x300.jpeg\" data-width=\"300\" data-height=\"300\" aria-label=\"\" role=\"img\" ><\/div>\n\t\t\t\t\t\t\t\t\t\t\t<div class=\"elementor-gallery-item__overlay\"><\/div>\n\t\t\t\t\t\t\t\t\t\t\t\t\t\t<\/a>\n\t\t\t\t\t\t\t<a class=\"e-gallery-item elementor-gallery-item elementor-animated-content\" href=\"https:\/\/muzeumwspolczesne.pl\/wp-content\/uploads\/2024\/01\/image-1692.jpeg\" data-elementor-open-lightbox=\"yes\" data-elementor-lightbox-slideshow=\"4cfb157\" data-elementor-lightbox-title=\"image\" data-e-action-hash=\"#elementor-action%3Aaction%3Dlightbox%26settings%3DeyJpZCI6Mjc0NDMsInVybCI6Imh0dHBzOlwvXC9tdXpldW13c3BvbGN6ZXNuZS5wbFwvd3AtY29udGVudFwvdXBsb2Fkc1wvMjAyNFwvMDFcL2ltYWdlLTE2OTIuanBlZyIsInNsaWRlc2hvdyI6IjRjZmIxNTcifQ%3D%3D\">\n\t\t\t\t\t<div class=\"e-gallery-image elementor-gallery-item__image\" data-thumbnail=\"https:\/\/muzeumwspolczesne.pl\/wp-content\/uploads\/2024\/01\/image-1692-300x300.jpeg\" data-width=\"300\" data-height=\"300\" aria-label=\"\" role=\"img\" ><\/div>\n\t\t\t\t\t\t\t\t\t\t\t<div class=\"elementor-gallery-item__overlay\"><\/div>\n\t\t\t\t\t\t\t\t\t\t\t\t\t\t<\/a>\n\t\t\t\t\t\t\t<a class=\"e-gallery-item elementor-gallery-item elementor-animated-content\" href=\"https:\/\/muzeumwspolczesne.pl\/wp-content\/uploads\/2024\/01\/image-1693.jpeg\" data-elementor-open-lightbox=\"yes\" data-elementor-lightbox-slideshow=\"4cfb157\" data-elementor-lightbox-title=\"image\" data-e-action-hash=\"#elementor-action%3Aaction%3Dlightbox%26settings%3DeyJpZCI6Mjc0NDQsInVybCI6Imh0dHBzOlwvXC9tdXpldW13c3BvbGN6ZXNuZS5wbFwvd3AtY29udGVudFwvdXBsb2Fkc1wvMjAyNFwvMDFcL2ltYWdlLTE2OTMuanBlZyIsInNsaWRlc2hvdyI6IjRjZmIxNTcifQ%3D%3D\">\n\t\t\t\t\t<div class=\"e-gallery-image elementor-gallery-item__image\" data-thumbnail=\"https:\/\/muzeumwspolczesne.pl\/wp-content\/uploads\/2024\/01\/image-1693-300x300.jpeg\" data-width=\"300\" data-height=\"300\" aria-label=\"\" role=\"img\" ><\/div>\n\t\t\t\t\t\t\t\t\t\t\t<div class=\"elementor-gallery-item__overlay\"><\/div>\n\t\t\t\t\t\t\t\t\t\t\t\t\t\t<\/a>\n\t\t\t\t\t<\/div>\n\t\t\t\t\t<\/div>\n\t\t\t\t<\/div>\n\t\t\t\t\t<\/div>\n\t\t<\/div>\n\t\t\t\t\t<\/div>\n\t\t<\/section>\n\t\t\t\t<section class=\"elementor-section elementor-top-section elementor-element elementor-element-584ddd1 elementor-section-boxed elementor-section-height-default elementor-section-height-default\" data-id=\"584ddd1\" data-element_type=\"section\">\n\t\t\t\t\t\t<div class=\"elementor-container elementor-column-gap-default\">\n\t\t\t\t\t<div class=\"elementor-column elementor-col-100 elementor-top-column elementor-element elementor-element-5df5bd6\" data-id=\"5df5bd6\" data-element_type=\"column\">\n\t\t\t<div class=\"elementor-widget-wrap elementor-element-populated\">\n\t\t\t\t\t\t<div class=\"elementor-element elementor-element-db3b027 elementor-widget elementor-widget-text-editor\" data-id=\"db3b027\" data-element_type=\"widget\" data-widget_type=\"text-editor.default\">\n\t\t\t\t<div class=\"elementor-widget-container\">\n\t\t\t\t\t\t\t\t\t<p><span style=\"letter-spacing: normal; font-family: BauPLRegular, sans-serif; font-size: 11px; background-color: rgb(251, 251, 251);\">Zapraszamy zar\u00f3wno przedszkola, jak i indywidualnych zwiedzaj\u0105cych.<\/span><br style=\"letter-spacing: normal; font-family: BauPLRegular, sans-serif; font-size: 11px;\"><br style=\"letter-spacing: normal; font-family: BauPLRegular, sans-serif; font-size: 11px;\"><span style=\"letter-spacing: normal; font-family: BauPLRegular, sans-serif; font-size: 11px; background-color: rgb(251, 251, 251);\">Wi\u0119cej informacji: edukacja@muzeumwspolczesne.pl<\/span><br style=\"letter-spacing: normal; font-family: BauPLRegular, sans-serif; font-size: 11px;\"><span style=\"letter-spacing: normal; font-family: BauPLRegular, sans-serif; font-size: 11px; background-color: rgb(251, 251, 251);\">71 356 42 53 \/ 516556745<\/span><br><\/p>\t\t\t\t\t\t\t\t<\/div>\n\t\t\t\t<\/div>\n\t\t\t\t\t<\/div>\n\t\t<\/div>\n\t\t\t\t\t<\/div>\n\t\t<\/section>\n\t\t\t\t<\/div>\n\t\t","protected":false},"excerpt":{"rendered":"<p>Artystyczny piknik przy MWW. Zapraszamy do \u015bwi\u0119towania pocz\u0105tku wakacji w MWW wraz z Rozrusznikiem Wystaw, w ramach kt\u00f3rego animujemy wystawy r\u00f3wnie\u017c w tygodniu. Rozpocz\u0119cie lata w muzeum uhonorujemy artystycznym piknikiem, kt\u00f3ry wype\u0142ni\u0105 rozmaite dzia\u0142ania edukacyjne. Co si\u0119 kryje w cieniu schronu? Na to pytanie odpowiemy podczas dzia\u0142a\u0144 warsztatowych \u201eW cieniu schronu\u201d. Umiejscowiony na chodniku przed [&hellip;]<\/p>\n","protected":false},"author":6,"featured_media":27440,"parent":0,"template":"","meta":{"footnotes":""},"kategorie-edukacja":[22],"class_list":["post-27439","edukacja","type-edukacja","status-publish","has-post-thumbnail","hentry","kategorie-edukacja-dzieci"],"_links":{"self":[{"href":"https:\/\/muzeumwspolczesne.pl\/en\/wp-json\/wp\/v2\/edukacja\/27439","targetHints":{"allow":["GET"]}}],"collection":[{"href":"https:\/\/muzeumwspolczesne.pl\/en\/wp-json\/wp\/v2\/edukacja"}],"about":[{"href":"https:\/\/muzeumwspolczesne.pl\/en\/wp-json\/wp\/v2\/types\/edukacja"}],"author":[{"embeddable":true,"href":"https:\/\/muzeumwspolczesne.pl\/en\/wp-json\/wp\/v2\/users\/6"}],"version-history":[{"count":4,"href":"https:\/\/muzeumwspolczesne.pl\/en\/wp-json\/wp\/v2\/edukacja\/27439\/revisions"}],"predecessor-version":[{"id":27447,"href":"https:\/\/muzeumwspolczesne.pl\/en\/wp-json\/wp\/v2\/edukacja\/27439\/revisions\/27447"}],"wp:featuredmedia":[{"embeddable":true,"href":"https:\/\/muzeumwspolczesne.pl\/en\/wp-json\/wp\/v2\/media\/27440"}],"wp:attachment":[{"href":"https:\/\/muzeumwspolczesne.pl\/en\/wp-json\/wp\/v2\/media?parent=27439"}],"wp:term":[{"taxonomy":"kategorie-edukacja","embeddable":true,"href":"https:\/\/muzeumwspolczesne.pl\/en\/wp-json\/wp\/v2\/kategorie-edukacja?post=27439"}],"curies":[{"name":"wp","href":"https:\/\/api.w.org\/{rel}","templated":true}]}}

POCZĄTEK LATA Z ROZRUSZNIKIEM WYSTAW

<div data-elementor-type="wp-post" data-elementor-id="27439" class="elementor elementor-27439" data-elementor-post-type="edukacja">
						<section class="elementor-section elementor-top-section elementor-element elementor-element-200366d elementor-section-boxed elementor-section-height-default elementor-section-height-default" data-id="200366d" data-element_type="section">
						<div class="elementor-container elementor-column-gap-default">
					<div class="elementor-column elementor-col-100 elementor-top-column elementor-element elementor-element-ab0972e" data-id="ab0972e" data-element_type="column">
			<div class="elementor-widget-wrap elementor-element-populated">
						<div class="elementor-element elementor-element-6daef58 elementor-widget elementor-widget-text-editor" data-id="6daef58" data-element_type="widget" data-widget_type="text-editor.default">
				<div class="elementor-widget-container">
									<p><strong>Artystyczny piknik przy MWW. </strong></p><p>Zapraszamy do świętowania początku wakacji w MWW wraz z Rozrusznikiem Wystaw, w ramach którego animujemy wystawy również w tygodniu. Rozpoczęcie lata w muzeum uhonorujemy artystycznym piknikiem, który wypełnią rozmaite działania edukacyjne.</p><p>Co się kryje w cieniu schronu? Na to pytanie odpowiemy podczas działań warsztatowych „W cieniu schronu”. Umiejscowiony na chodniku przed muzeum cień zostanie okiełznany w kolorową formę, którą intuicyjnie wypełnimy wyobrażonymi przedstawieniami. Dla uczestników pikniku zaplanowaliśmy również zabawę mikserem światów, tworzenie przestrzennych instalacji z gotowych przedmiotów oraz wizytę w Samoobsługowym Muzeum, którego aktualna edycja to „Szczepin w lukrze LUXUSu”, autorstwa Patrycji Mastej. Podczas zwiedzania wystawy grupy LUXUS porozmawiamy o tym, czym jest luksus i dlaczego schron zamienił się w magazyn.</p><p>W programie działań:</p><p>– malowanie cienia schronu</p><p>– przestrzenny luksus – budowanie instalacji z „przedmiotów luksusowych”</p><p>– mikser Światów</p><p>– zabawa interaktywną instalacją „Szczepin w lukrze LUXUSu” z cyklu Samoobsługowe Muzeum</p><p>– zwiedzanie wystawy grupy LUXUS</p><p>Patroni medialni:</p>								</div>
				</div>
					</div>
		</div>
					</div>
		</section>
				<section class="elementor-section elementor-top-section elementor-element elementor-element-82855b2 elementor-section-boxed elementor-section-height-default elementor-section-height-default" data-id="82855b2" data-element_type="section">
						<div class="elementor-container elementor-column-gap-default">
					<div class="elementor-column elementor-col-100 elementor-top-column elementor-element elementor-element-75d284b" data-id="75d284b" data-element_type="column">
			<div class="elementor-widget-wrap elementor-element-populated">
						<div class="elementor-element elementor-element-4cfb157 elementor-widget elementor-widget-gallery" data-id="4cfb157" data-element_type="widget" data-settings="{&quot;lazyload&quot;:&quot;yes&quot;,&quot;gallery_layout&quot;:&quot;grid&quot;,&quot;columns&quot;:4,&quot;columns_tablet&quot;:2,&quot;columns_mobile&quot;:1,&quot;gap&quot;:{&quot;unit&quot;:&quot;px&quot;,&quot;size&quot;:10,&quot;sizes&quot;:[]},&quot;gap_tablet&quot;:{&quot;unit&quot;:&quot;px&quot;,&quot;size&quot;:10,&quot;sizes&quot;:[]},&quot;gap_mobile&quot;:{&quot;unit&quot;:&quot;px&quot;,&quot;size&quot;:10,&quot;sizes&quot;:[]},&quot;link_to&quot;:&quot;file&quot;,&quot;aspect_ratio&quot;:&quot;3:2&quot;,&quot;overlay_background&quot;:&quot;yes&quot;,&quot;content_hover_animation&quot;:&quot;fade-in&quot;}" data-widget_type="gallery.default">
				<div class="elementor-widget-container">
							<div class="elementor-gallery__container">
							<a class="e-gallery-item elementor-gallery-item elementor-animated-content" href="https://muzeumwspolczesne.pl/wp-content/uploads/2024/01/image-1691.jpeg" data-elementor-open-lightbox="yes" data-elementor-lightbox-slideshow="4cfb157" data-elementor-lightbox-title="image" data-e-action-hash="#elementor-action%3Aaction%3Dlightbox%26settings%3DeyJpZCI6Mjc0NDIsInVybCI6Imh0dHBzOlwvXC9tdXpldW13c3BvbGN6ZXNuZS5wbFwvd3AtY29udGVudFwvdXBsb2Fkc1wvMjAyNFwvMDFcL2ltYWdlLTE2OTEuanBlZyIsInNsaWRlc2hvdyI6IjRjZmIxNTcifQ%3D%3D">
					<div class="e-gallery-image elementor-gallery-item__image" data-thumbnail="https://muzeumwspolczesne.pl/wp-content/uploads/2024/01/image-1691-300x300.jpeg" data-width="300" data-height="300" aria-label="" role="img" ></div>
											<div class="elementor-gallery-item__overlay"></div>
														</a>
							<a class="e-gallery-item elementor-gallery-item elementor-animated-content" href="https://muzeumwspolczesne.pl/wp-content/uploads/2024/01/image-1692.jpeg" data-elementor-open-lightbox="yes" data-elementor-lightbox-slideshow="4cfb157" data-elementor-lightbox-title="image" data-e-action-hash="#elementor-action%3Aaction%3Dlightbox%26settings%3DeyJpZCI6Mjc0NDMsInVybCI6Imh0dHBzOlwvXC9tdXpldW13c3BvbGN6ZXNuZS5wbFwvd3AtY29udGVudFwvdXBsb2Fkc1wvMjAyNFwvMDFcL2ltYWdlLTE2OTIuanBlZyIsInNsaWRlc2hvdyI6IjRjZmIxNTcifQ%3D%3D">
					<div class="e-gallery-image elementor-gallery-item__image" data-thumbnail="https://muzeumwspolczesne.pl/wp-content/uploads/2024/01/image-1692-300x300.jpeg" data-width="300" data-height="300" aria-label="" role="img" ></div>
											<div class="elementor-gallery-item__overlay"></div>
														</a>
							<a class="e-gallery-item elementor-gallery-item elementor-animated-content" href="https://muzeumwspolczesne.pl/wp-content/uploads/2024/01/image-1693.jpeg" data-elementor-open-lightbox="yes" data-elementor-lightbox-slideshow="4cfb157" data-elementor-lightbox-title="image" data-e-action-hash="#elementor-action%3Aaction%3Dlightbox%26settings%3DeyJpZCI6Mjc0NDQsInVybCI6Imh0dHBzOlwvXC9tdXpldW13c3BvbGN6ZXNuZS5wbFwvd3AtY29udGVudFwvdXBsb2Fkc1wvMjAyNFwvMDFcL2ltYWdlLTE2OTMuanBlZyIsInNsaWRlc2hvdyI6IjRjZmIxNTcifQ%3D%3D">
					<div class="e-gallery-image elementor-gallery-item__image" data-thumbnail="https://muzeumwspolczesne.pl/wp-content/uploads/2024/01/image-1693-300x300.jpeg" data-width="300" data-height="300" aria-label="" role="img" ></div>
											<div class="elementor-gallery-item__overlay"></div>
														</a>
					</div>
					</div>
				</div>
					</div>
		</div>
					</div>
		</section>
				<section class="elementor-section elementor-top-section elementor-element elementor-element-584ddd1 elementor-section-boxed elementor-section-height-default elementor-section-height-default" data-id="584ddd1" data-element_type="section">
						<div class="elementor-container elementor-column-gap-default">
					<div class="elementor-column elementor-col-100 elementor-top-column elementor-element elementor-element-5df5bd6" data-id="5df5bd6" data-element_type="column">
			<div class="elementor-widget-wrap elementor-element-populated">
						<div class="elementor-element elementor-element-db3b027 elementor-widget elementor-widget-text-editor" data-id="db3b027" data-element_type="widget" data-widget_type="text-editor.default">
				<div class="elementor-widget-container">
									<p><span style="letter-spacing: normal; font-family: BauPLRegular, sans-serif; font-size: 11px; background-color: rgb(251, 251, 251);">Zapraszamy zarówno przedszkola, jak i indywidualnych zwiedzających.</span><br style="letter-spacing: normal; font-family: BauPLRegular, sans-serif; font-size: 11px;"><br style="letter-spacing: normal; font-family: BauPLRegular, sans-serif; font-size: 11px;"><span style="letter-spacing: normal; font-family: BauPLRegular, sans-serif; font-size: 11px; background-color: rgb(251, 251, 251);">Więcej informacji: edukacja@muzeumwspolczesne.pl</span><br style="letter-spacing: normal; font-family: BauPLRegular, sans-serif; font-size: 11px;"><span style="letter-spacing: normal; font-family: BauPLRegular, sans-serif; font-size: 11px; background-color: rgb(251, 251, 251);">71 356 42 53 / 516556745</span><br></p>								</div>
				</div>
					</div>
		</div>
					</div>
		</section>
				</div>

<p>Artystyczny piknik przy MWW. Zapraszamy do świętowania początku wakacji w MWW wraz z Rozrusznikiem Wystaw, w ramach którego animujemy wystawy również w tygodniu. Rozpoczęcie lata w muzeum uhonorujemy artystycznym piknikiem, który wypełnią rozmaite działania edukacyjne. Co się kryje w cieniu schronu? Na to pytanie odpowiemy podczas działań warsztatowych „W cieniu schronu”. Umiejscowiony na chodniku przed [&hellip;]</p>
