{"id":31368,"date":"2024-09-19T08:00:43","date_gmt":"2024-09-19T08:00:43","guid":{"rendered":"https:\/\/muzeumwspolczesne.pl\/?post_type=edukacja&#038;p=31368"},"modified":"2025-07-17T11:46:11","modified_gmt":"2025-07-17T11:46:11","slug":"dzielo-sztuki-i-ukryte-gesty-warsztaty-performatywne","status":"publish","type":"edukacja","link":"https:\/\/muzeumwspolczesne.pl\/en\/zapowiedzi\/dzielo-sztuki-i-ukryte-gesty-warsztaty-performatywne\/","title":{"rendered":"ODWO\u0141ANE DZIE\u0141O SZTUKI I UKRYTY GEST \/ WARSZTATY PERFORMATYWNE"},"content":{"rendered":"\t\t<div data-elementor-type=\"wp-post\" data-elementor-id=\"31368\" class=\"elementor elementor-31368\" data-elementor-post-type=\"edukacja\">\n\t\t\t\t\t\t<section class=\"elementor-section elementor-top-section elementor-element elementor-element-46d1ece elementor-section-boxed elementor-section-height-default elementor-section-height-default\" data-id=\"46d1ece\" data-element_type=\"section\">\n\t\t\t\t\t\t<div class=\"elementor-container elementor-column-gap-default\">\n\t\t\t\t\t<div class=\"elementor-column elementor-col-100 elementor-top-column elementor-element elementor-element-f83be84\" data-id=\"f83be84\" data-element_type=\"column\">\n\t\t\t<div class=\"elementor-widget-wrap elementor-element-populated\">\n\t\t\t\t\t\t<div class=\"elementor-element elementor-element-f4d821e elementor-widget elementor-widget-text-editor\" data-id=\"f4d821e\" data-element_type=\"widget\" data-widget_type=\"text-editor.default\">\n\t\t\t\t<div class=\"elementor-widget-container\">\n\t\t\t\t\t\t\t\t\t<p>Warsztaty performatywne dla os\u00f3b z niepe\u0142nosprawno\u015bci\u0105 intelektualn\u0105.<\/p>\t\t\t\t\t\t\t\t<\/div>\n\t\t\t\t<\/div>\n\t\t\t\t<section class=\"elementor-section elementor-inner-section elementor-element elementor-element-781e918 elementor-section-boxed elementor-section-height-default elementor-section-height-default\" data-id=\"781e918\" data-element_type=\"section\">\n\t\t\t\t\t\t<div class=\"elementor-container elementor-column-gap-default\">\n\t\t\t\t\t<div class=\"elementor-column elementor-col-100 elementor-inner-column elementor-element elementor-element-56e0bd3\" data-id=\"56e0bd3\" data-element_type=\"column\" data-settings=\"{&quot;background_background&quot;:&quot;classic&quot;}\">\n\t\t\t<div class=\"elementor-widget-wrap elementor-element-populated\">\n\t\t\t\t\t\t<div class=\"elementor-element elementor-element-ed38c7d elementor-widget elementor-widget-text-editor\" data-id=\"ed38c7d\" data-element_type=\"widget\" data-widget_type=\"text-editor.default\">\n\t\t\t\t<div class=\"elementor-widget-container\">\n\t\t\t\t\t\t\t\t\t<p><strong>PROWADZENIE:<\/strong><\/p><p>Agnieszka Charkot, Agata I\u017cykowska-Uszczyk<\/p>\t\t\t\t\t\t\t\t<\/div>\n\t\t\t\t<\/div>\n\t\t\t\t\t<\/div>\n\t\t<\/div>\n\t\t\t\t\t<\/div>\n\t\t<\/section>\n\t\t\t\t<div class=\"elementor-element elementor-element-7a03437 elementor-widget elementor-widget-spacer\" data-id=\"7a03437\" data-element_type=\"widget\" data-widget_type=\"spacer.default\">\n\t\t\t\t<div class=\"elementor-widget-container\">\n\t\t\t\t\t\t\t<div class=\"elementor-spacer\">\n\t\t\t<div class=\"elementor-spacer-inner\"><\/div>\n\t\t<\/div>\n\t\t\t\t\t\t<\/div>\n\t\t\t\t<\/div>\n\t\t\t\t\t<\/div>\n\t\t<\/div>\n\t\t\t\t\t<\/div>\n\t\t<\/section>\n\t\t\t\t<\/div>\n\t\t","protected":false},"excerpt":{"rendered":"<p>Warsztaty performatywne dla os\u00f3b z niepe\u0142nosprawno\u015bci\u0105 intelektualn\u0105. PROWADZENIE: Agnieszka Charkot, Agata I\u017cykowska-Uszczyk<\/p>\n","protected":false},"author":9,"featured_media":31175,"parent":0,"template":"","meta":{"footnotes":""},"kategorie-edukacja":[43,30],"class_list":["post-31368","edukacja","type-edukacja","status-publish","has-post-thumbnail","hentry","kategorie-edukacja-nadchodzace-wydarzenia","kategorie-edukacja-niepelnosprawni"],"_links":{"self":[{"href":"https:\/\/muzeumwspolczesne.pl\/en\/wp-json\/wp\/v2\/edukacja\/31368","targetHints":{"allow":["GET"]}}],"collection":[{"href":"https:\/\/muzeumwspolczesne.pl\/en\/wp-json\/wp\/v2\/edukacja"}],"about":[{"href":"https:\/\/muzeumwspolczesne.pl\/en\/wp-json\/wp\/v2\/types\/edukacja"}],"author":[{"embeddable":true,"href":"https:\/\/muzeumwspolczesne.pl\/en\/wp-json\/wp\/v2\/users\/9"}],"version-history":[{"count":8,"href":"https:\/\/muzeumwspolczesne.pl\/en\/wp-json\/wp\/v2\/edukacja\/31368\/revisions"}],"predecessor-version":[{"id":31382,"href":"https:\/\/muzeumwspolczesne.pl\/en\/wp-json\/wp\/v2\/edukacja\/31368\/revisions\/31382"}],"wp:featuredmedia":[{"embeddable":true,"href":"https:\/\/muzeumwspolczesne.pl\/en\/wp-json\/wp\/v2\/media\/31175"}],"wp:attachment":[{"href":"https:\/\/muzeumwspolczesne.pl\/en\/wp-json\/wp\/v2\/media?parent=31368"}],"wp:term":[{"taxonomy":"kategorie-edukacja","embeddable":true,"href":"https:\/\/muzeumwspolczesne.pl\/en\/wp-json\/wp\/v2\/kategorie-edukacja?post=31368"}],"curies":[{"name":"wp","href":"https:\/\/api.w.org\/{rel}","templated":true}]}}

ODWOŁANE DZIEŁO SZTUKI I UKRYTY GEST / WARSZTATY PERFORMATYWNE

<div data-elementor-type="wp-post" data-elementor-id="31368" class="elementor elementor-31368" data-elementor-post-type="edukacja">
						<section class="elementor-section elementor-top-section elementor-element elementor-element-46d1ece elementor-section-boxed elementor-section-height-default elementor-section-height-default" data-id="46d1ece" data-element_type="section">
						<div class="elementor-container elementor-column-gap-default">
					<div class="elementor-column elementor-col-100 elementor-top-column elementor-element elementor-element-f83be84" data-id="f83be84" data-element_type="column">
			<div class="elementor-widget-wrap elementor-element-populated">
						<div class="elementor-element elementor-element-f4d821e elementor-widget elementor-widget-text-editor" data-id="f4d821e" data-element_type="widget" data-widget_type="text-editor.default">
				<div class="elementor-widget-container">
									<p>Warsztaty performatywne dla osób z niepełnosprawnością intelektualną.</p>								</div>
				</div>
				<section class="elementor-section elementor-inner-section elementor-element elementor-element-781e918 elementor-section-boxed elementor-section-height-default elementor-section-height-default" data-id="781e918" data-element_type="section">
						<div class="elementor-container elementor-column-gap-default">
					<div class="elementor-column elementor-col-100 elementor-inner-column elementor-element elementor-element-56e0bd3" data-id="56e0bd3" data-element_type="column" data-settings="{&quot;background_background&quot;:&quot;classic&quot;}">
			<div class="elementor-widget-wrap elementor-element-populated">
						<div class="elementor-element elementor-element-ed38c7d elementor-widget elementor-widget-text-editor" data-id="ed38c7d" data-element_type="widget" data-widget_type="text-editor.default">
				<div class="elementor-widget-container">
									<p><strong>PROWADZENIE:</strong></p><p>Agnieszka Charkot, Agata Iżykowska-Uszczyk</p>								</div>
				</div>
					</div>
		</div>
					</div>
		</section>
				<div class="elementor-element elementor-element-7a03437 elementor-widget elementor-widget-spacer" data-id="7a03437" data-element_type="widget" data-widget_type="spacer.default">
				<div class="elementor-widget-container">
							<div class="elementor-spacer">
			<div class="elementor-spacer-inner"></div>
		</div>
						</div>
				</div>
					</div>
		</div>
					</div>
		</section>
				</div>

<p>Warsztaty performatywne dla osób z niepełnosprawnością intelektualną. PROWADZENIE: Agnieszka Charkot, Agata Iżykowska-Uszczyk</p>
