{"id":31485,"date":"2024-10-01T06:59:23","date_gmt":"2024-10-01T06:59:23","guid":{"rendered":"https:\/\/muzeumwspolczesne.pl\/?post_type=edukacja&#038;p=31485"},"modified":"2024-10-09T11:37:39","modified_gmt":"2024-10-09T11:37:39","slug":"warsztat-roslinno-papierniczy","status":"publish","type":"edukacja","link":"https:\/\/muzeumwspolczesne.pl\/en\/zapowiedzi\/warsztat-roslinno-papierniczy\/","title":{"rendered":"PLANTAE, PROTISTA, ANIMALIA \/ WARSZTATY"},"content":{"rendered":"\t\t<div data-elementor-type=\"wp-post\" data-elementor-id=\"31485\" class=\"elementor elementor-31485\" data-elementor-post-type=\"edukacja\">\n\t\t\t\t\t\t<section class=\"elementor-section elementor-top-section elementor-element elementor-element-b061b0f elementor-section-boxed elementor-section-height-default elementor-section-height-default\" data-id=\"b061b0f\" data-element_type=\"section\">\n\t\t\t\t\t\t<div class=\"elementor-container elementor-column-gap-default\">\n\t\t\t\t\t<div class=\"elementor-column elementor-col-100 elementor-top-column elementor-element elementor-element-85972bc\" data-id=\"85972bc\" data-element_type=\"column\">\n\t\t\t<div class=\"elementor-widget-wrap elementor-element-populated\">\n\t\t\t\t\t\t<div class=\"elementor-element elementor-element-ab6e070 elementor-widget elementor-widget-text-editor\" data-id=\"ab6e070\" data-element_type=\"widget\" data-widget_type=\"text-editor.default\">\n\t\t\t\t<div class=\"elementor-widget-container\">\n\t\t\t\t\t\t\t\t\t<p><span style=\"font-weight: 400;\">Na wystawie Doroty Buczkowskiej \u201ePejza\u017c wewn\u0119trzny\u201d, mo\u017cemy zobaczy\u0107 przeskalowane owadzie kokony. Artystka wykona\u0142a je z masy papierowej i pofarbowa\u0142a ro\u015blinnymi sokami. Niekt\u00f3re do\u015b\u0107 dos\u0142ownie odtwarzaj\u0105 natur\u0119, inne odgrywaj\u0105 jedynie pewien schemat os\u0142aniania i uwalniania \u2013 czego\u015b delikatnego, co kryje si\u0119 w \u015brodku. Kokony Buczkowskiej s\u0105 otwarte, stanowi\u0105 \u015blad po swoim lokatorze. Obok jej prac inspiracj\u0105 podczas warsztatu b\u0119d\u0105 ryciny Ernsta Haeckela \u2013 medyka badaj\u0105cego biologi\u0119 zwierz\u0105t. Heackel z niezwyk\u0142\u0105 precyzj\u0105 ilustrowa\u0142 morsk\u0105 faun\u0119, tworz\u0105c zbi\u00f3r rysunk\u00f3w przypominaj\u0105cych artystyczne obiekty. Na spotkaniu po\u0142\u0105czymy koncepcj\u0119 artystki i badacza, tworz\u0105c kola\u017c o charakterze przyrodniczym.<\/span><\/p>\t\t\t\t\t\t\t\t<\/div>\n\t\t\t\t<\/div>\n\t\t\t\t<section class=\"elementor-section elementor-inner-section elementor-element elementor-element-58a9686 elementor-section-boxed elementor-section-height-default elementor-section-height-default\" data-id=\"58a9686\" data-element_type=\"section\">\n\t\t\t\t\t\t<div class=\"elementor-container elementor-column-gap-default\">\n\t\t\t\t\t<div class=\"elementor-column elementor-col-100 elementor-inner-column elementor-element elementor-element-c54f34b\" data-id=\"c54f34b\" data-element_type=\"column\" data-settings=\"{&quot;background_background&quot;:&quot;classic&quot;}\">\n\t\t\t<div class=\"elementor-widget-wrap elementor-element-populated\">\n\t\t\t\t\t\t<div class=\"elementor-element elementor-element-956ddc4 elementor-widget elementor-widget-text-editor\" data-id=\"956ddc4\" data-element_type=\"widget\" data-widget_type=\"text-editor.default\">\n\t\t\t\t<div class=\"elementor-widget-container\">\n\t\t\t\t\t\t\t\t\t<p><strong>PROWADZ\u0104CY:<\/strong><\/p><p><span style=\"font-weight: 400;\"><strong>dr Konrad Ju\u015bci\u0144ski<\/strong> \u2013 artysta wizualny, performer. Uzyska\u0142 dyplom magisterski na Uniwersytecie Artystycznym w Poznaniu, gdzie w 2014 roku obroni\u0142 doktorat na Wydziale Rze\u017aby i Dzia\u0142a\u0144 Przestrzennych. Od 2020 roku prowadzi Pracowni\u0119 Rze\u017aby w Instytucie Sztuk Wizualnych Uniwersytetu Zielonog\u00f3rskiego.<\/span><\/p>\t\t\t\t\t\t\t\t<\/div>\n\t\t\t\t<\/div>\n\t\t\t\t\t<\/div>\n\t\t<\/div>\n\t\t\t\t\t<\/div>\n\t\t<\/section>\n\t\t\t\t<div class=\"elementor-element elementor-element-78baa57 elementor-widget elementor-widget-spacer\" data-id=\"78baa57\" data-element_type=\"widget\" data-widget_type=\"spacer.default\">\n\t\t\t\t<div class=\"elementor-widget-container\">\n\t\t\t\t\t\t\t<div class=\"elementor-spacer\">\n\t\t\t<div class=\"elementor-spacer-inner\"><\/div>\n\t\t<\/div>\n\t\t\t\t\t\t<\/div>\n\t\t\t\t<\/div>\n\t\t\t\t\t<\/div>\n\t\t<\/div>\n\t\t\t\t\t<\/div>\n\t\t<\/section>\n\t\t\t\t<\/div>\n\t\t","protected":false},"excerpt":{"rendered":"<p>Na wystawie Doroty Buczkowskiej \u201ePejza\u017c wewn\u0119trzny\u201d, mo\u017cemy zobaczy\u0107 przeskalowane owadzie kokony. Artystka wykona\u0142a je z masy papierowej i pofarbowa\u0142a ro\u015blinnymi sokami. Niekt\u00f3re do\u015b\u0107 dos\u0142ownie odtwarzaj\u0105 natur\u0119, inne odgrywaj\u0105 jedynie pewien schemat os\u0142aniania i uwalniania \u2013 czego\u015b delikatnego, co kryje si\u0119 w \u015brodku. Kokony Buczkowskiej s\u0105 otwarte, stanowi\u0105 \u015blad po swoim lokatorze. Obok jej prac inspiracj\u0105 [&hellip;]<\/p>\n","protected":false},"author":9,"featured_media":31508,"parent":0,"template":"","meta":{"footnotes":""},"kategorie-edukacja":[24],"class_list":["post-31485","edukacja","type-edukacja","status-publish","has-post-thumbnail","hentry","kategorie-edukacja-mlodziez"],"_links":{"self":[{"href":"https:\/\/muzeumwspolczesne.pl\/en\/wp-json\/wp\/v2\/edukacja\/31485","targetHints":{"allow":["GET"]}}],"collection":[{"href":"https:\/\/muzeumwspolczesne.pl\/en\/wp-json\/wp\/v2\/edukacja"}],"about":[{"href":"https:\/\/muzeumwspolczesne.pl\/en\/wp-json\/wp\/v2\/types\/edukacja"}],"author":[{"embeddable":true,"href":"https:\/\/muzeumwspolczesne.pl\/en\/wp-json\/wp\/v2\/users\/9"}],"version-history":[{"count":5,"href":"https:\/\/muzeumwspolczesne.pl\/en\/wp-json\/wp\/v2\/edukacja\/31485\/revisions"}],"predecessor-version":[{"id":31523,"href":"https:\/\/muzeumwspolczesne.pl\/en\/wp-json\/wp\/v2\/edukacja\/31485\/revisions\/31523"}],"wp:featuredmedia":[{"embeddable":true,"href":"https:\/\/muzeumwspolczesne.pl\/en\/wp-json\/wp\/v2\/media\/31508"}],"wp:attachment":[{"href":"https:\/\/muzeumwspolczesne.pl\/en\/wp-json\/wp\/v2\/media?parent=31485"}],"wp:term":[{"taxonomy":"kategorie-edukacja","embeddable":true,"href":"https:\/\/muzeumwspolczesne.pl\/en\/wp-json\/wp\/v2\/kategorie-edukacja?post=31485"}],"curies":[{"name":"wp","href":"https:\/\/api.w.org\/{rel}","templated":true}]}}

<div data-elementor-type="wp-post" data-elementor-id="31485" class="elementor elementor-31485" data-elementor-post-type="edukacja">
						<section class="elementor-section elementor-top-section elementor-element elementor-element-b061b0f elementor-section-boxed elementor-section-height-default elementor-section-height-default" data-id="b061b0f" data-element_type="section">
						<div class="elementor-container elementor-column-gap-default">
					<div class="elementor-column elementor-col-100 elementor-top-column elementor-element elementor-element-85972bc" data-id="85972bc" data-element_type="column">
			<div class="elementor-widget-wrap elementor-element-populated">
						<div class="elementor-element elementor-element-ab6e070 elementor-widget elementor-widget-text-editor" data-id="ab6e070" data-element_type="widget" data-widget_type="text-editor.default">
				<div class="elementor-widget-container">
									<p><span style="font-weight: 400;">Na wystawie Doroty Buczkowskiej „Pejzaż wewnętrzny”, możemy zobaczyć przeskalowane owadzie kokony. Artystka wykonała je z masy papierowej i pofarbowała roślinnymi sokami. Niektóre dość dosłownie odtwarzają naturę, inne odgrywają jedynie pewien schemat osłaniania i uwalniania – czegoś delikatnego, co kryje się w środku. Kokony Buczkowskiej są otwarte, stanowią ślad po swoim lokatorze. Obok jej prac inspiracją podczas warsztatu będą ryciny Ernsta Haeckela – medyka badającego biologię zwierząt. Heackel z niezwykłą precyzją ilustrował morską faunę, tworząc zbiór rysunków przypominających artystyczne obiekty. Na spotkaniu połączymy koncepcję artystki i badacza, tworząc kolaż o charakterze przyrodniczym.</span></p>								</div>
				</div>
				<section class="elementor-section elementor-inner-section elementor-element elementor-element-58a9686 elementor-section-boxed elementor-section-height-default elementor-section-height-default" data-id="58a9686" data-element_type="section">
						<div class="elementor-container elementor-column-gap-default">
					<div class="elementor-column elementor-col-100 elementor-inner-column elementor-element elementor-element-c54f34b" data-id="c54f34b" data-element_type="column" data-settings="{&quot;background_background&quot;:&quot;classic&quot;}">
			<div class="elementor-widget-wrap elementor-element-populated">
						<div class="elementor-element elementor-element-956ddc4 elementor-widget elementor-widget-text-editor" data-id="956ddc4" data-element_type="widget" data-widget_type="text-editor.default">
				<div class="elementor-widget-container">
									<p><strong>PROWADZĄCY:</strong></p><p><span style="font-weight: 400;"><strong>dr Konrad Juściński</strong> – artysta wizualny, performer. Uzyskał dyplom magisterski na Uniwersytecie Artystycznym w Poznaniu, gdzie w 2014 roku obronił doktorat na Wydziale Rzeźby i Działań Przestrzennych. Od 2020 roku prowadzi Pracownię Rzeźby w Instytucie Sztuk Wizualnych Uniwersytetu Zielonogórskiego.</span></p>								</div>
				</div>
					</div>
		</div>
					</div>
		</section>
				<div class="elementor-element elementor-element-78baa57 elementor-widget elementor-widget-spacer" data-id="78baa57" data-element_type="widget" data-widget_type="spacer.default">
				<div class="elementor-widget-container">
							<div class="elementor-spacer">
			<div class="elementor-spacer-inner"></div>
		</div>
						</div>
				</div>
					</div>
		</div>
					</div>
		</section>
				</div>

<p>Na wystawie Doroty Buczkowskiej „Pejzaż wewnętrzny”, możemy zobaczyć przeskalowane owadzie kokony. Artystka wykonała je z masy papierowej i pofarbowała roślinnymi sokami. Niektóre dość dosłownie odtwarzają naturę, inne odgrywają jedynie pewien schemat osłaniania i uwalniania – czegoś delikatnego, co kryje się w środku. Kokony Buczkowskiej są otwarte, stanowią ślad po swoim lokatorze. Obok jej prac inspiracją [&hellip;]</p>
