{"id":28696,"date":"2019-02-05T17:13:00","date_gmt":"2019-02-05T17:13:00","guid":{"rendered":"https:\/\/muzeumwspolczesne.pl\/?post_type=wystawy&#038;p=28696"},"modified":"2026-03-24T11:59:51","modified_gmt":"2026-03-24T11:59:51","slug":"oltarze-agnieszka-sejud","status":"publish","type":"wystawy","link":"https:\/\/muzeumwspolczesne.pl\/en\/wystawy\/oltarze-agnieszka-sejud\/","title":{"rendered":"O\u0141TARZE. AGNIESZKA SEJUD"},"content":{"rendered":"\t\t<div data-elementor-type=\"wp-post\" data-elementor-id=\"28696\" class=\"elementor elementor-28696\" data-elementor-post-type=\"wystawy\">\n\t\t\t\t\t\t<section class=\"elementor-section elementor-top-section elementor-element elementor-element-15e028e elementor-section-full_width elementor-section-stretched elementor-section-height-default elementor-section-height-default\" data-id=\"15e028e\" data-element_type=\"section\" data-settings=\"{&quot;stretch_section&quot;:&quot;section-stretched&quot;}\">\n\t\t\t\t\t\t<div class=\"elementor-container elementor-column-gap-wide\">\n\t\t\t\t\t<div class=\"elementor-column elementor-col-100 elementor-top-column elementor-element elementor-element-d911c19\" data-id=\"d911c19\" data-element_type=\"column\">\n\t\t\t<div class=\"elementor-widget-wrap elementor-element-populated\">\n\t\t\t\t\t\t<div class=\"elementor-element elementor-element-51d75e8 elementor-widget elementor-widget-text-editor\" data-id=\"51d75e8\" data-element_type=\"widget\" data-widget_type=\"text-editor.default\">\n\t\t\t\t<div class=\"elementor-widget-container\">\n\t\t\t\t\t\t\t\t\t<p><em>O\u0142tarze<\/em>\u00a0mo\u017cna okre\u015bli\u0107 jako subiektywn\u0105 wizj\u0119 wsp\u00f3\u0142czesnej Polski autorstwa Agnieszki Sejud. Zdj\u0119cia sk\u0142adaj\u0105ce si\u0119 na cykl powsta\u0142y w wyniku namys\u0142u nad kondycj\u0105 ojczyzny, kt\u00f3rego podj\u0119\u0142a si\u0119 fotografka. O\u0142tarz sta\u0142 si\u0119 w nich wiod\u0105c\u0105 metafor\u0105 odnosz\u0105c\u0105 si\u0119 do powierzchownej religijno\u015bci zdominowanej przez plastik i kicz, ale przede wszystkim przez egoizm. Albowiem w krzywym zwierciadle stworzonym przez Sejud wszyscy modl\u0105 si\u0119 o w\u0142asny o\u0142tarz, patrz\u0105 kr\u00f3tkowzrocznie i dbaj\u0105 wy\u0142\u0105cznie o swoje interesy.<\/p><p>S\u0142yn\u0105ca niegdy\u015b z go\u015bcinno\u015bci Polska trawiona jest przez ksenofobi\u0119, dlatego ludzie zamieszkuj\u0105cy ten dziwny kraj na pograniczu Wschodu i Zachodu okopuj\u0105 si\u0119 na swoich pozycjach. Z nostalgi\u0105 wracaj\u0105 do czas\u00f3w Wielkiej Rzeczpospolitej, ale niestety i ten mit okazuje si\u0119 tylko wydmuszk\u0105, kt\u00f3rej nie wype\u0142ni\u0105 sensem wyprodukowane w Chinach koszulki z patriotycznymi has\u0142ami. Nie zapominajmy jednak, \u017ce jeste\u015bmy przecie\u017c mistrzami prowizorycznych rozwi\u0105za\u0144. By\u0107 mo\u017ce nikt nie dostrze\u017ce ma\u0142ych niedoci\u0105gni\u0119\u0107 w ludowym stroju, tombak we\u017amie za z\u0142oto, a lastriko za marmur?<\/p>\t\t\t\t\t\t\t\t<\/div>\n\t\t\t\t<\/div>\n\t\t\t\t\t<\/div>\n\t\t<\/div>\n\t\t\t\t\t<\/div>\n\t\t<\/section>\n\t\t\t\t<section class=\"elementor-section elementor-top-section elementor-element elementor-element-a07af0a elementor-section-full_width elementor-section-stretched elementor-section-height-default elementor-section-height-default\" data-id=\"a07af0a\" data-element_type=\"section\" data-settings=\"{&quot;stretch_section&quot;:&quot;section-stretched&quot;,&quot;background_background&quot;:&quot;classic&quot;}\">\n\t\t\t\t\t\t<div class=\"elementor-container elementor-column-gap-wide\">\n\t\t\t\t\t<div class=\"elementor-column elementor-col-100 elementor-top-column elementor-element elementor-element-9b86703\" data-id=\"9b86703\" data-element_type=\"column\">\n\t\t\t<div class=\"elementor-widget-wrap elementor-element-populated\">\n\t\t\t\t\t\t<div class=\"elementor-element elementor-element-9b7b83d elementor-widget elementor-widget-text-editor\" data-id=\"9b7b83d\" data-element_type=\"widget\" data-widget_type=\"text-editor.default\">\n\t\t\t\t<div class=\"elementor-widget-container\">\n\t\t\t\t\t\t\t\t\t<p><b>Kurator: <\/b>Pawe\u0142 B\u0105kowski<\/p>\t\t\t\t\t\t\t\t<\/div>\n\t\t\t\t<\/div>\n\t\t\t\t<div class=\"elementor-element elementor-element-d8d26b8 elementor-widget elementor-widget-text-editor\" data-id=\"d8d26b8\" data-element_type=\"widget\" data-widget_type=\"text-editor.default\">\n\t\t\t\t<div class=\"elementor-widget-container\">\n\t\t\t\t\t\t\t\t\t<p><strong>Agnieszka Sejud<\/strong>\u00a0(ur. 1991) jest fotografk\u0105 i artystk\u0105 wizualn\u0105. Mieszka i pracuje we Wroc\u0142awiu. Uko\u0144czy\u0142a prawo na Uniwersytecie Wroc\u0142awskim, ale nie zosta\u0142a prawniczk\u0105. Fotografowa\u0107 uczy\u0142a si\u0119 w O\u015brodku Postaw Tw\u00f3rczych. Teraz studiuje fotografi\u0119 na Uniwersytecie \u015al\u0105skim w czeskiej Opawie. Eksperymentuje z medium fotografii, wykorzystuj\u0105c w swych pracach jej szerokie spektrum: od fotografii dokumentalnej, poprzez portrety i mod\u0119, a\u017c do fotomanipulacji i kola\u017cy. Inspiruje j\u0105 \u017cycie codzienne.<\/p>\t\t\t\t\t\t\t\t<\/div>\n\t\t\t\t<\/div>\n\t\t\t\t\t<\/div>\n\t\t<\/div>\n\t\t\t\t\t<\/div>\n\t\t<\/section>\n\t\t\t\t<\/div>\n\t\t","protected":false},"excerpt":{"rendered":"<p>O\u0142tarze\u00a0mo\u017cna okre\u015bli\u0107 jako subiektywn\u0105 wizj\u0119 wsp\u00f3\u0142czesnej Polski autorstwa Agnieszki Sejud. Zdj\u0119cia sk\u0142adaj\u0105ce si\u0119 na cykl powsta\u0142y w wyniku namys\u0142u nad kondycj\u0105 ojczyzny, kt\u00f3rego podj\u0119\u0142a si\u0119 fotografka. O\u0142tarz sta\u0142 si\u0119 w nich wiod\u0105c\u0105 metafor\u0105 odnosz\u0105c\u0105 si\u0119 do powierzchownej religijno\u015bci zdominowanej przez plastik i kicz, ale przede wszystkim przez egoizm. Albowiem w krzywym zwierciadle stworzonym przez Sejud [&hellip;]<\/p>\n","protected":false},"author":5,"featured_media":28697,"parent":0,"template":"","format":"standard","meta":[],"kategorie-wystaw":[37],"class_list":["post-28696","wystawy","type-wystawy","status-publish","format-standard","has-post-thumbnail","hentry","kategorie-wystaw-archiwalne"],"_links":{"self":[{"href":"https:\/\/muzeumwspolczesne.pl\/en\/wp-json\/wp\/v2\/wystawy\/28696","targetHints":{"allow":["GET"]}}],"collection":[{"href":"https:\/\/muzeumwspolczesne.pl\/en\/wp-json\/wp\/v2\/wystawy"}],"about":[{"href":"https:\/\/muzeumwspolczesne.pl\/en\/wp-json\/wp\/v2\/types\/wystawy"}],"author":[{"embeddable":true,"href":"https:\/\/muzeumwspolczesne.pl\/en\/wp-json\/wp\/v2\/users\/5"}],"version-history":[{"count":7,"href":"https:\/\/muzeumwspolczesne.pl\/en\/wp-json\/wp\/v2\/wystawy\/28696\/revisions"}],"predecessor-version":[{"id":36121,"href":"https:\/\/muzeumwspolczesne.pl\/en\/wp-json\/wp\/v2\/wystawy\/28696\/revisions\/36121"}],"wp:featuredmedia":[{"embeddable":true,"href":"https:\/\/muzeumwspolczesne.pl\/en\/wp-json\/wp\/v2\/media\/28697"}],"wp:attachment":[{"href":"https:\/\/muzeumwspolczesne.pl\/en\/wp-json\/wp\/v2\/media?parent=28696"}],"wp:term":[{"taxonomy":"kategorie-wystaw","embeddable":true,"href":"https:\/\/muzeumwspolczesne.pl\/en\/wp-json\/wp\/v2\/kategorie-wystaw?post=28696"}],"curies":[{"name":"wp","href":"https:\/\/api.w.org\/{rel}","templated":true}]}}

OŁTARZE. AGNIESZKA SEJUD

<div data-elementor-type="wp-post" data-elementor-id="28696" class="elementor elementor-28696" data-elementor-post-type="wystawy">
						<section class="elementor-section elementor-top-section elementor-element elementor-element-15e028e elementor-section-full_width elementor-section-stretched elementor-section-height-default elementor-section-height-default" data-id="15e028e" data-element_type="section" data-settings="{&quot;stretch_section&quot;:&quot;section-stretched&quot;}">
						<div class="elementor-container elementor-column-gap-wide">
					<div class="elementor-column elementor-col-100 elementor-top-column elementor-element elementor-element-d911c19" data-id="d911c19" data-element_type="column">
			<div class="elementor-widget-wrap elementor-element-populated">
						<div class="elementor-element elementor-element-51d75e8 elementor-widget elementor-widget-text-editor" data-id="51d75e8" data-element_type="widget" data-widget_type="text-editor.default">
				<div class="elementor-widget-container">
									<p><em>Ołtarze</em> można określić jako subiektywną wizję współczesnej Polski autorstwa Agnieszki Sejud. Zdjęcia składające się na cykl powstały w wyniku namysłu nad kondycją ojczyzny, którego podjęła się fotografka. Ołtarz stał się w nich wiodącą metaforą odnoszącą się do powierzchownej religijności zdominowanej przez plastik i kicz, ale przede wszystkim przez egoizm. Albowiem w krzywym zwierciadle stworzonym przez Sejud wszyscy modlą się o własny ołtarz, patrzą krótkowzrocznie i dbają wyłącznie o swoje interesy.</p><p>Słynąca niegdyś z gościnności Polska trawiona jest przez ksenofobię, dlatego ludzie zamieszkujący ten dziwny kraj na pograniczu Wschodu i Zachodu okopują się na swoich pozycjach. Z nostalgią wracają do czasów Wielkiej Rzeczpospolitej, ale niestety i ten mit okazuje się tylko wydmuszką, której nie wypełnią sensem wyprodukowane w Chinach koszulki z patriotycznymi hasłami. Nie zapominajmy jednak, że jesteśmy przecież mistrzami prowizorycznych rozwiązań. Być może nikt nie dostrzeże małych niedociągnięć w ludowym stroju, tombak weźmie za złoto, a lastriko za marmur?</p>								</div>
				</div>
					</div>
		</div>
					</div>
		</section>
				<section class="elementor-section elementor-top-section elementor-element elementor-element-a07af0a elementor-section-full_width elementor-section-stretched elementor-section-height-default elementor-section-height-default" data-id="a07af0a" data-element_type="section" data-settings="{&quot;stretch_section&quot;:&quot;section-stretched&quot;,&quot;background_background&quot;:&quot;classic&quot;}">
						<div class="elementor-container elementor-column-gap-wide">
					<div class="elementor-column elementor-col-100 elementor-top-column elementor-element elementor-element-9b86703" data-id="9b86703" data-element_type="column">
			<div class="elementor-widget-wrap elementor-element-populated">
						<div class="elementor-element elementor-element-9b7b83d elementor-widget elementor-widget-text-editor" data-id="9b7b83d" data-element_type="widget" data-widget_type="text-editor.default">
				<div class="elementor-widget-container">
									<p><b>Kurator: </b>Paweł Bąkowski</p>								</div>
				</div>
				<div class="elementor-element elementor-element-d8d26b8 elementor-widget elementor-widget-text-editor" data-id="d8d26b8" data-element_type="widget" data-widget_type="text-editor.default">
				<div class="elementor-widget-container">
									<p><strong>Agnieszka Sejud</strong> (ur. 1991) jest fotografką i artystką wizualną. Mieszka i pracuje we Wrocławiu. Ukończyła prawo na Uniwersytecie Wrocławskim, ale nie została prawniczką. Fotografować uczyła się w Ośrodku Postaw Twórczych. Teraz studiuje fotografię na Uniwersytecie Śląskim w czeskiej Opawie. Eksperymentuje z medium fotografii, wykorzystując w swych pracach jej szerokie spektrum: od fotografii dokumentalnej, poprzez portrety i modę, aż do fotomanipulacji i kolaży. Inspiruje ją życie codzienne.</p>								</div>
				</div>
					</div>
		</div>
					</div>
		</section>
				</div>

<p>Ołtarze można określić jako subiektywną wizję współczesnej Polski autorstwa Agnieszki Sejud. Zdjęcia składające się na cykl powstały w wyniku namysłu nad kondycją ojczyzny, którego podjęła się fotografka. Ołtarz stał się w nich wiodącą metaforą odnoszącą się do powierzchownej religijności zdominowanej przez plastik i kicz, ale przede wszystkim przez egoizm. Albowiem w krzywym zwierciadle stworzonym przez Sejud [&hellip;]</p>
