{"id":28826,"date":"2018-01-05T18:29:00","date_gmt":"2018-01-05T18:29:00","guid":{"rendered":"https:\/\/muzeumwspolczesne.pl\/?post_type=wystawy&#038;p=28826"},"modified":"2026-03-24T12:57:56","modified_gmt":"2026-03-24T12:57:56","slug":"nie-zaluje-ze-wczesniej-nas-nie-bylo-katarzyna-ramocka","status":"publish","type":"wystawy","link":"https:\/\/muzeumwspolczesne.pl\/en\/wystawy\/nie-zaluje-ze-wczesniej-nas-nie-bylo-katarzyna-ramocka\/","title":{"rendered":"NIE \u017bA\u0141UJ\u0118, \u017bE WCZE\u015aNIEJ NAS NIE BY\u0141O. KATARZYNA RAMOCKA"},"content":{"rendered":"\t\t<div data-elementor-type=\"wp-post\" data-elementor-id=\"28826\" class=\"elementor elementor-28826\" data-elementor-post-type=\"wystawy\">\n\t\t\t\t\t\t<section class=\"elementor-section elementor-top-section elementor-element elementor-element-a6917a8 elementor-section-full_width elementor-section-stretched elementor-section-height-default elementor-section-height-default\" data-id=\"a6917a8\" data-element_type=\"section\" data-settings=\"{&quot;stretch_section&quot;:&quot;section-stretched&quot;}\">\n\t\t\t\t\t\t<div class=\"elementor-container elementor-column-gap-wide\">\n\t\t\t\t\t<div class=\"elementor-column elementor-col-100 elementor-top-column elementor-element elementor-element-297e01a\" data-id=\"297e01a\" data-element_type=\"column\">\n\t\t\t<div class=\"elementor-widget-wrap elementor-element-populated\">\n\t\t\t\t\t\t<div class=\"elementor-element elementor-element-49dacf0 elementor-widget elementor-widget-text-editor\" data-id=\"49dacf0\" data-element_type=\"widget\" data-widget_type=\"text-editor.default\">\n\t\t\t\t<div class=\"elementor-widget-container\">\n\t\t\t\t\t\t\t\t\t<p>Wystawa jest kontynuacj\u0105 realizowanych przez artystk\u0119 w poprzednich latach projekt\u00f3w zwi\u0105zanych z matk\u0105. Opowiada histori\u0119 trzech kobiet, traktuje o sile ich uczu\u0107, strachu, blisko\u015bci, a tak\u017ce o zmianach, kt\u00f3re wp\u0142yn\u0119\u0142y na ich wi\u0119\u017a. Odwo\u0142uje si\u0119 do obraz\u00f3w zapisanych trwale w pami\u0119ci, jest niczym pami\u0105tki z dzieci\u0144stwa, wspomnienie wsp\u00f3lnych chwil. Przenika przesz\u0142o\u015b\u0107 zbudowan\u0105 na \u017calu i t\u0119sknocie, dociera do granic wytrzyma\u0142o\u015bci.<\/p><p>Artystka w takich s\u0142owach opisuje t\u0119 niezwykle osobist\u0105 realizacj\u0119: \u201eNauczy\u0142am si\u0119 interpretowa\u0107 emocje, ma\u0142e gesty i s\u0142owa. Zbada\u0142am granice wytrzyma\u0142o\u015bci. Teraz widz\u0119 wi\u0119cej. Mimo to nie \u017ca\u0142uj\u0119, \u017ce wcze\u015bniej nas nie by\u0142o\u201d.<\/p>\t\t\t\t\t\t\t\t<\/div>\n\t\t\t\t<\/div>\n\t\t\t\t\t<\/div>\n\t\t<\/div>\n\t\t\t\t\t<\/div>\n\t\t<\/section>\n\t\t\t\t<section class=\"elementor-section elementor-top-section elementor-element elementor-element-2316011 elementor-section-full_width elementor-section-stretched elementor-section-height-default elementor-section-height-default\" data-id=\"2316011\" data-element_type=\"section\" data-settings=\"{&quot;stretch_section&quot;:&quot;section-stretched&quot;,&quot;background_background&quot;:&quot;classic&quot;}\">\n\t\t\t\t\t\t<div class=\"elementor-container elementor-column-gap-wide\">\n\t\t\t\t\t<div class=\"elementor-column elementor-col-100 elementor-top-column elementor-element elementor-element-ec26550\" data-id=\"ec26550\" data-element_type=\"column\">\n\t\t\t<div class=\"elementor-widget-wrap elementor-element-populated\">\n\t\t\t\t\t\t<div class=\"elementor-element elementor-element-b7cced1 elementor-widget elementor-widget-text-editor\" data-id=\"b7cced1\" data-element_type=\"widget\" data-widget_type=\"text-editor.default\">\n\t\t\t\t<div class=\"elementor-widget-container\">\n\t\t\t\t\t\t\t\t\t<p><strong>Kurator:<\/strong> Pawe\u0142 B\u0105kowski<\/p>\t\t\t\t\t\t\t\t<\/div>\n\t\t\t\t<\/div>\n\t\t\t\t<div class=\"elementor-element elementor-element-fafb623 elementor-widget elementor-widget-text-editor\" data-id=\"fafb623\" data-element_type=\"widget\" data-widget_type=\"text-editor.default\">\n\t\t\t\t<div class=\"elementor-widget-container\">\n\t\t\t\t\t\t\t\t\t<p><strong>Katarzyna Ramocka<\/strong>\u00a0\u2013 urodzona w 1992 w Janowie Lubelskim. Uko\u0144czy\u0142a Uniwersytet Artystyczny w Poznaniu oraz Wroc\u0142awsk\u0105 Szko\u0142\u0119 Fotografii afa we Wroc\u0142awiu. W swoich pracach skupia si\u0119 na wspomnieniach, rodzinie. Si\u0119ga r\u00f3wnie\u017c po archiwa i bazuje na pami\u0119ci. Pracuje nad osobistymi projektami. W fotografii pr\u00f3buje pokaza\u0107 intymno\u015b\u0107, uczucia, emocje, relacje z lud\u017ami, w\u0142asne do\u015bwiadczenia. Podgl\u0105da nowych topograf\u00f3w i ich pi\u0119kne dokumentalne krajobrazy.<br \/><a href=\"http:\/\/katarzynaramocka.pl\/\" target=\"_blank\" rel=\"noopener\">katarzynaramocka.pl<\/a><br \/><a href=\"http:\/\/katarzynaramocka.tumblr.com\/\" target=\"_blank\" rel=\"noopener\">katarzynaramocka.tumblr.com<\/a><\/p>\t\t\t\t\t\t\t\t<\/div>\n\t\t\t\t<\/div>\n\t\t\t\t\t<\/div>\n\t\t<\/div>\n\t\t\t\t\t<\/div>\n\t\t<\/section>\n\t\t\t\t<\/div>\n\t\t","protected":false},"excerpt":{"rendered":"<p>Wystawa jest kontynuacj\u0105 realizowanych przez artystk\u0119 w poprzednich latach projekt\u00f3w zwi\u0105zanych z matk\u0105. Opowiada histori\u0119 trzech kobiet, traktuje o sile ich uczu\u0107, strachu, blisko\u015bci, a tak\u017ce o zmianach, kt\u00f3re wp\u0142yn\u0119\u0142y na ich wi\u0119\u017a. Odwo\u0142uje si\u0119 do obraz\u00f3w zapisanych trwale w pami\u0119ci, jest niczym pami\u0105tki z dzieci\u0144stwa, wspomnienie wsp\u00f3lnych chwil. Przenika przesz\u0142o\u015b\u0107 zbudowan\u0105 na \u017calu i [&hellip;]<\/p>\n","protected":false},"author":5,"featured_media":28827,"parent":0,"template":"","format":"standard","meta":[],"kategorie-wystaw":[37],"class_list":["post-28826","wystawy","type-wystawy","status-publish","format-standard","has-post-thumbnail","hentry","kategorie-wystaw-archiwalne"],"_links":{"self":[{"href":"https:\/\/muzeumwspolczesne.pl\/en\/wp-json\/wp\/v2\/wystawy\/28826","targetHints":{"allow":["GET"]}}],"collection":[{"href":"https:\/\/muzeumwspolczesne.pl\/en\/wp-json\/wp\/v2\/wystawy"}],"about":[{"href":"https:\/\/muzeumwspolczesne.pl\/en\/wp-json\/wp\/v2\/types\/wystawy"}],"author":[{"embeddable":true,"href":"https:\/\/muzeumwspolczesne.pl\/en\/wp-json\/wp\/v2\/users\/5"}],"version-history":[{"count":7,"href":"https:\/\/muzeumwspolczesne.pl\/en\/wp-json\/wp\/v2\/wystawy\/28826\/revisions"}],"predecessor-version":[{"id":36196,"href":"https:\/\/muzeumwspolczesne.pl\/en\/wp-json\/wp\/v2\/wystawy\/28826\/revisions\/36196"}],"wp:featuredmedia":[{"embeddable":true,"href":"https:\/\/muzeumwspolczesne.pl\/en\/wp-json\/wp\/v2\/media\/28827"}],"wp:attachment":[{"href":"https:\/\/muzeumwspolczesne.pl\/en\/wp-json\/wp\/v2\/media?parent=28826"}],"wp:term":[{"taxonomy":"kategorie-wystaw","embeddable":true,"href":"https:\/\/muzeumwspolczesne.pl\/en\/wp-json\/wp\/v2\/kategorie-wystaw?post=28826"}],"curies":[{"name":"wp","href":"https:\/\/api.w.org\/{rel}","templated":true}]}}

NIE ŻAŁUJĘ, ŻE WCZEŚNIEJ NAS NIE BYŁO. KATARZYNA RAMOCKA

<div data-elementor-type="wp-post" data-elementor-id="28826" class="elementor elementor-28826" data-elementor-post-type="wystawy">
						<section class="elementor-section elementor-top-section elementor-element elementor-element-a6917a8 elementor-section-full_width elementor-section-stretched elementor-section-height-default elementor-section-height-default" data-id="a6917a8" data-element_type="section" data-settings="{&quot;stretch_section&quot;:&quot;section-stretched&quot;}">
						<div class="elementor-container elementor-column-gap-wide">
					<div class="elementor-column elementor-col-100 elementor-top-column elementor-element elementor-element-297e01a" data-id="297e01a" data-element_type="column">
			<div class="elementor-widget-wrap elementor-element-populated">
						<div class="elementor-element elementor-element-49dacf0 elementor-widget elementor-widget-text-editor" data-id="49dacf0" data-element_type="widget" data-widget_type="text-editor.default">
				<div class="elementor-widget-container">
									<p>Wystawa jest kontynuacją realizowanych przez artystkę w poprzednich latach projektów związanych z matką. Opowiada historię trzech kobiet, traktuje o sile ich uczuć, strachu, bliskości, a także o zmianach, które wpłynęły na ich więź. Odwołuje się do obrazów zapisanych trwale w pamięci, jest niczym pamiątki z dzieciństwa, wspomnienie wspólnych chwil. Przenika przeszłość zbudowaną na żalu i tęsknocie, dociera do granic wytrzymałości.</p><p>Artystka w takich słowach opisuje tę niezwykle osobistą realizację: „Nauczyłam się interpretować emocje, małe gesty i słowa. Zbadałam granice wytrzymałości. Teraz widzę więcej. Mimo to nie żałuję, że wcześniej nas nie było”.</p>								</div>
				</div>
					</div>
		</div>
					</div>
		</section>
				<section class="elementor-section elementor-top-section elementor-element elementor-element-2316011 elementor-section-full_width elementor-section-stretched elementor-section-height-default elementor-section-height-default" data-id="2316011" data-element_type="section" data-settings="{&quot;stretch_section&quot;:&quot;section-stretched&quot;,&quot;background_background&quot;:&quot;classic&quot;}">
						<div class="elementor-container elementor-column-gap-wide">
					<div class="elementor-column elementor-col-100 elementor-top-column elementor-element elementor-element-ec26550" data-id="ec26550" data-element_type="column">
			<div class="elementor-widget-wrap elementor-element-populated">
						<div class="elementor-element elementor-element-b7cced1 elementor-widget elementor-widget-text-editor" data-id="b7cced1" data-element_type="widget" data-widget_type="text-editor.default">
				<div class="elementor-widget-container">
									<p><strong>Kurator:</strong> Paweł Bąkowski</p>								</div>
				</div>
				<div class="elementor-element elementor-element-fafb623 elementor-widget elementor-widget-text-editor" data-id="fafb623" data-element_type="widget" data-widget_type="text-editor.default">
				<div class="elementor-widget-container">
									<p><strong>Katarzyna Ramocka</strong> – urodzona w 1992 w Janowie Lubelskim. Ukończyła Uniwersytet Artystyczny w Poznaniu oraz Wrocławską Szkołę Fotografii afa we Wrocławiu. W swoich pracach skupia się na wspomnieniach, rodzinie. Sięga również po archiwa i bazuje na pamięci. Pracuje nad osobistymi projektami. W fotografii próbuje pokazać intymność, uczucia, emocje, relacje z ludźmi, własne doświadczenia. Podgląda nowych topografów i ich piękne dokumentalne krajobrazy.<br /><a href="http://katarzynaramocka.pl/" target="_blank" rel="noopener">katarzynaramocka.pl</a><br /><a href="http://katarzynaramocka.tumblr.com/" target="_blank" rel="noopener">katarzynaramocka.tumblr.com</a></p>								</div>
				</div>
					</div>
		</div>
					</div>
		</section>
				</div>

<p>Wystawa jest kontynuacją realizowanych przez artystkę w poprzednich latach projektów związanych z matką. Opowiada historię trzech kobiet, traktuje o sile ich uczuć, strachu, bliskości, a także o zmianach, które wpłynęły na ich więź. Odwołuje się do obrazów zapisanych trwale w pamięci, jest niczym pamiątki z dzieciństwa, wspomnienie wspólnych chwil. Przenika przeszłość zbudowaną na żalu i [&hellip;]</p>
