{"id":29206,"date":"2016-03-08T06:44:00","date_gmt":"2016-03-08T06:44:00","guid":{"rendered":"https:\/\/muzeumwspolczesne.pl\/?post_type=wystawy&#038;p=29206"},"modified":"2024-04-08T06:48:31","modified_gmt":"2024-04-08T06:48:31","slug":"milczenie-dzwiekow","status":"publish","type":"wystawy","link":"https:\/\/muzeumwspolczesne.pl\/en\/wystawy\/milczenie-dzwiekow\/","title":{"rendered":"MILCZENIE D\u0179WI\u0118K\u00d3W"},"content":{"rendered":"\t\t<div data-elementor-type=\"wp-post\" data-elementor-id=\"29206\" class=\"elementor elementor-29206\" data-elementor-post-type=\"wystawy\">\n\t\t\t\t\t\t<section class=\"elementor-section elementor-top-section elementor-element elementor-element-d2db675 elementor-section-boxed elementor-section-height-default elementor-section-height-default\" data-id=\"d2db675\" data-element_type=\"section\">\n\t\t\t\t\t\t<div class=\"elementor-container elementor-column-gap-default\">\n\t\t\t\t\t<div class=\"elementor-column elementor-col-100 elementor-top-column elementor-element elementor-element-4f4fad3\" data-id=\"4f4fad3\" data-element_type=\"column\">\n\t\t\t<div class=\"elementor-widget-wrap elementor-element-populated\">\n\t\t\t\t\t\t<div class=\"elementor-element elementor-element-e96ba1a elementor-widget elementor-widget-text-editor\" data-id=\"e96ba1a\" data-element_type=\"widget\" data-widget_type=\"text-editor.default\">\n\t\t\t\t<div class=\"elementor-widget-container\">\n\t\t\t\t\t\t\t\t\t<p>Tytu\u0142 wystawy wiedzie nas w obszar pejza\u017cu d\u017awi\u0119kowego, zjawisk audialnych i akustycznej przestrzeni spo\u0142ecznej cz\u0142owieka. Has\u0142o \u201eMilczenie d\u017awi\u0119k\u00f3w\u201d jest jednak pretekstem do szerszej analizy poj\u0119cia ciszy, pr\u00f3b\u0105 zmierzenia si\u0119 z jego utopi\u0105 i paradoksem.<\/p><p>Cisza, b\u0119d\u0105c stanem niedookre\u015blonym, pozwala zaledwie na pr\u00f3by jej wyobra\u017cenia i zbli\u017cenia si\u0119 do tego nieosi\u0105galnego miejsca: czystej, pustej przestrzeni d\u017awi\u0119kowej lub emocjonalnej. Cisza jest metod\u0105 komunikacji, pe\u0142nowarto\u015bciow\u0105 cz\u0119\u015bci\u0105 zdania, mo\u017cliwo\u015bci\u0105 do\u015bwiadczenia przestrzeni osobistej i warunkiem na zrozumienie siebie. Jest te\u017c zapowiedzi\u0105 d\u017awi\u0119ku i nieokre\u015blonego zagro\u017cenia, samotno\u015bci, wyobcowania, przymusem milczenia i w konsekwencji zgod\u0105 na l\u0119k i z\u0142o. Nakaz milczenia i odebranie prawa g\u0142osu to narz\u0119dzia, kt\u00f3re s\u0142u\u017c\u0105 przemocy symbolicznej i strategii wykluczenia. Z drugiej za\u015b strony milczenie jest idea\u0142em komunikacji mi\u0119dzyludzkiej, szczero\u015bci, autentycznej relacji z innymi.<\/p><p>Wypowiadaj\u0105c s\u0142owo cisza, wyobra\u017ani\u0105 trafiamy w kr\u0105g energii i ha\u0142asu, gdzie centrum \u0142udzi nas mo\u017cliwo\u015bci\u0105 istnienia stanu wyzbytego z bod\u017ac\u00f3w. To s\u0142owo ju\u017c samo w sobie jest tak na\u0142adowane energi\u0105, \u017ce wbrew pozorom krzyczy mocniej od s\u0142owa krzyk lub ha\u0142as (u\u017cywane r\u00f3wnie\u017c jako wykrzyknik nakazuj\u0105cy milczenie). Ten stan (cisza) wi\u0119c nie istnieje, a pr\u00f3by osi\u0105gni\u0119cia go wi\u0105\u017c\u0105 si\u0119 z poskromieniem d\u017awi\u0119k\u00f3w, niepokoju, krzyku i emocji i wymagaj\u0105 ogromnego nak\u0142adu energii, a finalnie okazuj\u0105 si\u0119 utopi\u0105.<\/p><p>\u201eCisza to nie spok\u00f3j lecz niepok\u00f3j. Cisza jest \u015bmiertelna, bo natur\u0105 cz\u0142owieka jest dzia\u0142anie, i brak bod\u017ac\u00f3w kojarzy nam si\u0119 z biologicznym ostatecznym ko\u0144cem. Dlatego kiedy ws\u0142uchujemy si\u0119 w cisz\u0119 to po to, aby przekona\u0107 si\u0119, \u017ce nie jest ona absolutna, by udowodni\u0107, \u017ce idealna cisza nie istnieje, bo ka\u017cdy jej odg\u0142os staje si\u0119 jej zaprzeczeniem i dowodem na to, \u017ce \u017cyjemy. Cisza to spos\u00f3b w jaki celebrujemy \u015bmier\u0107 nie \u017cycie\u201d.<br \/>Marek Wasilewski,\u00a0<em>Mo\u017cliwo\u015b\u0107 ciszy<\/em><\/p><p>Tytu\u0142owe \u201eMilczenie d\u017awi\u0119k\u00f3w\u201d to utw\u00f3r Jerzego Kornowicza, dedykowany arty\u015bcie Szabolcsowi Eszt\u00e9nyiemu, kt\u00f3ry jest te\u017c nawi\u0105zaniem do tw\u00f3rczo\u015bci Tomasza Sikorskiego i jego \u201eSamotno\u015bci d\u017awi\u0119k\u00f3w\u201d. Na wystawie opr\u00f3cz \u201eMilczenia d\u017awi\u0119k\u00f3w\u201d Jerzego Kornowicza mo\u017cna b\u0119dzie us\u0142ysze\u0107 utw\u00f3r Paw\u0142a Mykietyna \u201eKiedy przyjdzie Katelbach\u201d, towarzysz\u0105cy \u201eCiemnej Dolinie II\u201d Tomasza Tatarczyka.<\/p><p>Podczas otwarcia odb\u0119dzie si\u0119 performans d\u017awi\u0119kowy Pablo Sanza \u201e[in]audible\u201d \u2014&gt;\u00a0<a href=\"http:\/\/www.pablosanz.info\/inaudible\/#sthash.gPfsU0m2.dpuf\" target=\"_blank\" rel=\"noopener\">www.pablosanz.info\/inaudible<\/a><\/p>\t\t\t\t\t\t\t\t<\/div>\n\t\t\t\t<\/div>\n\t\t\t\t<div class=\"elementor-element elementor-element-5348939 elementor-widget elementor-widget-text-editor\" data-id=\"5348939\" data-element_type=\"widget\" data-widget_type=\"text-editor.default\">\n\t\t\t\t<div class=\"elementor-widget-container\">\n\t\t\t\t\t\t\t\t\t<p style=\"text-align: right;\"><strong>Kuratorka: Agnieszka Chodysz-Fory\u015b<\/strong><\/p><p style=\"text-align: right;\"><strong>Wsp\u00f3\u0142praca kuratorska: Janina Hobgarska<\/strong><\/p><p style=\"text-align: right;\"><strong>Kurator performance: Pawe\u0142 Szroniak<\/strong><\/p>\t\t\t\t\t\t\t\t<\/div>\n\t\t\t\t<\/div>\n\t\t\t\t<div class=\"elementor-element elementor-element-913d855 elementor-widget elementor-widget-text-editor\" data-id=\"913d855\" data-element_type=\"widget\" data-widget_type=\"text-editor.default\">\n\t\t\t\t<div class=\"elementor-widget-container\">\n\t\t\t\t\t\t\t\t\t<p>Organizatorzy:<br \/>O\u015brodek Kultury i Sztuki we Wroc\u0142awiu \u2013 Instytucja Kultury Samorz\u0105du Wojew\u00f3dztwa Dolno\u015bl\u0105skiego<br \/>Muzeum Wsp\u00f3\u0142czesne Wroc\u0142aw<br \/><br \/>Wsp\u00f3\u0142organizatorzy:<br \/>Galeria BWA w Jeleniej G\u00f3rze<br \/>Galeria Sztuki w Legnicy<br \/><br \/>Prace prezentowane na wystawie pochodz\u0105 ze zbior\u00f3w prywatnych artyst\u00f3w oraz z kolekcji Galerii Stereo, Galerii Le Guern, Galerii Raster, Galerii Leto, Galerii Arsena\u0142 w Bia\u0142ymstoku, Galerii aTak, Galerii Wsch\u00f3d, Lubelskiego Towarzystwa Zach\u0119ty Sztuk Pi\u0119knych, Zach\u0119ty \u2013 Narodowej Galerii Sztuki<\/p>\t\t\t\t\t\t\t\t<\/div>\n\t\t\t\t<\/div>\n\t\t\t\t\t<\/div>\n\t\t<\/div>\n\t\t\t\t\t<\/div>\n\t\t<\/section>\n\t\t\t\t<\/div>\n\t\t","protected":false},"excerpt":{"rendered":"<p>Tytu\u0142 wystawy wiedzie nas w obszar pejza\u017cu d\u017awi\u0119kowego, zjawisk audialnych i akustycznej przestrzeni spo\u0142ecznej cz\u0142owieka. Has\u0142o \u201eMilczenie d\u017awi\u0119k\u00f3w\u201d jest jednak pretekstem do szerszej analizy poj\u0119cia ciszy, pr\u00f3b\u0105 zmierzenia si\u0119 z jego utopi\u0105 i paradoksem. Cisza, b\u0119d\u0105c stanem niedookre\u015blonym, pozwala zaledwie na pr\u00f3by jej wyobra\u017cenia i zbli\u017cenia si\u0119 do tego nieosi\u0105galnego miejsca: czystej, pustej przestrzeni d\u017awi\u0119kowej [&hellip;]<\/p>\n","protected":false},"author":5,"featured_media":29207,"parent":0,"template":"","format":"standard","meta":[],"kategorie-wystaw":[37],"class_list":["post-29206","wystawy","type-wystawy","status-publish","format-standard","has-post-thumbnail","hentry","kategorie-wystaw-archiwalne"],"_links":{"self":[{"href":"https:\/\/muzeumwspolczesne.pl\/en\/wp-json\/wp\/v2\/wystawy\/29206","targetHints":{"allow":["GET"]}}],"collection":[{"href":"https:\/\/muzeumwspolczesne.pl\/en\/wp-json\/wp\/v2\/wystawy"}],"about":[{"href":"https:\/\/muzeumwspolczesne.pl\/en\/wp-json\/wp\/v2\/types\/wystawy"}],"author":[{"embeddable":true,"href":"https:\/\/muzeumwspolczesne.pl\/en\/wp-json\/wp\/v2\/users\/5"}],"version-history":[{"count":4,"href":"https:\/\/muzeumwspolczesne.pl\/en\/wp-json\/wp\/v2\/wystawy\/29206\/revisions"}],"predecessor-version":[{"id":29211,"href":"https:\/\/muzeumwspolczesne.pl\/en\/wp-json\/wp\/v2\/wystawy\/29206\/revisions\/29211"}],"wp:featuredmedia":[{"embeddable":true,"href":"https:\/\/muzeumwspolczesne.pl\/en\/wp-json\/wp\/v2\/media\/29207"}],"wp:attachment":[{"href":"https:\/\/muzeumwspolczesne.pl\/en\/wp-json\/wp\/v2\/media?parent=29206"}],"wp:term":[{"taxonomy":"kategorie-wystaw","embeddable":true,"href":"https:\/\/muzeumwspolczesne.pl\/en\/wp-json\/wp\/v2\/kategorie-wystaw?post=29206"}],"curies":[{"name":"wp","href":"https:\/\/api.w.org\/{rel}","templated":true}]}}

MILCZENIE DŹWIĘKÓW

<div data-elementor-type="wp-post" data-elementor-id="29206" class="elementor elementor-29206" data-elementor-post-type="wystawy">
						<section class="elementor-section elementor-top-section elementor-element elementor-element-d2db675 elementor-section-boxed elementor-section-height-default elementor-section-height-default" data-id="d2db675" data-element_type="section">
						<div class="elementor-container elementor-column-gap-default">
					<div class="elementor-column elementor-col-100 elementor-top-column elementor-element elementor-element-4f4fad3" data-id="4f4fad3" data-element_type="column">
			<div class="elementor-widget-wrap elementor-element-populated">
						<div class="elementor-element elementor-element-e96ba1a elementor-widget elementor-widget-text-editor" data-id="e96ba1a" data-element_type="widget" data-widget_type="text-editor.default">
				<div class="elementor-widget-container">
									<p>Tytuł wystawy wiedzie nas w obszar pejzażu dźwiękowego, zjawisk audialnych i akustycznej przestrzeni społecznej człowieka. Hasło „Milczenie dźwięków” jest jednak pretekstem do szerszej analizy pojęcia ciszy, próbą zmierzenia się z jego utopią i paradoksem.</p><p>Cisza, będąc stanem niedookreślonym, pozwala zaledwie na próby jej wyobrażenia i zbliżenia się do tego nieosiągalnego miejsca: czystej, pustej przestrzeni dźwiękowej lub emocjonalnej. Cisza jest metodą komunikacji, pełnowartościową częścią zdania, możliwością doświadczenia przestrzeni osobistej i warunkiem na zrozumienie siebie. Jest też zapowiedzią dźwięku i nieokreślonego zagrożenia, samotności, wyobcowania, przymusem milczenia i w konsekwencji zgodą na lęk i zło. Nakaz milczenia i odebranie prawa głosu to narzędzia, które służą przemocy symbolicznej i strategii wykluczenia. Z drugiej zaś strony milczenie jest ideałem komunikacji międzyludzkiej, szczerości, autentycznej relacji z innymi.</p><p>Wypowiadając słowo cisza, wyobraźnią trafiamy w krąg energii i hałasu, gdzie centrum łudzi nas możliwością istnienia stanu wyzbytego z bodźców. To słowo już samo w sobie jest tak naładowane energią, że wbrew pozorom krzyczy mocniej od słowa krzyk lub hałas (używane również jako wykrzyknik nakazujący milczenie). Ten stan (cisza) więc nie istnieje, a próby osiągnięcia go wiążą się z poskromieniem dźwięków, niepokoju, krzyku i emocji i wymagają ogromnego nakładu energii, a finalnie okazują się utopią.</p><p>„Cisza to nie spokój lecz niepokój. Cisza jest śmiertelna, bo naturą człowieka jest działanie, i brak bodźców kojarzy nam się z biologicznym ostatecznym końcem. Dlatego kiedy wsłuchujemy się w ciszę to po to, aby przekonać się, że nie jest ona absolutna, by udowodnić, że idealna cisza nie istnieje, bo każdy jej odgłos staje się jej zaprzeczeniem i dowodem na to, że żyjemy. Cisza to sposób w jaki celebrujemy śmierć nie życie”.<br />Marek Wasilewski, <em>Możliwość ciszy</em></p><p>Tytułowe „Milczenie dźwięków” to utwór Jerzego Kornowicza, dedykowany artyście Szabolcsowi Esztényiemu, który jest też nawiązaniem do twórczości Tomasza Sikorskiego i jego „Samotności dźwięków”. Na wystawie oprócz „Milczenia dźwięków” Jerzego Kornowicza można będzie usłyszeć utwór Pawła Mykietyna „Kiedy przyjdzie Katelbach”, towarzyszący „Ciemnej Dolinie II” Tomasza Tatarczyka.</p><p>Podczas otwarcia odbędzie się performans dźwiękowy Pablo Sanza „[in]audible” —&gt; <a href="http://www.pablosanz.info/inaudible/#sthash.gPfsU0m2.dpuf" target="_blank" rel="noopener">www.pablosanz.info/inaudible</a></p>								</div>
				</div>
				<div class="elementor-element elementor-element-5348939 elementor-widget elementor-widget-text-editor" data-id="5348939" data-element_type="widget" data-widget_type="text-editor.default">
				<div class="elementor-widget-container">
									<p style="text-align: right;"><strong>Kuratorka: Agnieszka Chodysz-Foryś</strong></p><p style="text-align: right;"><strong>Współpraca kuratorska: Janina Hobgarska</strong></p><p style="text-align: right;"><strong>Kurator performance: Paweł Szroniak</strong></p>								</div>
				</div>
				<div class="elementor-element elementor-element-913d855 elementor-widget elementor-widget-text-editor" data-id="913d855" data-element_type="widget" data-widget_type="text-editor.default">
				<div class="elementor-widget-container">
									<p>Organizatorzy:<br />Ośrodek Kultury i Sztuki we Wrocławiu – Instytucja Kultury Samorządu Województwa Dolnośląskiego<br />Muzeum Współczesne Wrocław<br /><br />Współorganizatorzy:<br />Galeria BWA w Jeleniej Górze<br />Galeria Sztuki w Legnicy<br /><br />Prace prezentowane na wystawie pochodzą ze zbiorów prywatnych artystów oraz z kolekcji Galerii Stereo, Galerii Le Guern, Galerii Raster, Galerii Leto, Galerii Arsenał w Białymstoku, Galerii aTak, Galerii Wschód, Lubelskiego Towarzystwa Zachęty Sztuk Pięknych, Zachęty – Narodowej Galerii Sztuki</p>								</div>
				</div>
					</div>
		</div>
					</div>
		</section>
				</div>

<p>Tytuł wystawy wiedzie nas w obszar pejzażu dźwiękowego, zjawisk audialnych i akustycznej przestrzeni społecznej człowieka. Hasło „Milczenie dźwięków” jest jednak pretekstem do szerszej analizy pojęcia ciszy, próbą zmierzenia się z jego utopią i paradoksem. Cisza, będąc stanem niedookreślonym, pozwala zaledwie na próby jej wyobrażenia i zbliżenia się do tego nieosiągalnego miejsca: czystej, pustej przestrzeni dźwiękowej [&hellip;]</p>
