{"id":29286,"date":"2014-05-08T09:30:00","date_gmt":"2014-05-08T09:30:00","guid":{"rendered":"https:\/\/muzeumwspolczesne.pl\/?post_type=wystawy&#038;p=29286"},"modified":"2024-04-08T09:33:38","modified_gmt":"2024-04-08T09:33:38","slug":"krzysztof-mezyk-stany-umyslu","status":"publish","type":"wystawy","link":"https:\/\/muzeumwspolczesne.pl\/en\/wystawy\/krzysztof-mezyk-stany-umyslu\/","title":{"rendered":"KRZYSZTOF M\u0118\u017bYK \u2014 STANY UMYS\u0141U"},"content":{"rendered":"\t\t<div data-elementor-type=\"wp-post\" data-elementor-id=\"29286\" class=\"elementor elementor-29286\" data-elementor-post-type=\"wystawy\">\n\t\t\t\t\t\t<section class=\"elementor-section elementor-top-section elementor-element elementor-element-2f1faa8 elementor-section-boxed elementor-section-height-default elementor-section-height-default\" data-id=\"2f1faa8\" data-element_type=\"section\">\n\t\t\t\t\t\t<div class=\"elementor-container elementor-column-gap-default\">\n\t\t\t\t\t<div class=\"elementor-column elementor-col-100 elementor-top-column elementor-element elementor-element-17e99a5\" data-id=\"17e99a5\" data-element_type=\"column\">\n\t\t\t<div class=\"elementor-widget-wrap elementor-element-populated\">\n\t\t\t\t\t\t<div class=\"elementor-element elementor-element-1b9d434 elementor-widget elementor-widget-text-editor\" data-id=\"1b9d434\" data-element_type=\"widget\" data-widget_type=\"text-editor.default\">\n\t\t\t\t<div class=\"elementor-widget-container\">\n\t\t\t\t\t\t\t\t\t<p>\u201eMaciej Monkiewicz: (\u2026) czy okre\u015bli\u0142by\u015b siebie bardziej jako malarza gestu, czy bardziej jako medium przekazuj\u0105ce wra\u017cenia? Bo m\u00f3wisz o rezonowaniu, o rezonansie cia\u0142a. Czy to malarstwo jest bardziej czynno\u015bci\u0105 jakby fizjologiczn\u0105, czy\u2026<br \/>\u00a0\u00a0<br \/>Krzysztof M\u0119\u017cyk: Nie, nie jest. Dlatego, \u017ce za tym idzie pewien stan umys\u0142u, kt\u00f3rego cia\u0142o jest jakim\u015b zewn\u0119trznym poziomem obrazowania. Cia\u0142o jest dla mnie bardziej zewn\u0119trzne w tym sensie, \u017ce przy okazji tak si\u0119 dzieje, \u017ce ja maluj\u0119 w szczeg\u00f3lny spos\u00f3b, \u017ce w taki spos\u00f3b rezonuj\u0119. Ale og\u00f3lnie nie chodzi tu o form\u0119 ta\u0144ca. Jest dla mnie oczywisty pewien spos\u00f3b bycia medium, w sensie wyci\u0105gania ze swojej wra\u017cliwo\u015bci, ze swojego umys\u0142u i ze swojego odczuwania jakich\u015b rzeczy i wyk\u0142adania ich na wierzch. Jest to mi bardziej bliskie, bardziej o to mi chodzi, ni\u017c \u017ceby zapisa\u0107 to, jak ja si\u0119 czu\u0142em fizycznie, lub spos\u00f3b, w jaki dany gest powsta\u0142. (\u2026) Prowadz\u0119 tak\u0105 polemik\u0119 z obrazem, on mi odpowiada, a ja co\u015b w nim zmieniam, i to jest forma relacji ze samym sob\u0105, prowadzenia jakiego\u015b dialogu ze sob\u0105\u2026 No i w\u0142a\u015bnie z jednej strony jest tak, \u017ce dzie\u0142o prowadzi mnie, ale przecie\u017c to ja prowadz\u0119 dzie\u0142o. Wi\u0119c jak to jest naprawd\u0119?\u201d<br \/>\u00a0\u00a0<br \/>Fragment rozmowy z artyst\u0105 zamieszczony w katalogu \u201eKrzysztof M\u0119\u017cyk. Wydobywanie\u201d, kurator wystawy M. Monkiewicz, Warszawa 2012, s. 44, 46.<\/p>\t\t\t\t\t\t\t\t<\/div>\n\t\t\t\t<\/div>\n\t\t\t\t<div class=\"elementor-element elementor-element-2727222 elementor-widget elementor-widget-text-editor\" data-id=\"2727222\" data-element_type=\"widget\" data-widget_type=\"text-editor.default\">\n\t\t\t\t<div class=\"elementor-widget-container\">\n\t\t\t\t\t\t\t\t\t<p><strong>Krzysztof M\u0119\u017cyk<\/strong> &#8211; ur. 1984 Krak\u00f3w. W 2009 uko\u0144czy\u0142 ASP w Krakowie na wydziale malarstwa w pracowni prof. Leszka Misiaka. Laureat pierwszej nagrody og\u00f3lnopolskiego konkursu \u201eWn\u0119trze\u201d (2011) Fundacji Rozwoju Sztuki Zielona Marchewka. Autor wystaw indywidualnych (\u201eStilleben&#8221;, Galeria Zbiornik Kultury, Krak\u00f3w, sierpie\u0144 2010, \u201eGestaltung\u201d, Galeria Floria\u0144ska 22, Krak\u00f3w, kwiecie\u0144 2011, \u201eWydobywanie\u201d, Galeria Fundacji Rozwoju Sztuki Zielona Marchewka, Warszawa, maj 2012, \u201eQualia\u201d, Galeria BWA Sok\u00f3\u0142, Nowy S\u0105cz, lipiec 2013) oraz uczestnik zbiorowych. Artysta wsp\u00f3\u0142pracuje z Fundacj\u0105 Zielona Marchewka i Galeri\u0105 Dawid Radziszewski. Mieszka i pracuje w Krakowie<\/p>\t\t\t\t\t\t\t\t<\/div>\n\t\t\t\t<\/div>\n\t\t\t\t<div class=\"elementor-element elementor-element-bf57ed7 elementor-widget elementor-widget-text-editor\" data-id=\"bf57ed7\" data-element_type=\"widget\" data-widget_type=\"text-editor.default\">\n\t\t\t\t<div class=\"elementor-widget-container\">\n\t\t\t\t\t\t\t\t\t<p style=\"text-align: right;\"><strong>Kurator: Maciej Monkiewicz<\/strong><\/p>\t\t\t\t\t\t\t\t<\/div>\n\t\t\t\t<\/div>\n\t\t\t\t<div class=\"elementor-element elementor-element-2f401cf elementor-widget elementor-widget-text-editor\" data-id=\"2f401cf\" data-element_type=\"widget\" data-widget_type=\"text-editor.default\">\n\t\t\t\t<div class=\"elementor-widget-container\">\n\t\t\t\t\t\t\t\t\t<p style=\"text-align: right;\">Wsp\u00f3\u0142praca: Fundacja Rozwoju Sztuki Zielona Marchewka<\/p>\t\t\t\t\t\t\t\t<\/div>\n\t\t\t\t<\/div>\n\t\t\t\t\t<\/div>\n\t\t<\/div>\n\t\t\t\t\t<\/div>\n\t\t<\/section>\n\t\t\t\t<section class=\"elementor-section elementor-top-section elementor-element elementor-element-47c8230 elementor-section-boxed elementor-section-height-default elementor-section-height-default\" data-id=\"47c8230\" data-element_type=\"section\">\n\t\t\t\t\t\t<div class=\"elementor-container elementor-column-gap-default\">\n\t\t\t\t\t<div class=\"elementor-column elementor-col-100 elementor-top-column elementor-element elementor-element-348720b\" data-id=\"348720b\" data-element_type=\"column\">\n\t\t\t<div class=\"elementor-widget-wrap elementor-element-populated\">\n\t\t\t\t\t\t<div class=\"elementor-element elementor-element-9c9538f elementor-widget elementor-widget-image\" data-id=\"9c9538f\" data-element_type=\"widget\" data-widget_type=\"image.default\">\n\t\t\t\t<div class=\"elementor-widget-container\">\n\t\t\t\t\t\t\t\t\t\t\t\t\t\t\t<img decoding=\"async\" width=\"220\" height=\"112\" src=\"https:\/\/muzeumwspolczesne.pl\/wp-content\/uploads\/2014\/05\/marchew-1-1.jpg\" class=\"attachment-large size-large wp-image-29288\" alt=\"\" srcset=\"https:\/\/muzeumwspolczesne.pl\/wp-content\/uploads\/2014\/05\/marchew-1-1.jpg 220w, https:\/\/muzeumwspolczesne.pl\/wp-content\/uploads\/2014\/05\/marchew-1-1-18x9.jpg 18w\" sizes=\"(max-width: 220px) 100vw, 220px\" \/>\t\t\t\t\t\t\t\t\t\t\t\t\t\t\t<\/div>\n\t\t\t\t<\/div>\n\t\t\t\t\t<\/div>\n\t\t<\/div>\n\t\t\t\t\t<\/div>\n\t\t<\/section>\n\t\t\t\t<\/div>\n\t\t","protected":false},"excerpt":{"rendered":"<p>\u201eMaciej Monkiewicz: (\u2026) czy okre\u015bli\u0142by\u015b siebie bardziej jako malarza gestu, czy bardziej jako medium przekazuj\u0105ce wra\u017cenia? Bo m\u00f3wisz o rezonowaniu, o rezonansie cia\u0142a. Czy to malarstwo jest bardziej czynno\u015bci\u0105 jakby fizjologiczn\u0105, czy\u2026\u00a0\u00a0Krzysztof M\u0119\u017cyk: Nie, nie jest. Dlatego, \u017ce za tym idzie pewien stan umys\u0142u, kt\u00f3rego cia\u0142o jest jakim\u015b zewn\u0119trznym poziomem obrazowania. Cia\u0142o jest dla mnie [&hellip;]<\/p>\n","protected":false},"author":5,"featured_media":0,"parent":0,"template":"","format":"standard","meta":[],"kategorie-wystaw":[37],"class_list":["post-29286","wystawy","type-wystawy","status-publish","format-standard","hentry","kategorie-wystaw-archiwalne"],"_links":{"self":[{"href":"https:\/\/muzeumwspolczesne.pl\/en\/wp-json\/wp\/v2\/wystawy\/29286","targetHints":{"allow":["GET"]}}],"collection":[{"href":"https:\/\/muzeumwspolczesne.pl\/en\/wp-json\/wp\/v2\/wystawy"}],"about":[{"href":"https:\/\/muzeumwspolczesne.pl\/en\/wp-json\/wp\/v2\/types\/wystawy"}],"author":[{"embeddable":true,"href":"https:\/\/muzeumwspolczesne.pl\/en\/wp-json\/wp\/v2\/users\/5"}],"version-history":[{"count":4,"href":"https:\/\/muzeumwspolczesne.pl\/en\/wp-json\/wp\/v2\/wystawy\/29286\/revisions"}],"predecessor-version":[{"id":29291,"href":"https:\/\/muzeumwspolczesne.pl\/en\/wp-json\/wp\/v2\/wystawy\/29286\/revisions\/29291"}],"wp:attachment":[{"href":"https:\/\/muzeumwspolczesne.pl\/en\/wp-json\/wp\/v2\/media?parent=29286"}],"wp:term":[{"taxonomy":"kategorie-wystaw","embeddable":true,"href":"https:\/\/muzeumwspolczesne.pl\/en\/wp-json\/wp\/v2\/kategorie-wystaw?post=29286"}],"curies":[{"name":"wp","href":"https:\/\/api.w.org\/{rel}","templated":true}]}}

KRZYSZTOF MĘŻYK — STANY UMYSŁU

<div data-elementor-type="wp-post" data-elementor-id="29286" class="elementor elementor-29286" data-elementor-post-type="wystawy">
						<section class="elementor-section elementor-top-section elementor-element elementor-element-2f1faa8 elementor-section-boxed elementor-section-height-default elementor-section-height-default" data-id="2f1faa8" data-element_type="section">
						<div class="elementor-container elementor-column-gap-default">
					<div class="elementor-column elementor-col-100 elementor-top-column elementor-element elementor-element-17e99a5" data-id="17e99a5" data-element_type="column">
			<div class="elementor-widget-wrap elementor-element-populated">
						<div class="elementor-element elementor-element-1b9d434 elementor-widget elementor-widget-text-editor" data-id="1b9d434" data-element_type="widget" data-widget_type="text-editor.default">
				<div class="elementor-widget-container">
									<p>„Maciej Monkiewicz: (…) czy określiłbyś siebie bardziej jako malarza gestu, czy bardziej jako medium przekazujące wrażenia? Bo mówisz o rezonowaniu, o rezonansie ciała. Czy to malarstwo jest bardziej czynnością jakby fizjologiczną, czy…<br />  <br />Krzysztof Mężyk: Nie, nie jest. Dlatego, że za tym idzie pewien stan umysłu, którego ciało jest jakimś zewnętrznym poziomem obrazowania. Ciało jest dla mnie bardziej zewnętrzne w tym sensie, że przy okazji tak się dzieje, że ja maluję w szczególny sposób, że w taki sposób rezonuję. Ale ogólnie nie chodzi tu o formę tańca. Jest dla mnie oczywisty pewien sposób bycia medium, w sensie wyciągania ze swojej wrażliwości, ze swojego umysłu i ze swojego odczuwania jakichś rzeczy i wykładania ich na wierzch. Jest to mi bardziej bliskie, bardziej o to mi chodzi, niż żeby zapisać to, jak ja się czułem fizycznie, lub sposób, w jaki dany gest powstał. (…) Prowadzę taką polemikę z obrazem, on mi odpowiada, a ja coś w nim zmieniam, i to jest forma relacji ze samym sobą, prowadzenia jakiegoś dialogu ze sobą… No i właśnie z jednej strony jest tak, że dzieło prowadzi mnie, ale przecież to ja prowadzę dzieło. Więc jak to jest naprawdę?”<br />  <br />Fragment rozmowy z artystą zamieszczony w katalogu „Krzysztof Mężyk. Wydobywanie”, kurator wystawy M. Monkiewicz, Warszawa 2012, s. 44, 46.</p>								</div>
				</div>
				<div class="elementor-element elementor-element-2727222 elementor-widget elementor-widget-text-editor" data-id="2727222" data-element_type="widget" data-widget_type="text-editor.default">
				<div class="elementor-widget-container">
									<p><strong>Krzysztof Mężyk</strong> &#8211; ur. 1984 Kraków. W 2009 ukończył ASP w Krakowie na wydziale malarstwa w pracowni prof. Leszka Misiaka. Laureat pierwszej nagrody ogólnopolskiego konkursu „Wnętrze” (2011) Fundacji Rozwoju Sztuki Zielona Marchewka. Autor wystaw indywidualnych („Stilleben&#8221;, Galeria Zbiornik Kultury, Kraków, sierpień 2010, „Gestaltung”, Galeria Floriańska 22, Kraków, kwiecień 2011, „Wydobywanie”, Galeria Fundacji Rozwoju Sztuki Zielona Marchewka, Warszawa, maj 2012, „Qualia”, Galeria BWA Sokół, Nowy Sącz, lipiec 2013) oraz uczestnik zbiorowych. Artysta współpracuje z Fundacją Zielona Marchewka i Galerią Dawid Radziszewski. Mieszka i pracuje w Krakowie</p>								</div>
				</div>
				<div class="elementor-element elementor-element-bf57ed7 elementor-widget elementor-widget-text-editor" data-id="bf57ed7" data-element_type="widget" data-widget_type="text-editor.default">
				<div class="elementor-widget-container">
									<p style="text-align: right;"><strong>Kurator: Maciej Monkiewicz</strong></p>								</div>
				</div>
				<div class="elementor-element elementor-element-2f401cf elementor-widget elementor-widget-text-editor" data-id="2f401cf" data-element_type="widget" data-widget_type="text-editor.default">
				<div class="elementor-widget-container">
									<p style="text-align: right;">Współpraca: Fundacja Rozwoju Sztuki Zielona Marchewka</p>								</div>
				</div>
					</div>
		</div>
					</div>
		</section>
				<section class="elementor-section elementor-top-section elementor-element elementor-element-47c8230 elementor-section-boxed elementor-section-height-default elementor-section-height-default" data-id="47c8230" data-element_type="section">
						<div class="elementor-container elementor-column-gap-default">
					<div class="elementor-column elementor-col-100 elementor-top-column elementor-element elementor-element-348720b" data-id="348720b" data-element_type="column">
			<div class="elementor-widget-wrap elementor-element-populated">
						<div class="elementor-element elementor-element-9c9538f elementor-widget elementor-widget-image" data-id="9c9538f" data-element_type="widget" data-widget_type="image.default">
				<div class="elementor-widget-container">
															<img decoding="async" width="220" height="112" src="https://muzeumwspolczesne.pl/wp-content/uploads/2014/05/marchew-1-1.jpg" class="attachment-large size-large wp-image-29288" alt="" srcset="https://muzeumwspolczesne.pl/wp-content/uploads/2014/05/marchew-1-1.jpg 220w, https://muzeumwspolczesne.pl/wp-content/uploads/2014/05/marchew-1-1-18x9.jpg 18w" sizes="(max-width: 220px) 100vw, 220px" />															</div>
				</div>
					</div>
		</div>
					</div>
		</section>
				</div>

<p>„Maciej Monkiewicz: (…) czy określiłbyś siebie bardziej jako malarza gestu, czy bardziej jako medium przekazujące wrażenia? Bo mówisz o rezonowaniu, o rezonansie ciała. Czy to malarstwo jest bardziej czynnością jakby fizjologiczną, czy…  Krzysztof Mężyk: Nie, nie jest. Dlatego, że za tym idzie pewien stan umysłu, którego ciało jest jakimś zewnętrznym poziomem obrazowania. Ciało jest dla mnie [&hellip;]</p>
