{"id":29748,"date":"2012-01-15T08:26:00","date_gmt":"2012-01-15T08:26:00","guid":{"rendered":"https:\/\/muzeumwspolczesne.pl\/?post_type=wystawy&#038;p=29748"},"modified":"2024-04-15T08:28:46","modified_gmt":"2024-04-15T08:28:46","slug":"nowe-szczyty-kartografia-przyszlej-struktury-wszechogarniajacej-1","status":"publish","type":"wystawy","link":"https:\/\/muzeumwspolczesne.pl\/en\/wystawy\/nowe-szczyty-kartografia-przyszlej-struktury-wszechogarniajacej-1\/","title":{"rendered":"\u201eNOWE SZCZYTY \u2014 KARTOGRAFIA PRZYSZ\u0141EJ STRUKTURY WSZECHOGARNIAJ\u0104CEJ #1\u201d"},"content":{"rendered":"\t\t<div data-elementor-type=\"wp-post\" data-elementor-id=\"29748\" class=\"elementor elementor-29748\" data-elementor-post-type=\"wystawy\">\n\t\t\t\t\t\t<section class=\"elementor-section elementor-top-section elementor-element elementor-element-8038c39 elementor-section-boxed elementor-section-height-default elementor-section-height-default\" data-id=\"8038c39\" data-element_type=\"section\">\n\t\t\t\t\t\t<div class=\"elementor-container elementor-column-gap-default\">\n\t\t\t\t\t<div class=\"elementor-column elementor-col-100 elementor-top-column elementor-element elementor-element-87bc526\" data-id=\"87bc526\" data-element_type=\"column\">\n\t\t\t<div class=\"elementor-widget-wrap elementor-element-populated\">\n\t\t\t\t\t\t<div class=\"elementor-element elementor-element-c095e49 elementor-widget elementor-widget-text-editor\" data-id=\"c095e49\" data-element_type=\"widget\" data-widget_type=\"text-editor.default\">\n\t\t\t\t<div class=\"elementor-widget-container\">\n\t\t\t\t\t\t\t\t\t<p>Punktem wyj\u015bcia jest panorama jako produkt my\u015bli XIX wieku i refleksja nad zachodz\u0105cymi w owym czasie procesami globalizacyjnymi. Olga Lewicka rozumie holistyczn\u0105, wszechogarniaj\u0105c\u0105 form\u0119 nowego medium jako estetyczny wyraz prze\u0142omowego momentu, w kt\u00f3rym \u00f3wczesny system ekonomiczno-polityczny znalaz\u0142 swoje \u2013 wtedy jeszcze bezkrytyczne \u2013 prze\u0142o\u017cenie na sfer\u0119 sztuki. Globalizacja jawi\u0142a si\u0119 tam jako triumf jednostki nad obserwowanym z bezpiecznego dystansu, ju\u017c skolonizowanym \u015bwiatem i natur\u0105. Obserwator ulokowany zosta\u0142 w centrum percypowanego uniwersum, jednocze\u015bnie poddaj\u0105c si\u0119 iluzji, kreowanej przez optyczny mechanizm panoramy.<\/p><p>Uczestnicy akcji konfrontowani s\u0105 z iluzj\u0105, kt\u00f3ra kolejno jest tworzona i denuncjowana. Wielop\u0142aszczyznowe traktowanie medium panoramy czyni z niej w tym dzia\u0142aniu no\u015bnik szerokiego spektrum tre\u015bci i odniesie\u0144, kt\u00f3re po\u0142\u0105czone zostaj\u0105 wsp\u00f3lnym mianownikiem okr\u0105g\u0142ej formy. Odbywa si\u0119 to na p\u0142aszczy\u017anie dos\u0142ownej i przez alegoryczne znaczenia, jakie ta forma konotuje.<\/p><p>Temat przedstawienia Panoramy Rac\u0142awickiej prowokuje do poruszenia kwestii mit\u00f3w narodowych i koresponduje z inn\u0105 przestrzeni\u0105, w kt\u00f3rej ma miejsce akcja: siedzib\u0105 Muzeum Wsp\u00f3\u0142czesnego Wroc\u0142aw, budynku pierwotnie pe\u0142ni\u0105cego funkcj\u0119 niemieckiego schronu przeciwlotniczego \u2013 skonstruowanego r\u00f3wnie\u017c na planie ko\u0142a. Pojawiaj\u0105 si\u0119 pytania o formy partycypacji w sztuce i nasze osobiste wsp\u00f3\u0142uczestnictwo w aktualnym systemie kapitalistycznym. A przez nawi\u0105zanie do postaci Buckminstera Fullera \u2013 o wsp\u00f3lny, globalny ruch w uniwersum na innym obiekcie na planie ko\u0142a, Statku Kosmicznym Ziemia.<\/p><p>Szczeg\u00f3\u0142owy program wydarzenia znajd\u0105 Pa\u0144stwo w\u00a0<a href=\"https:\/\/muzeumwspolczesne.pl\/pub\/panorama_pol.pdf\" target=\"_self\">za\u0142\u0105czonym pliku.<\/a><\/p>\t\t\t\t\t\t\t\t<\/div>\n\t\t\t\t<\/div>\n\t\t\t\t<div class=\"elementor-element elementor-element-d830e76 elementor-widget elementor-widget-text-editor\" data-id=\"d830e76\" data-element_type=\"widget\" data-widget_type=\"text-editor.default\">\n\t\t\t\t<div class=\"elementor-widget-container\">\n\t\t\t\t\t\t\t\t\t<p>Dzia\u0142anie artystyczne Olgi Lewickiej stanowi pierwsz\u0105 ods\u0142on\u0119 serii wydarze\u0144 wok\u00f3\u0142 jej ksi\u0105\u017cki &#8222;Panorama. Materials for Mapping a Prospective All-Embracing Structure&#8221; (pol. &#8222;Panorama. Materia\u0142y do Kartografii Przysz\u0142ej Struktury Wszechogarniaj\u0105cej&#8221;), opublikowanej przez Wydawnictwo Morava w 2011 roku. Akcja powsta\u0142a we wsp\u00f3\u0142pracy z teoretykiem medi\u00f3w Carstenem Zornem.<br \/><br \/>Ca\u0142odzienne dzia\u0142anie, odbywaj\u0105ce si\u0119 we wroc\u0142awskiej Panoramie Rac\u0142awickiej i Muzeum Wsp\u00f3\u0142czesnym Wroc\u0142aw, zosta\u0142o podzielone na dwa etapy. Uprzejmie informujemy, \u017ce liczba uczestnik\u00f3w pierwszej cz\u0119\u015bci, rozgrywaj\u0105cej si\u0119 w przestrzeniach Panoramy, jest ograniczona do 45 os\u00f3b z przyczyn technicznych. Wszystkich zainteresowanych prosimy o rejestracj\u0119 pod adresem a.grabarczyk@muzeumwspolczesne.pl lub telefonicznie: +48 696 893 345. Etap drugi, na kt\u00f3ry zapraszamy do siedziby Muzeum Wsp\u00f3\u0142czesnego Wroc\u0142aw, to wydarzenie otwarte.<br \/><br \/>W ca\u0142odniowym wydarzeniu udzia\u0142 wezm\u0105: Michail Adamis, Carson Chan, Agata Karpiel, Justyna Kowalska, Dorota Monkiewicz, Romuald Nowak, Kari Rittenbach, Borys Roman, Piotr Zakeusz, Honza Zamojski, Carsten Zorn.<\/p>\t\t\t\t\t\t\t\t<\/div>\n\t\t\t\t<\/div>\n\t\t\t\t<div class=\"elementor-element elementor-element-ef8fe50 elementor-widget elementor-widget-text-editor\" data-id=\"ef8fe50\" data-element_type=\"widget\" data-widget_type=\"text-editor.default\">\n\t\t\t\t<div class=\"elementor-widget-container\">\n\t\t\t\t\t\t\t\t\t<p style=\"text-align: right;\"><strong>Kuratorka: Alicja Grabarczyk<\/strong><\/p>\t\t\t\t\t\t\t\t<\/div>\n\t\t\t\t<\/div>\n\t\t\t\t\t<\/div>\n\t\t<\/div>\n\t\t\t\t\t<\/div>\n\t\t<\/section>\n\t\t\t\t<section class=\"elementor-section elementor-top-section elementor-element elementor-element-172ee29 elementor-section-boxed elementor-section-height-default elementor-section-height-default\" data-id=\"172ee29\" data-element_type=\"section\">\n\t\t\t\t\t\t<div class=\"elementor-container elementor-column-gap-default\">\n\t\t\t\t\t<div class=\"elementor-column elementor-col-20 elementor-top-column elementor-element elementor-element-40ad0b7\" data-id=\"40ad0b7\" data-element_type=\"column\">\n\t\t\t<div class=\"elementor-widget-wrap elementor-element-populated\">\n\t\t\t\t\t\t<div class=\"elementor-element elementor-element-6424401 elementor-widget elementor-widget-image\" data-id=\"6424401\" data-element_type=\"widget\" data-widget_type=\"image.default\">\n\t\t\t\t<div class=\"elementor-widget-container\">\n\t\t\t\t\t\t\t\t\t\t\t\t\t\t\t<img decoding=\"async\" width=\"90\" height=\"57\" src=\"https:\/\/muzeumwspolczesne.pl\/wp-content\/uploads\/2012\/01\/mkidn-1.jpg\" class=\"attachment-large size-large wp-image-29751\" alt=\"\" srcset=\"https:\/\/muzeumwspolczesne.pl\/wp-content\/uploads\/2012\/01\/mkidn-1.jpg 90w, https:\/\/muzeumwspolczesne.pl\/wp-content\/uploads\/2012\/01\/mkidn-1-18x12.jpg 18w\" sizes=\"(max-width: 90px) 100vw, 90px\" \/>\t\t\t\t\t\t\t\t\t\t\t\t\t\t\t<\/div>\n\t\t\t\t<\/div>\n\t\t\t\t\t<\/div>\n\t\t<\/div>\n\t\t\t\t<div class=\"elementor-column elementor-col-20 elementor-top-column elementor-element elementor-element-562100a\" data-id=\"562100a\" data-element_type=\"column\">\n\t\t\t<div class=\"elementor-widget-wrap\">\n\t\t\t\t\t\t\t<\/div>\n\t\t<\/div>\n\t\t\t\t<div class=\"elementor-column elementor-col-20 elementor-top-column elementor-element elementor-element-4a21019\" data-id=\"4a21019\" data-element_type=\"column\">\n\t\t\t<div class=\"elementor-widget-wrap\">\n\t\t\t\t\t\t\t<\/div>\n\t\t<\/div>\n\t\t\t\t<div class=\"elementor-column elementor-col-20 elementor-top-column elementor-element elementor-element-717ddc1\" data-id=\"717ddc1\" data-element_type=\"column\">\n\t\t\t<div class=\"elementor-widget-wrap\">\n\t\t\t\t\t\t\t<\/div>\n\t\t<\/div>\n\t\t\t\t<div class=\"elementor-column elementor-col-20 elementor-top-column elementor-element elementor-element-190c692\" data-id=\"190c692\" data-element_type=\"column\">\n\t\t\t<div class=\"elementor-widget-wrap\">\n\t\t\t\t\t\t\t<\/div>\n\t\t<\/div>\n\t\t\t\t\t<\/div>\n\t\t<\/section>\n\t\t\t\t<\/div>\n\t\t","protected":false},"excerpt":{"rendered":"<p>Punktem wyj\u015bcia jest panorama jako produkt my\u015bli XIX wieku i refleksja nad zachodz\u0105cymi w owym czasie procesami globalizacyjnymi. Olga Lewicka rozumie holistyczn\u0105, wszechogarniaj\u0105c\u0105 form\u0119 nowego medium jako estetyczny wyraz prze\u0142omowego momentu, w kt\u00f3rym \u00f3wczesny system ekonomiczno-polityczny znalaz\u0142 swoje \u2013 wtedy jeszcze bezkrytyczne \u2013 prze\u0142o\u017cenie na sfer\u0119 sztuki. Globalizacja jawi\u0142a si\u0119 tam jako triumf jednostki nad [&hellip;]<\/p>\n","protected":false},"author":5,"featured_media":29749,"parent":0,"template":"","format":"standard","meta":[],"kategorie-wystaw":[37],"class_list":["post-29748","wystawy","type-wystawy","status-publish","format-standard","has-post-thumbnail","hentry","kategorie-wystaw-archiwalne"],"_links":{"self":[{"href":"https:\/\/muzeumwspolczesne.pl\/en\/wp-json\/wp\/v2\/wystawy\/29748","targetHints":{"allow":["GET"]}}],"collection":[{"href":"https:\/\/muzeumwspolczesne.pl\/en\/wp-json\/wp\/v2\/wystawy"}],"about":[{"href":"https:\/\/muzeumwspolczesne.pl\/en\/wp-json\/wp\/v2\/types\/wystawy"}],"author":[{"embeddable":true,"href":"https:\/\/muzeumwspolczesne.pl\/en\/wp-json\/wp\/v2\/users\/5"}],"version-history":[{"count":4,"href":"https:\/\/muzeumwspolczesne.pl\/en\/wp-json\/wp\/v2\/wystawy\/29748\/revisions"}],"predecessor-version":[{"id":29754,"href":"https:\/\/muzeumwspolczesne.pl\/en\/wp-json\/wp\/v2\/wystawy\/29748\/revisions\/29754"}],"wp:featuredmedia":[{"embeddable":true,"href":"https:\/\/muzeumwspolczesne.pl\/en\/wp-json\/wp\/v2\/media\/29749"}],"wp:attachment":[{"href":"https:\/\/muzeumwspolczesne.pl\/en\/wp-json\/wp\/v2\/media?parent=29748"}],"wp:term":[{"taxonomy":"kategorie-wystaw","embeddable":true,"href":"https:\/\/muzeumwspolczesne.pl\/en\/wp-json\/wp\/v2\/kategorie-wystaw?post=29748"}],"curies":[{"name":"wp","href":"https:\/\/api.w.org\/{rel}","templated":true}]}}

„NOWE SZCZYTY — KARTOGRAFIA PRZYSZŁEJ STRUKTURY WSZECHOGARNIAJĄCEJ #1”

<div data-elementor-type="wp-post" data-elementor-id="29748" class="elementor elementor-29748" data-elementor-post-type="wystawy">
						<section class="elementor-section elementor-top-section elementor-element elementor-element-8038c39 elementor-section-boxed elementor-section-height-default elementor-section-height-default" data-id="8038c39" data-element_type="section">
						<div class="elementor-container elementor-column-gap-default">
					<div class="elementor-column elementor-col-100 elementor-top-column elementor-element elementor-element-87bc526" data-id="87bc526" data-element_type="column">
			<div class="elementor-widget-wrap elementor-element-populated">
						<div class="elementor-element elementor-element-c095e49 elementor-widget elementor-widget-text-editor" data-id="c095e49" data-element_type="widget" data-widget_type="text-editor.default">
				<div class="elementor-widget-container">
									<p>Punktem wyjścia jest panorama jako produkt myśli XIX wieku i refleksja nad zachodzącymi w owym czasie procesami globalizacyjnymi. Olga Lewicka rozumie holistyczną, wszechogarniającą formę nowego medium jako estetyczny wyraz przełomowego momentu, w którym ówczesny system ekonomiczno-polityczny znalazł swoje – wtedy jeszcze bezkrytyczne – przełożenie na sferę sztuki. Globalizacja jawiła się tam jako triumf jednostki nad obserwowanym z bezpiecznego dystansu, już skolonizowanym światem i naturą. Obserwator ulokowany został w centrum percypowanego uniwersum, jednocześnie poddając się iluzji, kreowanej przez optyczny mechanizm panoramy.</p><p>Uczestnicy akcji konfrontowani są z iluzją, która kolejno jest tworzona i denuncjowana. Wielopłaszczyznowe traktowanie medium panoramy czyni z niej w tym działaniu nośnik szerokiego spektrum treści i odniesień, które połączone zostają wspólnym mianownikiem okrągłej formy. Odbywa się to na płaszczyźnie dosłownej i przez alegoryczne znaczenia, jakie ta forma konotuje.</p><p>Temat przedstawienia Panoramy Racławickiej prowokuje do poruszenia kwestii mitów narodowych i koresponduje z inną przestrzenią, w której ma miejsce akcja: siedzibą Muzeum Współczesnego Wrocław, budynku pierwotnie pełniącego funkcję niemieckiego schronu przeciwlotniczego – skonstruowanego również na planie koła. Pojawiają się pytania o formy partycypacji w sztuce i nasze osobiste współuczestnictwo w aktualnym systemie kapitalistycznym. A przez nawiązanie do postaci Buckminstera Fullera – o wspólny, globalny ruch w uniwersum na innym obiekcie na planie koła, Statku Kosmicznym Ziemia.</p><p>Szczegółowy program wydarzenia znajdą Państwo w <a href="https://muzeumwspolczesne.pl/pub/panorama_pol.pdf" target="_self">załączonym pliku.</a></p>								</div>
				</div>
				<div class="elementor-element elementor-element-d830e76 elementor-widget elementor-widget-text-editor" data-id="d830e76" data-element_type="widget" data-widget_type="text-editor.default">
				<div class="elementor-widget-container">
									<p>Działanie artystyczne Olgi Lewickiej stanowi pierwszą odsłonę serii wydarzeń wokół jej książki &#8222;Panorama. Materials for Mapping a Prospective All-Embracing Structure&#8221; (pol. &#8222;Panorama. Materiały do Kartografii Przyszłej Struktury Wszechogarniającej&#8221;), opublikowanej przez Wydawnictwo Morava w 2011 roku. Akcja powstała we współpracy z teoretykiem mediów Carstenem Zornem.<br /><br />Całodzienne działanie, odbywające się we wrocławskiej Panoramie Racławickiej i Muzeum Współczesnym Wrocław, zostało podzielone na dwa etapy. Uprzejmie informujemy, że liczba uczestników pierwszej części, rozgrywającej się w przestrzeniach Panoramy, jest ograniczona do 45 osób z przyczyn technicznych. Wszystkich zainteresowanych prosimy o rejestrację pod adresem a.grabarczyk@muzeumwspolczesne.pl lub telefonicznie: +48 696 893 345. Etap drugi, na który zapraszamy do siedziby Muzeum Współczesnego Wrocław, to wydarzenie otwarte.<br /><br />W całodniowym wydarzeniu udział wezmą: Michail Adamis, Carson Chan, Agata Karpiel, Justyna Kowalska, Dorota Monkiewicz, Romuald Nowak, Kari Rittenbach, Borys Roman, Piotr Zakeusz, Honza Zamojski, Carsten Zorn.</p>								</div>
				</div>
				<div class="elementor-element elementor-element-ef8fe50 elementor-widget elementor-widget-text-editor" data-id="ef8fe50" data-element_type="widget" data-widget_type="text-editor.default">
				<div class="elementor-widget-container">
									<p style="text-align: right;"><strong>Kuratorka: Alicja Grabarczyk</strong></p>								</div>
				</div>
					</div>
		</div>
					</div>
		</section>
				<section class="elementor-section elementor-top-section elementor-element elementor-element-172ee29 elementor-section-boxed elementor-section-height-default elementor-section-height-default" data-id="172ee29" data-element_type="section">
						<div class="elementor-container elementor-column-gap-default">
					<div class="elementor-column elementor-col-20 elementor-top-column elementor-element elementor-element-40ad0b7" data-id="40ad0b7" data-element_type="column">
			<div class="elementor-widget-wrap elementor-element-populated">
						<div class="elementor-element elementor-element-6424401 elementor-widget elementor-widget-image" data-id="6424401" data-element_type="widget" data-widget_type="image.default">
				<div class="elementor-widget-container">
															<img decoding="async" width="90" height="57" src="https://muzeumwspolczesne.pl/wp-content/uploads/2012/01/mkidn-1.jpg" class="attachment-large size-large wp-image-29751" alt="" srcset="https://muzeumwspolczesne.pl/wp-content/uploads/2012/01/mkidn-1.jpg 90w, https://muzeumwspolczesne.pl/wp-content/uploads/2012/01/mkidn-1-18x12.jpg 18w" sizes="(max-width: 90px) 100vw, 90px" />															</div>
				</div>
					</div>
		</div>
				<div class="elementor-column elementor-col-20 elementor-top-column elementor-element elementor-element-562100a" data-id="562100a" data-element_type="column">
			<div class="elementor-widget-wrap">
							</div>
		</div>
				<div class="elementor-column elementor-col-20 elementor-top-column elementor-element elementor-element-4a21019" data-id="4a21019" data-element_type="column">
			<div class="elementor-widget-wrap">
							</div>
		</div>
				<div class="elementor-column elementor-col-20 elementor-top-column elementor-element elementor-element-717ddc1" data-id="717ddc1" data-element_type="column">
			<div class="elementor-widget-wrap">
							</div>
		</div>
				<div class="elementor-column elementor-col-20 elementor-top-column elementor-element elementor-element-190c692" data-id="190c692" data-element_type="column">
			<div class="elementor-widget-wrap">
							</div>
		</div>
					</div>
		</section>
				</div>

<p>Punktem wyjścia jest panorama jako produkt myśli XIX wieku i refleksja nad zachodzącymi w owym czasie procesami globalizacyjnymi. Olga Lewicka rozumie holistyczną, wszechogarniającą formę nowego medium jako estetyczny wyraz przełomowego momentu, w którym ówczesny system ekonomiczno-polityczny znalazł swoje – wtedy jeszcze bezkrytyczne – przełożenie na sferę sztuki. Globalizacja jawiła się tam jako triumf jednostki nad [&hellip;]</p>
